000
CXUS55 KDVN 011000
CF6DVN
PRELIMINARY LOCAL CLIMATOLOGICAL DATA (WS FORM: F-6)
STATION: DAVENPORT IA
MONTH: MAY
YEAR: 2022
LATITUDE: 41 37 N
LONGITUDE: 90 35 W
TEMPERATURE IN F: :PCPN: SNOW: WIND :SUNSHINE: SKY :PK WND
================================================================================
1 2 3 4 5 6A 6B 7 8 9 10 11 12 13 14 15 16 17 18
12Z AVG MX 2MIN
DY MAX MIN AVG DEP HDD CDD WTR SNW DPTH SPD SPD DIR MIN PSBL S-S WX SPD DR
================================================================================
1 52 46 49 -7 16 0 T 0.0 0 17.0 26 260 M M 10 18 35 240
2 57 45 51 -5 14 0 0.01 0.0 0 8.9 20 290 M M 8 1 26 290
3 51 40 46 -11 19 0 0.88 0.0 0 16.1 26 40 M M 9 18 33 40
4 61 36 49 -8 16 0 0.00 0.0 0 7.4 14 100 M M 1 19 360
5 58 49 54 -4 11 0 0.04 0.0 0 10.2 18 70 M M 8 18 24 70
6 60 45 53 -5 12 0 0.05 0.0 0 13.8 26 30 M M 7 1 37 30
7 70 42 56 -2 9 0 0.00 0.0 0 9.5 16 120 M M 0 23 130
8 71 50 61 2 4 0 T 0.0 0 18.4 30 130 M M 2 41 130
9 88 60 74 15 0 9 0.00 0.0 0 22.2 35 160 M M 2 46 140
10 92 72 82 23 0 17 0.00 0.0 0 13.7 23 170 M M 1 31 190
11 96 71 84 24 0 19 0.00 0.0 0 9.8 20 160 M M 2 18 26 190
12 97 75 86 26 0 21 0.00 0.0 0 14.4 25 160 M M 0 18 32 150
13 93 65 79 18 0 14 0.01 0.0 0 9.9 25 310 M M 2 8 34 300
14 88 61 75 14 0 10 T 0.0 0 4.2 12 170 M M 0 21 270
15 72 56 64 3 1 0 0.04 0.0 0 9.2 30 290 M M 4 45 280
16 82 49 66 4 0 1 0.00 0.0 0 12.7 32 300 M M 1 45 300
17 72 49 61 -1 4 0 0.05 0.0 0 8.5 17 100 M M 4 22 110
18 74 54 64 1 1 0 0.08 0.0 0 9.2 17 70 M M 6 13 23 60
19 89 60 75 12 0 10 0.00 0.0 0 14.0 26 170 M M 1 1 35 160
20 75 58 67 4 0 2 T 0.0 0 10.3 22 320 M M 8 18 30 200
21 67 48 58 -6 7 0 0.02 0.0 0 8.7 18 310 M M 5 24 310
22 68 40 54 -10 11 0 0.00 0.0 0 10.8 21 320 M M 1 37 290
23 68 42 55 -9 10 0 0.00 0.0 0 7.6 17 100 M M 1 24 90
24 71 51 61 -4 4 0 0.18 0.0 0 13.6 24 70 M M 8 33 60
25 75 51 63 -2 2 0 1.12 0.0 0 11.8 31 220 M M 9 13 42 220
26 77 60 69 3 0 4 0.22 0.0 0 6.1 25 300 M M 7 13 29 300
27 69 55 62 -4 3 0 0.03 0.0 0 9.9 20 340 M M 7 1 26 340
28 78 53 66 0 0 1 0.00 0.0 0 14.3 26 150 M M 0 35 130
29 89 65 77 10 0 12 0.00 0.0 0 20.6 35 170 M M 0 48 170
30 91 71 81 14 0 16 0.00 0.0 0 21.9 33 170 M M 0 49 170
31 82 71 77 10 0 12 0.04 0.0 0 13.7 26 190 M M 5 38 180
================================================================================
SM 2333 1690 144 148 2.77 0.0 378.4 M 119
================================================================================
AV 75.3 54.5 12.2 FASTST M M 4 MAX(MPH)
MISC ----> # 35 160 49 170
================================================================================
NOTES:
# LAST OF SEVERAL OCCURRENCES
COLUMN 17 PEAK WIND IN M.P.H.
PRELIMINARY LOCAL CLIMATOLOGICAL DATA (WS FORM: F-6) , PAGE 2
STATION: DAVENPORT IA
MONTH: MAY
YEAR: 2022
LATITUDE: 41 37 N
LONGITUDE: 90 35 W
[TEMPERATURE DATA] [PRECIPITATION DATA] SYMBOLS USED IN COLUMN 16
AVERAGE MONTHLY: 64.9 TOTAL FOR MONTH: 2.77 1 = FOG OR MIST
DPTR FM NORMAL: 3.2 DPTR FM NORMAL: -2.05 2 = FOG REDUCING VISIBILITY
HIGHEST: 97 ON 12 GRTST 24HR 1.30 ON 24-25 TO 1/4 MILE OR LESS
LOWEST: 36 ON 4 3 = THUNDER
SNOW, ICE PELLETS, HAIL 4 = ICE PELLETS
TOTAL MONTH: 0.0 INCH 5 = HAIL
GRTST 24HR 0.0 6 = FREEZING RAIN OR DRIZZLE
GRTST DEPTH: 0 7 = DUSTSTORM OR SANDSTORM:
VSBY 1/2 MILE OR LESS
8 = SMOKE OR HAZE
[NO. OF DAYS WITH] [WEATHER - DAYS WITH] 9 = BLOWING SNOW
X = TORNADO
MAX 32 OR BELOW: 0 0.01 INCH OR MORE: 14
MAX 90 OR ABOVE: 5 0.10 INCH OR MORE: 4
MIN 32 OR BELOW: 0 0.50 INCH OR MORE: 2
MIN 0 OR BELOW: 0 1.00 INCH OR MORE: 1
[HDD (BASE 65) ]
TOTAL THIS MO. 144 CLEAR (SCALE 0-3) 16
DPTR FM NORMAL -26 PTCLDY (SCALE 4-7) 11
TOTAL FM JUL 1 6056 CLOUDY (SCALE 8-10) 4
DPTR FM NORMAL -251
[CDD (BASE 65) ]
TOTAL THIS MO. 148
DPTR FM NORMAL 79 [PRESSURE DATA]
TOTAL FM JAN 1 155 HIGHEST SLP 30.38 ON 23
DPTR FM NORMAL 76 LOWEST SLP 29.32 ON 20
[REMARKS]
#FINAL-05-22#