000
CXUS55 KDVN 011100
CF6DVN
PRELIMINARY LOCAL CLIMATOLOGICAL DATA (WS FORM: F-6)
STATION: DAVENPORT IA
MONTH: NOVEMBER
YEAR: 2021
LATITUDE: 41 37 N
LONGITUDE: 90 35 W
TEMPERATURE IN F: :PCPN: SNOW: WIND :SUNSHINE: SKY :PK WND
================================================================================
1 2 3 4 5 6A 6B 7 8 9 10 11 12 13 14 15 16 17 18
12Z AVG MX 2MIN
DY MAX MIN AVG DEP HDD CDD WTR SNW DPTH SPD SPD DIR MIN PSBL S-S WX SPD DR
================================================================================
1 48 29 39 -7 26 0 0.00 0.0 0 9.3 21 280 M M 1 18 29 260
2 48 25 37 -8 28 0 0.00 0.0 0 8.1 21 290 M M 4 29 280
3 47 21 34 -11 31 0 0.00 0.0 0 3.5 8 320 M M 2 13 270
4 53 33 43 -1 22 0 0.00 0.0 0 7.8 15 200 M M 6 19 210
5 53 30 42 -2 23 0 0.00 0.0 0 12.4 22 190 M M 0 31 170
6 62 38 50 7 15 0 0.00 0.0 0 10.2 15 180 M M 0 21 180
7 67 40 54 11 11 0 0.00 0.0 0 12.7 22 190 M M 0 34 210
8 66 43 55 13 10 0 0.00 0.0 0 5.8 16 180 M M 0 8 23 180
9 63 41 52 10 13 0 0.00 0.0 0 9.2 20 50 M M 2 25 50
10 56 38 47 5 18 0 T 0.0 0 13.3 24 120 M M 4 18 30 150
11 57 39 48 7 17 0 0.34 0.0 0 16.9 32 260 M M 7 1 43 250
12 39 34 37 -4 28 0 0.06 T 0 17.7 31 250 M M 9 1 40 240
13 37 33 35 -5 30 0 0.02 0.2 0 13.3 21 280 M M 10 1 28 280
14 40 30 35 -5 30 0 0.00 0.0 0 17.7 31 310 M M 9 42 320
15 39 29 34 -5 31 0 T T 0 7.8 15 130 M M 5 21 100
16 58 29 44 5 21 0 0.00 0.0 0 14.4 22 150 M M 0 1 32 150
17 60 32 46 8 19 0 0.00 0.0 0 14.2 25 330 M M 4 1 33 340
18 33 22 28 -10 37 0 T T 0 15.5 28 290 M M 4 39 280
19 42 17 30 -8 35 0 0.00 0.0 0 10.4 22 150 M M 2 29 150
20 54 35 45 8 20 0 0.00 0.0 0 8.2 20 170 M M 3 8 26 160
21 56 25 41 4 24 0 T 0.0 0 14.6 36 310 M M 4 8 49 310
22 36 18 27 -9 38 0 0.00 0.0 0 8.3 17 280 M M 1 8 22 290
23 50 20 35 -1 30 0 0.00 0.0 0 13.9 24 170 M M 0 8 36 170
24 56 40 48 13 17 0 0.00 0.0 0 15.8 25 170 M M 1 38 170
25 43 14 29 -6 36 0 0.00 0.0 0 16.6 26 300 M M 5 35 300
26 36 13 25 -10 40 0 0.00 0.0 0 8.5 18 140 M M 4 24 110
27 55 28 42 8 23 0 T 0.0 0 10.5 21 330 M M 3 27 340
28 42 21 32 -2 33 0 0.00 0.0 0 10.9 24 320 M M 0 31 320
29 53 26 40 7 25 0 0.00 0.0 0 11.8 25 200 M M 4 33 210
30 56 30 43 10 22 0 0.00 0.0 0 7.5 13 300 M M 0 19 280
================================================================================
SM 1505 873 753 0 0.42 0.2 346.8 M 94
================================================================================
AV 50.2 29.1 11.6 FASTST M M 3 MAX(MPH)
MISC ----> 36 310 49 310
================================================================================
NOTES:
# LAST OF SEVERAL OCCURRENCES
COLUMN 17 PEAK WIND IN M.P.H.
PRELIMINARY LOCAL CLIMATOLOGICAL DATA (WS FORM: F-6) , PAGE 2
STATION: DAVENPORT IA
MONTH: NOVEMBER
YEAR: 2021
LATITUDE: 41 37 N
LONGITUDE: 90 35 W
[TEMPERATURE DATA] [PRECIPITATION DATA] SYMBOLS USED IN COLUMN 16
AVERAGE MONTHLY: 39.6 TOTAL FOR MONTH: 0.42 1 = FOG OR MIST
DPTR FM NORMAL: 0.4 DPTR FM NORMAL: -1.83 2 = FOG REDUCING VISIBILITY
HIGHEST: 67 ON 7 GRTST 24HR 0.37 ON 11-12 TO 1/4 MILE OR LESS
LOWEST: 13 ON 26 3 = THUNDER
SNOW, ICE PELLETS, HAIL 4 = ICE PELLETS
TOTAL MONTH: 0.2 INCH 5 = HAIL
GRTST 24HR 0.2 ON 13-13 6 = FREEZING RAIN OR DRIZZLE
GRTST DEPTH: 0 7 = DUSTSTORM OR SANDSTORM:
VSBY 1/2 MILE OR LESS
8 = SMOKE OR HAZE
[NO. OF DAYS WITH] [WEATHER - DAYS WITH] 9 = BLOWING SNOW
X = TORNADO
MAX 32 OR BELOW: 0 0.01 INCH OR MORE: 3
MAX 90 OR ABOVE: 0 0.10 INCH OR MORE: 1
MIN 32 OR BELOW: 19 0.50 INCH OR MORE: 0
MIN 0 OR BELOW: 0 1.00 INCH OR MORE: 0
[HDD (BASE 65) ]
TOTAL THIS MO. 753 CLEAR (SCALE 0-3) 15
DPTR FM NORMAL -23 PTCLDY (SCALE 4-7) 12
TOTAL FM JUL 1 1034 CLOUDY (SCALE 8-10) 3
DPTR FM NORMAL -261
[CDD (BASE 65) ]
TOTAL THIS MO. 0
DPTR FM NORMAL 0 [PRESSURE DATA]
TOTAL FM JAN 1 1098 HIGHEST SLP M ON M
DPTR FM NORMAL 219 LOWEST SLP 29.49 ON 11
[REMARKS]
#FINAL-11-21#