000
CXUS55 KDVN 011000
CF6DVN
PRELIMINARY LOCAL CLIMATOLOGICAL DATA (WS FORM: F-6)
STATION: DAVENPORT IA
MONTH: JUNE
YEAR: 2021
LATITUDE: 41 37 N
LONGITUDE: 90 35 W
TEMPERATURE IN F: :PCPN: SNOW: WIND :SUNSHINE: SKY :PK WND
================================================================================
1 2 3 4 5 6A 6B 7 8 9 10 11 12 13 14 15 16 17 18
12Z AVG MX 2MIN
DY MAX MIN AVG DEP HDD CDD WTR SNW DPTH SPD SPD DIR MIN PSBL S-S WX SPD DR
================================================================================
1 77 51 64 -4 1 0 0.00 0.0 0 4.7 12 190 M M 4 12 20 190
2 81 53 67 -1 0 2 0.00 0.0 0 2.5 12 100 M M 2 18 50
3 89 54 72 4 0 7 0.00 0.0 0 8.8 17 280 M M 0 24 230
4 89 64 77 8 0 12 0.00 0.0 0 11.5 21 200 M M 0 28 210
5 92 68 80 11 0 15 0.00 0.0 0 12.4 20 210 M M 0 26 210
6 88 66 77 8 0 12 0.00 0.0 0 10.9 22 190 M M 2 29 180
7 86 70 78 9 0 13 0.70 0.0 0 8.2 16 60 M M 3 3 23 60
8 87 70 79 9 0 14 0.01 0.0 0 5.3 18 70 M M 2 3 27 60
9 89 68 79 9 0 14 0.00 0.0 0 4.8 14 120 M M 1 18 60
10 91 70 81 11 0 16 0.00 0.0 0 3.7 17 110 M M 1 3 24 60
11 93 71 82 12 0 17 0.00 0.0 0 4.5 18 270 M M 1 3 24 260
12 91 63 77 6 0 12 0.00 0.0 0 9.2 18 330 M M 0 26 330
13 90 58 74 3 0 9 0.00 0.0 0 6.2 14 10 M M 0 19 330
14 85 63 74 3 0 9 0.00 0.0 0 9.1 18 10 M M 0 26 350
15 87 55 71 0 0 6 0.00 0.0 0 6.8 16 50 M M 0 8 23 350
16 84 57 71 -1 0 6 0.00 0.0 0 6.3 13 130 M M 0 17 130
17 92 64 78 6 0 13 0.01 0.0 0 12.9 21 190 M M 1 34 170
18 91 69 80 8 0 15 0.03 0.0 0 8.2 20 200 M M 1 38 28 190
19 91 64 78 6 0 13 0.00 0.0 0 9.4 18 180 M M 0 25 180
20 81 63 72 0 0 7 0.68 0.0 0 8.3 30 330 M M 4 138 42 330
21 71 49 60 -12 5 0 0.00 0.0 0 13.6 24 310 M M 4 34 320
22 77 46 62 -10 3 0 0.05 0.0 0 8.7 18 200 M M 2 3 27 230
23 81 61 71 -2 0 6 0.99 0.0 0 15.2 29 180 M M 6 1 39 180
24 80 67 74 1 0 9 0.56 0.0 0 11.7 18 170 M M 7 138 29 200
25 81 69 75 2 0 10 0.30 0.0 0 7.6 20 240 M M 8 13 29 240
26 81 71 76 3 0 11 0.10 0.0 0 10.8 20 210 M M 7 1 27 210
27 82 68 75 2 0 10 T 0.0 0 7.0 16 240 M M 7 23 250
28 80 71 76 3 0 11 0.13 0.0 0 4.6 12 210 M M 7 1 15 190
29 76 72 74 1 0 9 0.13 0.0 0 5.5 13 240 M M 7 13 17 260
30 85 70 78 5 0 13 T 0.0 0 4.5 9 280 M M 4 12 13 260
================================================================================
SM 2548 1905 9 291 3.69 0.0 242.9 M 81
================================================================================
AV 84.9 63.5 8.1 FASTST M M 3 MAX(MPH)
MISC ----> 30 330 42 330
================================================================================
NOTES:
# LAST OF SEVERAL OCCURRENCES
COLUMN 17 PEAK WIND IN M.P.H.
PRELIMINARY LOCAL CLIMATOLOGICAL DATA (WS FORM: F-6) , PAGE 2
STATION: DAVENPORT IA
MONTH: JUNE
YEAR: 2021
LATITUDE: 41 37 N
LONGITUDE: 90 35 W
[TEMPERATURE DATA] [PRECIPITATION DATA] SYMBOLS USED IN COLUMN 16
AVERAGE MONTHLY: 74.2 TOTAL FOR MONTH: 3.69 1 = FOG OR MIST
DPTR FM NORMAL: 3.1 DPTR FM NORMAL: -1.04 2 = FOG REDUCING VISIBILITY
HIGHEST: 93 ON 11 GRTST 24HR 1.04 ON 22-23 TO 1/4 MILE OR LESS
LOWEST: 46 ON 22 3 = THUNDER
SNOW, ICE PELLETS, HAIL 4 = ICE PELLETS
TOTAL MONTH: 0.0 INCH 5 = HAIL
GRTST 24HR 0.0 6 = FREEZING RAIN OR DRIZZLE
GRTST DEPTH: 0 7 = DUSTSTORM OR SANDSTORM:
VSBY 1/2 MILE OR LESS
8 = SMOKE OR HAZE
[NO. OF DAYS WITH] [WEATHER - DAYS WITH] 9 = BLOWING SNOW
X = TORNADO
MAX 32 OR BELOW: 0 0.01 INCH OR MORE: 12
MAX 90 OR ABOVE: 8 0.10 INCH OR MORE: 8
MIN 32 OR BELOW: 0 0.50 INCH OR MORE: 4
MIN 0 OR BELOW: 0 1.00 INCH OR MORE: 0
[HDD (BASE 65) ]
TOTAL THIS MO. 9 CLEAR (SCALE 0-3) 19
DPTR FM NORMAL -9 PTCLDY (SCALE 4-7) 11
TOTAL FM JUL 1 6272 CLOUDY (SCALE 8-10) 0
DPTR FM NORMAL -51
[CDD (BASE 65) ]
TOTAL THIS MO. 291
DPTR FM NORMAL 90 [PRESSURE DATA]
TOTAL FM JAN 1 389 HIGHEST SLP 30.24 ON 1
DPTR FM NORMAL 109 LOWEST SLP 29.47 ON 20
[REMARKS]
#FINAL-06-21#