000
CXUS55 KDVN 011100
CF6DVN
PRELIMINARY LOCAL CLIMATOLOGICAL DATA (WS FORM: F-6)
STATION: DAVENPORT IA
MONTH: DECEMBER
YEAR: 2020
LATITUDE: 41 37 N
LONGITUDE: 90 35 W
TEMPERATURE IN F: :PCPN: SNOW: WIND :SUNSHINE: SKY :PK WND
================================================================================
1 2 3 4 5 6A 6B 7 8 9 10 11 12 13 14 15 16 17 18
12Z AVG MX 2MIN
DY MAX MIN AVG DEP HDD CDD WTR SNW DPTH SPD SPD DIR MIN PSBL S-S WX SPD DR
================================================================================
1 38 13 26 -5 39 0 0.00 0.0 0 5.4 12 300 M M 0 18 320
2 45 14 30 0 35 0 0.00 0.0 0 4.7 9 260 M M 0 8 11 270
3 41 22 32 2 33 0 0.00 0.0 0 9.4 17 260 M M 0 23 260
4 46 23 35 6 30 0 0.00 0.0 0 8.9 15 250 M M 0 18 20 240
5 45 21 33 4 32 0 0.00 0.0 0 4.4 10 150 M M 2 18 14 150
6 43 27 35 7 30 0 T T 0 4.9 10 270 M M 7 18 14 270
7 34 31 33 5 32 0 0.00 0.0 0 4.6 10 30 M M 10 16 30
8 36 31 34 6 31 0 0.00 0.0 0 8.8 15 220 M M 8 18 20 210
9 56 28 42 15 23 0 0.00 0.0 0 5.9 13 240 M M 0 18 230
10 60 27 44 17 21 0 0.00 0.0 0 5.7 13 180 M M 0 1 17 160
11 41 34 38 12 27 0 0.49 0.0 0 15.4 28 50 M M 7 18 39 50
12 36 28 32 6 33 0 0.28 1.5 0 14.4 28 50 M M 10 1 37 50
13 31 24 28 2 37 0 T T 1 8.9 22 290 M M 6 29 280
14 27 19 23 -2 42 0 0.00 0.0 T 9.2 14 300 M M 2 19 320
15 28 20 24 -1 41 0 0.00 0.0 T 9.4 15 40 M M 1 18 70
16 32 18 25 0 40 0 0.00 0.0 T 7.1 13 30 M M 6 18 16 30
17 31 14 23 -1 42 0 0.00 0.0 T 3.4 9 260 M M 4 18 12 270
18 41 29 35 11 30 0 0.00 0.0 T 14.5 24 180 M M 5 8 34 170
19 41 30 36 12 29 0 T 0.0 0 10.3 22 190 M M 9 18 29 200
20 39 24 32 8 33 0 0.00 0.0 0 8.9 16 170 M M 4 18 21 180
21 46 30 38 15 27 0 0.00 0.0 0 18.0 36 280 M M 4 47 290
22 47 20 34 11 31 0 0.00 0.0 0 13.0 28 180 M M 2 41 170
23 60 15 38 15 27 0 T T 0 26.1 36 240 M M 7 8 49 150
24 15 7 11 -12 54 0 T T 0 19.8 36 280 M M 5 8 49 280
25 22 4 13 -9 52 0 T T 0 11.7 20 250 M M 0 26 310
26 37 15 26 4 39 0 0.00 0.0 0 6.1 14 250 M M 0 20 260
27 46 23 35 13 30 0 0.02 0.8 0 11.4 21 290 M M 2 14 29 300
28 26 10 18 -4 47 0 T T 1 9.0 21 310 M M 4 27 310
29 33 11 22 0 43 0 1.42 9.1 1 13.8 31 120 M M 6 126 41 140
30 34 18 26 4 39 0 0.08 T 7 16.3 28 280 M M 8 16 36 270
31 26 19 23 1 42 0 0.00 0.0 6 5.0 15 120 M M 10 18 19 120
================================================================================
SM 1183 649 1091 0 2.29 11.4 314.4 M 129
================================================================================
AV 38.2 20.9 10.1 FASTST M M 4 MAX(MPH)
MISC ----> # 36 280 # 49 150
================================================================================
NOTES:
# LAST OF SEVERAL OCCURRENCES
COLUMN 17 PEAK WIND IN M.P.H.
PRELIMINARY LOCAL CLIMATOLOGICAL DATA (WS FORM: F-6) , PAGE 2
STATION: DAVENPORT IA
MONTH: DECEMBER
YEAR: 2020
LATITUDE: 41 37 N
LONGITUDE: 90 35 W
[TEMPERATURE DATA] [PRECIPITATION DATA] SYMBOLS USED IN COLUMN 16
AVERAGE MONTHLY: 29.5 TOTAL FOR MONTH: 2.29 1 = FOG OR MIST
DPTR FM NORMAL: 4.2 DPTR FM NORMAL: 0.56 2 = FOG REDUCING VISIBILITY
HIGHEST: 60 ON 23,10 GRTST 24HR 1.42 ON 29-29 TO 1/4 MILE OR LESS
LOWEST: 4 ON 25 3 = THUNDER
SNOW, ICE PELLETS, HAIL 4 = ICE PELLETS
TOTAL MONTH: 11.4 INCHES 5 = HAIL
GRTST 24HR 9.1 ON 29-29 6 = FREEZING RAIN OR DRIZZLE
GRTST DEPTH: 7 ON 30 7 = DUSTSTORM OR SANDSTORM:
VSBY 1/2 MILE OR LESS
8 = SMOKE OR HAZE
[NO. OF DAYS WITH] [WEATHER - DAYS WITH] 9 = BLOWING SNOW
X = TORNADO
MAX 32 OR BELOW: 9 0.01 INCH OR MORE: 5
MAX 90 OR ABOVE: 0 0.10 INCH OR MORE: 3
MIN 32 OR BELOW: 30 0.50 INCH OR MORE: 1
MIN 0 OR BELOW: 0 1.00 INCH OR MORE: 1
[HDD (BASE 65) ]
TOTAL THIS MO. 1091 CLEAR (SCALE 0-3) 13
DPTR FM NORMAL -141 PTCLDY (SCALE 4-7) 13
TOTAL FM JUL 1 2298 CLOUDY (SCALE 8-10) 5
DPTR FM NORMAL -282
[CDD (BASE 65) ]
TOTAL THIS MO. 0
DPTR FM NORMAL 0 [PRESSURE DATA]
TOTAL FM JAN 1 960 HIGHEST SLP 30.57 ON 29
DPTR FM NORMAL 174 LOWEST SLP 29.35 ON 23
[REMARKS]
#FINAL-12-20#