000
CXUS55 KDVN 011404
CF6DVN
PRELIMINARY LOCAL CLIMATOLOGICAL DATA (WS FORM: F-6)
STATION: DAVENPORT IA
MONTH: OCTOBER
YEAR: 2020
LATITUDE: 41 37 N
LONGITUDE: 90 35 W
TEMPERATURE IN F: :PCPN: SNOW: WIND :SUNSHINE: SKY :PK WND
================================================================================
1 2 3 4 5 6A 6B 7 8 9 10 11 12 13 14 15 16 17 18
12Z AVG MX 2MIN
DY MAX MIN AVG DEP HDD CDD WTR SNW DPTH SPD SPD DIR MIN PSBL S-S WX SPD DR
================================================================================
1 58 45 52 -5 13 0 0.06 0.0 0 9.5 21 320 M M 8 34 310
2 58 36 47 -10 18 0 0.00 0.0 0 3.1 8 320 M M 3 12 250
3 52 43 48 -8 17 0 0.11 0.0 0 2.8 9 360 M M 9 13 350
4 58 34 46 -10 19 0 0.00 0.0 0 5.6 16 360 M M 1 1 25 350
5 65 33 49 -7 16 0 0.00 0.0 0 11.6 24 180 M M 0 39 190
6 78 50 64 9 1 0 0.00 0.0 0 9.4 21 280 M M 0 28 270
7 80 47 64 9 1 0 0.00 0.0 0 6.6 15 320 M M 0 23 210
8 75 42 59 5 6 0 0.00 0.0 0 6.2 12 120 M M 0 16 120
9 82 52 67 13 0 2 0.00 0.0 0 10.9 24 190 M M 0 33 180
10 80 55 68 14 0 3 0.00 0.0 0 9.5 22 90 M M 1 29 100
11 81 53 67 13 0 2 0.00 0.0 0 9.5 16 130 M M 2 24 140
12 69 39 54 1 11 0 0.02 0.0 0 13.3 26 300 M M 3 1 40 300
13 73 38 56 3 9 0 0.00 0.0 0 10.2 25 280 M M 0 38 270
14 79 38 59 7 6 0 T 0.0 0 16.0 29 260 M M 1 46 240
15 55 35 45 -7 20 0 0.00 0.0 0 13.6 26 300 M M 0 37 290
16 57 33 45 -7 20 0 T T 0 10.1 26 270 M M 2 37 270
17 66 37 52 1 13 0 T 0.0 0 14.4 29 210 M M 6 43 210
18 58 36 47 -4 18 0 0.12 T 0 8.6 18 340 M M 6 1 30 340
19 40 31 36 -15 29 0 0.04 0.2 0 8.2 16 20 M M 9 1 22 60
20 49 30 40 -10 25 0 0.05 0.0 0 8.9 20 110 M M 7 18 26 100
21 55 42 49 -1 16 0 0.39 0.0 0 7.6 16 280 M M 9 138 23 280
22 79 44 62 12 3 0 1.80 0.0 0 13.6 25 180 M M 7 123 35 190
23 51 38 45 -4 20 0 0.19 0.0 0 14.6 23 320 M M 10 1 30 340
24 42 33 38 -11 27 0 0.00 0.0 0 5.3 10 30 M M 7 14 350
25 40 33 37 -11 28 0 0.01 0.1 0 12.6 18 20 M M 9 1 23 10
26 34 30 32 -16 33 0 0.04 0.4 T 7.8 15 340 M M 10 1 20 350
27 37 27 32 -16 33 0 0.00 0.0 0 6.5 10 250 M M 8 14 270
28 50 25 38 -9 27 0 0.00 0.0 0 6.8 15 230 M M 0 22 210
29 48 32 40 -7 25 0 0.00 0.0 0 11.2 20 10 M M 7 27 10
30 48 29 39 -8 26 0 0.00 0.0 0 5.3 13 120 M M 4 16 110
31 64 33 49 3 16 0 0.00 0.0 0 16.7 26 200 M M 2 37 170
================================================================================
SM 1861 1173 496 7 2.83 0.7 296.0 M 131
================================================================================
AV 60.0 37.8 9.5 FASTST M M 4 MAX(MPH)
MISC ----> # 29 260 46 240
================================================================================
NOTES:
# LAST OF SEVERAL OCCURRENCES
COLUMN 17 PEAK WIND IN M.P.H.
PRELIMINARY LOCAL CLIMATOLOGICAL DATA (WS FORM: F-6) , PAGE 2
STATION: DAVENPORT IA
MONTH: OCTOBER
YEAR: 2020
LATITUDE: 41 37 N
LONGITUDE: 90 35 W
[TEMPERATURE DATA] [PRECIPITATION DATA] SYMBOLS USED IN COLUMN 16
AVERAGE MONTHLY: 48.9 TOTAL FOR MONTH: 2.83 1 = FOG OR MIST
DPTR FM NORMAL: -2.8 DPTR FM NORMAL: -0.14 2 = FOG REDUCING VISIBILITY
HIGHEST: 82 ON 9 GRTST 24HR 2.19 ON 21-22 TO 1/4 MILE OR LESS
LOWEST: 25 ON 28 3 = THUNDER
SNOW, ICE PELLETS, HAIL 4 = ICE PELLETS
TOTAL MONTH: 0.7 INCH 5 = HAIL
GRTST 24HR 0.4 ON 26-26 6 = FREEZING RAIN OR DRIZZLE
GRTST DEPTH: T 7 = DUSTSTORM OR SANDSTORM:
VSBY 1/2 MILE OR LESS
8 = SMOKE OR HAZE
[NO. OF DAYS WITH] [WEATHER - DAYS WITH] 9 = BLOWING SNOW
X = TORNADO
MAX 32 OR BELOW: 0 0.01 INCH OR MORE: 11
MAX 90 OR ABOVE: 0 0.10 INCH OR MORE: 5
MIN 32 OR BELOW: 7 0.50 INCH OR MORE: 1
MIN 0 OR BELOW: 0 1.00 INCH OR MORE: 1
[HDD (BASE 65) ]
TOTAL THIS MO. 496 CLEAR (SCALE 0-3) 15
DPTR FM NORMAL 71 PTCLDY (SCALE 4-7) 10
TOTAL FM JUL 1 600 CLOUDY (SCALE 8-10) 6
DPTR FM NORMAL 41
[CDD (BASE 65) ]
TOTAL THIS MO. 7
DPTR FM NORMAL -5 [PRESSURE DATA]
TOTAL FM JAN 1 956 HIGHEST SLP 30.40 ON 26
DPTR FM NORMAL 170 LOWEST SLP 29.51 ON 14
[REMARKS]
#FINAL-10-20#
NOTE: SUPPLEMENTAL CLIMATE DATA WAS USED FROM A
NEARBY CLIMATOLOGICALLY REPRESENTATIVE STATION.
PARAMETER DATE
--------- ----
SNW ALL OBSERVED SNW ABOVE