000
CXUS55 KDVN 011100
CF6DVN
PRELIMINARY LOCAL CLIMATOLOGICAL DATA (WS FORM: F-6)
STATION: DAVENPORT IA
MONTH: FEBRUARY
YEAR: 2020
LATITUDE: 41 37 N
LONGITUDE: 90 35 W
TEMPERATURE IN F: :PCPN: SNOW: WIND :SUNSHINE: SKY :PK WND
================================================================================
1 2 3 4 5 6A 6B 7 8 9 10 11 12 13 14 15 16 17 18
12Z AVG MX 2MIN
DY MAX MIN AVG DEP HDD CDD WTR SNW DPTH SPD SPD DIR MIN PSBL S-S WX SPD DR
================================================================================
1 37 33 35 13 30 0 T T 5 12.1 20 200 M M 8 128 28 200
2 48 30 39 16 26 0 0.00 0.0 3 12.0 23 250 M M 0 29 250
3 42 27 35 12 30 0 0.00 0.0 1 12.4 20 70 M M 2 26 60
4 36 27 32 9 33 0 0.00 0.0 T 16.0 28 30 M M 6 34 20
5 29 24 27 4 38 0 T T T 11.9 20 40 M M 10 23 30
6 35 21 28 5 37 0 T 0.2 T 6.9 14 360 M M 3 17 350
7 36 18 27 3 38 0 T 0.1 T 4.8 14 220 M M 5 23 180
8 31 22 27 3 38 0 T T T 8.9 18 250 M M 6 18 22 250
9 37 26 32 8 33 0 0.13 T T 14.6 25 330 M M 10 1468 33 170
10 36 23 30 6 35 0 0.00 0.0 0 5.6 17 350 M M 3 1 22 360
11 33 21 27 2 38 0 0.00 0.0 0 9.3 21 300 M M 1 18 26 290
12 35 23 29 4 36 0 0.16 2.5 0 8.7 17 290 M M 5 18 22 280
13 29 -5 12 -13 53 0 0.01 0.3 3 17.4 26 300 M M 6 18 33 300
14 13 -10 2 -24 63 0 0.00 0.0 2 8.9 20 160 M M 0 25 160
15 37 13 25 -1 40 0 0.00 0.0 2 15.0 26 190 M M 6 36 190
16 44 17 31 5 34 0 0.00 0.0 T 5.4 12 110 M M 4 12 15 150
17 38 32 35 8 30 0 0.08 T 0 9.5 22 280 M M 10 12468 30 280
18 36 21 29 2 36 0 0.00 0.0 0 17.5 26 280 M M 4 18 35 280
19 25 14 20 -7 45 0 T T 0 9.3 16 340 M M 4 21 330
20 23 6 15 -13 50 0 0.00 0.0 0 8.0 18 350 M M 1 8 23 340
21 39 9 24 -4 41 0 0.00 0.0 0 12.2 22 200 M M 0 8 30 220
22 52 29 41 13 24 0 0.00 0.0 0 13.1 22 190 M M 0 27 190
23 58 32 45 16 20 0 0.00 0.0 0 9.8 17 250 M M 0 22 200
24 42 32 37 8 28 0 0.00 0.0 0 12.1 21 40 M M 2 27 40
25 38 32 35 5 30 0 T T 0 17.1 25 30 M M 7 34 20
26 34 23 29 -1 36 0 T T 0 15.9 24 340 M M 8 32 350
27 35 19 27 -3 38 0 T T 0 9.0 21 290 M M 4 29 300
28 30 16 23 -8 42 0 0.03 0.7 T 8.5 22 310 M M 6 18 29 300
29 43 9 26 -5 39 0 0.00 0.0 0 9.3 20 170 M M 0 26 170
================================================================================
SM 1051 584 1061 0 0.41 3.8 321.2 M 121
================================================================================
AV 36.2 20.1 11.1 FASTST M M 4 MAX(MPH)
MISC ----> # 28 30 # 36 190
================================================================================
NOTES:
# LAST OF SEVERAL OCCURRENCES
COLUMN 17 PEAK WIND IN M.P.H.
PRELIMINARY LOCAL CLIMATOLOGICAL DATA (WS FORM: F-6) , PAGE 2
STATION: DAVENPORT IA
MONTH: FEBRUARY
YEAR: 2020
LATITUDE: 41 37 N
LONGITUDE: 90 35 W
[TEMPERATURE DATA] [PRECIPITATION DATA] SYMBOLS USED IN COLUMN 16
AVERAGE MONTHLY: 28.2 TOTAL FOR MONTH: 0.41 1 = FOG OR MIST
DPTR FM NORMAL: 2.1 DPTR FM NORMAL: -0.93 2 = FOG REDUCING VISIBILITY
HIGHEST: 58 ON 23 GRTST 24HR 0.16 ON 12-12 TO 1/4 MILE OR LESS
LOWEST: -10 ON 14 3 = THUNDER
SNOW, ICE PELLETS, HAIL 4 = ICE PELLETS
TOTAL MONTH: 3.8 INCHES 5 = HAIL
GRTST 24HR 2.5 ON 12-12 6 = FREEZING RAIN OR DRIZZLE
GRTST DEPTH: 5 ON 1 7 = DUSTSTORM OR SANDSTORM:
VSBY 1/2 MILE OR LESS
8 = SMOKE OR HAZE
[NO. OF DAYS WITH] [WEATHER - DAYS WITH] 9 = BLOWING SNOW
X = TORNADO
MAX 32 OR BELOW: 7 0.01 INCH OR MORE: 5
MAX 90 OR ABOVE: 0 0.10 INCH OR MORE: 2
MIN 32 OR BELOW: 28 0.50 INCH OR MORE: 0
MIN 0 OR BELOW: 2 1.00 INCH OR MORE: 0
[HDD (BASE 65) ]
TOTAL THIS MO. 1061 CLEAR (SCALE 0-3) 10
DPTR FM NORMAL -28 PTCLDY (SCALE 4-7) 15
TOTAL FM JUL 1 4668 CLOUDY (SCALE 8-10) 4
DPTR FM NORMAL -391
[CDD (BASE 65) ]
TOTAL THIS MO. 0
DPTR FM NORMAL 0 [PRESSURE DATA]
TOTAL FM JAN 1 0 HIGHEST SLP 30.82 ON 20
DPTR FM NORMAL 0 LOWEST SLP 29.56 ON 2
[REMARKS]
#FINAL-02-20#