000
CXUS54 KMAF 011110
CF6E38
PRELIMINARY LOCAL CLIMATOLOGICAL DATA (WS FORM: F-6)
STATION: ALPINE-CASPARIS MUNICIPAL
MONTH: OCTOBER
YEAR: 2022
LATITUDE: 30 23 N
LONGITUDE: 103 41 W
TEMPERATURE IN F: :PCPN: SNOW: WIND :SUNSHINE: SKY :PK WND
================================================================================
1 2 3 4 5 6A 6B 7 8 9 10 11 12 13 14 15 16 17 18
12Z AVG MX 2MIN
DY MAX MIN AVG DEP HDD CDD WTR SNW DPTH SPD SPD DIR MIN PSBL S-S WX SPD DR
================================================================================
1 81 52 67 M 0 2 M M M 5.7 13 150 M M 1 17 130
2 79 51 65 M 0 0 M M M 6.1 14 100 M M 0 20 120
3 80 50 65 M 0 0 M M M 4.6 10 150 M M 0 M M
4 81 55 68 M 0 3 M M M 5.4 18 340 M M 2 24 340
5 76 50 63 M 2 0 0.08 M M 3.8 12 320 M M 3 25 290
6 74 48 61 M 4 0 M M M 3.8 12 60 M M 4 17 60
7 73 51 62 M 3 0 M M M 6.1 14 130 M M 8 22 120
8 68 48 58 M 7 0 0.03 M M 4.6 10 130 M M 4 17 100
9 76 51 64 M 1 0 0.18 M M 4.6 14 350 M M 6 3 22 170
10 75 52 64 M 1 0 0.98 M M 7.7 23 310 M M 6 29 310
11 77 52 65 M 0 0 M M M 7.6 15 200 M M 1 18 200
12 81 54 68 M 0 3 M M M 5.1 10 40 M M 0 16 290
13 80 50 65 M 0 0 M M M 4.5 9 40 M M 1 M M
14 80 54 67 M 0 2 M M M 5.1 12 210 M M 0 17 150
15 85 56 71 M 0 6 0.02 M M 6.9 14 210 M M 2 17 220
16 73 56 65 M 0 0 0.22 M M 6.2 16 10 M M 9 24 360
17 56 46 51 M 14 0 0.17 M M 10.3 14 50 M M 10 18 40
18 56 43 50 M 15 0 0.03 M M 4.7 9 40 M M 9 M M
19 69 40 55 M 10 0 M M M 2.1 8 40 M M 2 M M
20 75 46 61 M 4 0 M M M 4.5 12 230 M M 0 M M
21 81 48 65 M 0 0 M M M 8.7 16 270 M M 0 24 270
22 83 54 69 M 0 4 M M M 6.9 10 190 M M 0 17 230
23 82 62 72 M 0 7 M M M 9.5 18 210 M M 0 24 210
24 75 47 61 M 4 0 M M M 14.6 33 290 M M 1 45 290
25 70 36 53 M 12 0 0.03 M M 7.2 17 M M M 0 22 M
26 76 43 60 M 5 0 M M M 7.8 12 240 M M 0 16 240
27 76 47 62 M 3 0 M M M 9.9 20 250 M M 0 36 250
28 62 42 52 M 13 0 M M M 9.4 17 10 M M 3 26 340
29 66 35 51 M 14 0 M M M 2.7 7 60 M M 0 M M
30 72 38 55 M 10 0 M M M 4.4 9 130 M M 0 M M
31 67 44 56 M 9 0 0.01 M M 3.9 9 360 M M 4 M M
================================================================================
SM 2305 1501 131 27 1.75 M 194.4 M 76
================================================================================
AV 74.4 48.4 6.3 FASTST M M 2 MAX(MPH)
MISC ----> 33 290 45 290
================================================================================
NOTES:
# LAST OF SEVERAL OCCURRENCES
COLUMN 17 PEAK WIND IN M.P.H.
PRELIMINARY LOCAL CLIMATOLOGICAL DATA (WS FORM: F-6) , PAGE 2
STATION: ALPINE-CASPARIS MUNICIPAL
MONTH: OCTOBER
YEAR: 2022
LATITUDE: 30 23 N
LONGITUDE: 103 41 W
[TEMPERATURE DATA] [PRECIPITATION DATA] SYMBOLS USED IN COLUMN 16
AVERAGE MONTHLY: 61.4 TOTAL FOR MONTH: 1.75 1 = FOG OR MIST
DPTR FM NORMAL: 0.0 DPTR FM NORMAL: M 2 = FOG REDUCING VISIBILITY
HIGHEST: 85 ON 15 GRTST 24HR 0.98 ON 10-10 TO 1/4 MILE OR LESS
LOWEST: 35 ON 29 3 = THUNDER
SNOW, ICE PELLETS, HAIL 4 = ICE PELLETS
TOTAL MONTH: M 5 = HAIL
GRTST 24HR M ON M 6 = FREEZING RAIN OR DRIZZLE
GRTST DEPTH: M ON M 7 = DUSTSTORM OR SANDSTORM:
VSBY 1/2 MILE OR LESS
8 = SMOKE OR HAZE
[NO. OF DAYS WITH] [WEATHER - DAYS WITH] 9 = BLOWING SNOW
X = TORNADO
MAX 32 OR BELOW: 0 0.01 INCH OR MORE: 10
MAX 90 OR ABOVE: 0 0.10 INCH OR MORE: 4
MIN 32 OR BELOW: 0 0.50 INCH OR MORE: 1
MIN 0 OR BELOW: 0 1.00 INCH OR MORE: 0
[HDD (BASE 65) ]
TOTAL THIS MO. 131 CLEAR (SCALE 0-3) 21
DPTR FM NORMAL M PTCLDY (SCALE 4-7) 6
TOTAL FM JUL 1 138 CLOUDY (SCALE 8-10) 4
DPTR FM NORMAL M
[CDD (BASE 65) ]
TOTAL THIS MO. 27
DPTR FM NORMAL M [PRESSURE DATA]
TOTAL FM JAN 1 2028 HIGHEST SLP M ON M
DPTR FM NORMAL M LOWEST SLP M ON M
[REMARKS]
#FINAL-10-22#