000
CXUS56 KOTX 010910
CF6EAT
PRELIMINARY LOCAL CLIMATOLOGICAL DATA (WS FORM: F-6)
STATION: WENATCHEE WA PANGBORN FIELD
MONTH: JUNE
YEAR: 2022
LATITUDE: 47 23 N
LONGITUDE: 120 12 W
TEMPERATURE IN F: :PCPN: SNOW: WIND :SUNSHINE: SKY :PK WND
================================================================================
1 2 3 4 5 6A 6B 7 8 9 10 11 12 13 14 15 16 17 18
12Z AVG MX 2MIN
DY MAX MIN AVG DEP HDD CDD WTR SNW DPTH SPD SPD DIR MIN PSBL S-S WX SPD DR
================================================================================
1 75 51 63 -1 2 0 T M M 8.3 17 320 M M 4 23 320
2 78 56 67 3 0 2 0.29 M M 9.9 26 310 M M 4 13 33 310
3 67 54 61 -3 4 0 0.05 M M 7.3 16 310 M M 7 13 20 320
4 65 54 60 -4 5 0 T M M 6.4 16 130 M M 10 20 130
5 68 54 61 -3 4 0 0.43 M M 8.5 20 290 M M 6 13 26 300
6 72 49 61 -3 4 0 0.00 M M 13.9 26 300 M M 0 34 290
7 73 48 61 -4 4 0 0.00 M M 7.3 18 130 M M 1 29 150
8 78 58 68 3 0 3 0.00 M M 7.8 17 310 M M 1 20 310
9 65 55 60 -5 5 0 0.05 M M 9.0 20 310 M M 8 23 320
10 75 54 65 0 0 0 0.15 M M 5.9 16 300 M M 3 1 18 300
11 77 54 66 1 0 1 0.00 M M 10.5 25 290 M M 1 32 250
12 68 50 59 -7 6 0 0.23 M M 10.6 24 290 M M 6 1 32 300
13 67 49 58 -8 7 0 T M M 20.5 41 310 M M 5 48 310
14 65 49 57 -9 8 0 0.00 M M 17.2 31 290 M M 3 37 290
15 69 47 58 -8 7 0 T M M 6.1 14 330 M M 1 19 330
16 74 51 63 -3 2 0 0.01 M M 7.2 17 300 M M 3 22 280
17 71 56 64 -3 1 0 T M M 13.0 25 310 M M 4 29 310
18 74 52 63 -4 2 0 T M M 12.8 23 310 M M 3 27 310
19 76 55 66 -1 0 1 0.00 M M 14.8 28 300 M M 4 35 290
20 80 54 67 0 0 2 0.00 M M 12.7 29 310 M M 0 32 300
21 85 55 70 2 0 5 0.00 M M 8.4 21 310 M M 0 24 310
22 83 60 72 4 0 7 0.00 M M 12.6 24 300 M M 0 28 310
23 78 58 68 0 0 3 0.00 M M 10.2 21 310 M M 1 24 300
24 80 51 66 -2 0 1 0.00 M M 7.4 14 310 M M 0 18 340
25 84 55 70 1 0 5 0.00 M M 5.0 14 150 M M 0 20 120
26 91 58 75 6 0 10 0.00 M M 5.5 12 280 M M 0 14 290
27 96 60 78 9 0 13 0.00 M M 6.9 18 320 M M 0 22 320
28 86 58 72 2 0 7 T M M 13.7 26 280 M M 1 32 280
29 82 57 70 0 0 5 0.00 M M 10.4 22 300 M M 0 26 300
30 85 57 71 1 0 6 0.00 M M 7.7 15 300 M M 0 19 310
================================================================================
SM 2287 1619 61 71 1.21 M 297.5 M 76
================================================================================
AV 76.2 54.0 9.9 FASTST M M 3 MAX(MPH)
MISC ----> 41 310 48 310
================================================================================
NOTES:
# LAST OF SEVERAL OCCURRENCES
COLUMN 17 PEAK WIND IN M.P.H.
PRELIMINARY LOCAL CLIMATOLOGICAL DATA (WS FORM: F-6) , PAGE 2
STATION: WENATCHEE WA PANGBORN FIELD
MONTH: JUNE
YEAR: 2022
LATITUDE: 47 23 N
LONGITUDE: 120 12 W
[TEMPERATURE DATA] [PRECIPITATION DATA] SYMBOLS USED IN COLUMN 16
AVERAGE MONTHLY: 65.1 TOTAL FOR MONTH: 1.21 1 = FOG OR MIST
DPTR FM NORMAL: -1.4 DPTR FM NORMAL: 0.71 2 = FOG REDUCING VISIBILITY
HIGHEST: 96 ON 27 GRTST 24HR 0.43 ON 5- 5 TO 1/4 MILE OR LESS
LOWEST: 47 ON 15 3 = THUNDER
SNOW, ICE PELLETS, HAIL 4 = ICE PELLETS
TOTAL MONTH: M 5 = HAIL
GRTST 24HR M ON M 6 = FREEZING RAIN OR DRIZZLE
GRTST DEPTH: M ON M 7 = DUSTSTORM OR SANDSTORM:
VSBY 1/2 MILE OR LESS
8 = SMOKE OR HAZE
[NO. OF DAYS WITH] [WEATHER - DAYS WITH] 9 = BLOWING SNOW
X = TORNADO
MAX 32 OR BELOW: 0 0.01 INCH OR MORE: 7
MAX 90 OR ABOVE: 2 0.10 INCH OR MORE: 4
MIN 32 OR BELOW: 0 0.50 INCH OR MORE: 0
MIN 0 OR BELOW: 0 1.00 INCH OR MORE: 0
[HDD (BASE 65) ]
TOTAL THIS MO. 61 CLEAR (SCALE 0-3) 17
DPTR FM NORMAL 3 PTCLDY (SCALE 4-7) 11
TOTAL FM JUL 1 6177 CLOUDY (SCALE 8-10) 2
DPTR FM NORMAL 363
[CDD (BASE 65) ]
TOTAL THIS MO. 71
DPTR FM NORMAL -34 [PRESSURE DATA]
TOTAL FM JAN 1 71 HIGHEST SLP M ON M
DPTR FM NORMAL -72 LOWEST SLP 29.59 ON 12
[REMARKS]
#FINAL-06-22#