000
CXUS53 KMPX 010910
CF6EAU
PRELIMINARY LOCAL CLIMATOLOGICAL DATA (WS FORM: F-6)
STATION: EAU CLAIRE WI
MONTH: MAY
YEAR: 2022
LATITUDE: 44 52 N
LONGITUDE: 91 29 W
TEMPERATURE IN F: :PCPN: SNOW: WIND :SUNSHINE: SKY :PK WND
================================================================================
1 2 3 4 5 6A 6B 7 8 9 10 11 12 13 14 15 16 17 18
12Z AVG MX 2MIN
DY MAX MIN AVG DEP HDD CDD WTR SNW DPTH SPD SPD DIR MIN PSBL S-S WX SPD DR
================================================================================
1 51 43 47 -5 18 0 0.24 0.0 0 9.7 18 270 M M 10 1 25 280
2 49 40 45 -7 20 0 0.00 0.0 0 5.8 15 300 M M 10 20 290
3 60 37 49 -3 16 0 0.00 0.0 0 7.3 17 50 M M 5 27 360
4 65 32 49 -4 16 0 0.00 0.0 0 3.5 12 120 M M 0 17 130
5 68 34 51 -2 14 0 0.00 0.0 0 4.0 14 100 M M 0 20 40
6 73 43 58 4 7 0 0.00 0.0 0 8.3 20 80 M M 0 26 60
7 73 35 54 0 11 0 0.00 0.0 0 9.5 22 180 M M 0 30 160
8 69 51 60 6 5 0 T 0.0 0 12.5 24 170 M M 6 33 110
9 83 52 68 13 0 3 0.36 0.0 0 15.4 28 150 M M 7 123 45 130
10 82 52 67 12 0 2 0.00 0.0 0 4.0 12 80 M M 6 12 17 360
11 77 63 70 14 0 5 1.30 0.0 0 10.9 29 320 M M 5 13 43 310
12 94 63 79 23 0 14 0.25 0.0 0 9.0 29 210 M M 2 123 41 200
13 83 56 70 14 0 5 0.00 0.0 0 9.0 21 250 M M 1 33 220
14 83 47 65 8 0 0 T 0.0 0 7.8 23 240 M M 1 32 230
15 76 47 62 5 3 0 0.00 0.0 0 8.8 22 280 M M 1 31 250
16 72 48 60 2 5 0 0.00 0.0 0 9.7 28 310 M M 1 37 290
17 73 41 57 -1 8 0 T 0.0 0 4.2 14 250 M M 1 18 250
18 71 51 61 3 4 0 0.14 0.0 0 6.1 35 310 M M 7 123 48 310
19 72 46 59 1 6 0 0.62 0.0 0 6.7 26 320 M M 3 123 38 310
20 64 51 58 -1 7 0 0.18 0.0 0 8.8 22 260 M M 7 13 34 240
21 58 42 50 -9 15 0 0.00 0.0 0 9.0 15 300 M M 4 22 340
22 57 35 46 -14 19 0 0.00 0.0 0 6.3 22 300 M M 5 27 290
23 66 32 49 -11 16 0 0.00 0.0 0 3.3 12 170 M M 3 12 16 360
24 69 40 55 -5 10 0 T 0.0 0 8.3 20 70 M M 1 29 80
25 55 47 51 -10 14 0 1.37 0.0 0 8.5 17 70 M M 10 1 25 50
26 60 42 51 -10 14 0 0.02 0.0 0 5.6 13 350 M M 9 1 16 330
27 74 39 57 -4 8 0 0.00 0.0 0 3.4 12 320 M M 0 12 19 310
28 78 53 66 4 0 1 0.08 0.0 0 10.4 24 180 M M 5 1 38 180
29 79 61 70 8 0 5 0.07 0.0 0 11.7 26 160 M M 3 13 36 160
30 87 72 80 18 0 15 0.00 0.0 0 16.0 36 180 M M 2 47 170
31 78 55 67 4 0 2 0.23 0.0 0 15.6 29 230 M M 3 3 42 240
================================================================================
SM 2199 1450 236 52 4.86 0.0 259.1 M 118
================================================================================
AV 70.9 46.8 8.4 FASTST M M 4 MAX(MPH)
MISC ----> 36 180 48 310
================================================================================
NOTES:
# LAST OF SEVERAL OCCURRENCES
COLUMN 17 PEAK WIND IN M.P.H.
PRELIMINARY LOCAL CLIMATOLOGICAL DATA (WS FORM: F-6) , PAGE 2
STATION: EAU CLAIRE WI
MONTH: MAY
YEAR: 2022
LATITUDE: 44 52 N
LONGITUDE: 91 29 W
[TEMPERATURE DATA] [PRECIPITATION DATA] SYMBOLS USED IN COLUMN 16
AVERAGE MONTHLY: 58.9 TOTAL FOR MONTH: 4.86 1 = FOG OR MIST
DPTR FM NORMAL: 1.5 DPTR FM NORMAL: 0.95 2 = FOG REDUCING VISIBILITY
HIGHEST: 94 ON 12 GRTST 24HR 1.55 ON 11-12 TO 1/4 MILE OR LESS
LOWEST: 32 ON 23, 4 3 = THUNDER
SNOW, ICE PELLETS, HAIL 4 = ICE PELLETS
TOTAL MONTH: 0.0 INCH 5 = HAIL
GRTST 24HR 0.0 6 = FREEZING RAIN OR DRIZZLE
GRTST DEPTH: 0 7 = DUSTSTORM OR SANDSTORM:
VSBY 1/2 MILE OR LESS
8 = SMOKE OR HAZE
[NO. OF DAYS WITH] [WEATHER - DAYS WITH] 9 = BLOWING SNOW
X = TORNADO
MAX 32 OR BELOW: 0 0.01 INCH OR MORE: 12
MAX 90 OR ABOVE: 1 0.10 INCH OR MORE: 9
MIN 32 OR BELOW: 2 0.50 INCH OR MORE: 3
MIN 0 OR BELOW: 0 1.00 INCH OR MORE: 2
[HDD (BASE 65) ]
TOTAL THIS MO. 236 CLEAR (SCALE 0-3) 16
DPTR FM NORMAL -30 PTCLDY (SCALE 4-7) 11
TOTAL FM JUL 1 7822 CLOUDY (SCALE 8-10) 4
DPTR FM NORMAL -47
[CDD (BASE 65) ]
TOTAL THIS MO. 52
DPTR FM NORMAL 24 [PRESSURE DATA]
TOTAL FM JAN 1 52 HIGHEST SLP 30.41 ON 23
DPTR FM NORMAL 22 LOWEST SLP 29.19 ON 19
[REMARKS]
#FINAL-05-22#