000
CXUS52 KTAE 010800
CF6ECP
PRELIMINARY LOCAL CLIMATOLOGICAL DATA (WS FORM: F-6)
STATION: PANAMA CITY NW
MONTH: OCTOBER
YEAR: 2021
LATITUDE: 30 21 N
LONGITUDE: 85 48 W
TEMPERATURE IN F: :PCPN: SNOW: WIND :SUNSHINE: SKY :PK WND
================================================================================
1 2 3 4 5 6A 6B 7 8 9 10 11 12 13 14 15 16 17 18
12Z AVG MX 2MIN
DY MAX MIN AVG DEP HDD CDD WTR SNW DPTH SPD SPD DIR MIN PSBL S-S WX SPD DR
================================================================================
1 88 68 78 3 0 13 0.00 0.0 0 4.1 12 80 M M 3 17 90
2 86 67 77 2 0 12 0.40 0.0 0 5.0 22 120 M M 3 13 26 120
3 82 70 76 1 0 11 0.10 0.0 0 3.2 14 130 M M 4 1 17 140
4 77 69 73 -1 0 8 0.80 0.0 0 3.7 12 330 M M 8 13 13 330
5 77 68 73 -1 0 8 2.79 0.0 0 7.0 22 210 M M 6 13 28 190
6 83 71 77 3 0 12 0.68 0.0 0 7.3 16 130 M M 7 13 20 140
7 80 72 76 3 0 11 7.11 0.0 M 5.5 22 20 M M 8 13 26 20
8 87 70 79 6 0 14 T 0.0 M 5.5 14 310 M M 5 16 320
9 86 66 76 3 0 11 0.00 0.0 M 6.8 15 10 M M 0 20 350
10 86 64 75 3 0 10 0.00 0.0 0 4.9 13 20 M M 1 16 20
11 85 64 75 3 0 10 0.00 0.0 0 2.8 10 100 M M 2 8 13 100
12 87 64 76 4 0 11 0.00 0.0 0 3.5 10 40 M M 3 14 20
13 87 65 76 5 0 11 T 0.0 0 3.3 9 320 M M 2 13 260
14 88 66 77 6 0 12 0.00 0.0 0 3.6 10 180 M M 2 13 180
15 86 70 78 8 0 13 T 0.0 0 2.5 13 160 M M 5 128 15 160
16 84 57 71 1 0 6 0.00 0.0 0 8.3 22 320 M M 2 1 28 310
17 74 49 62 -8 3 0 0.00 0.0 0 8.2 20 360 M M 0 26 20
18 72 49 61 -8 4 0 0.00 M M 5.0 10 90 M M 0 14 50
19 82 51 67 -2 0 2 0.00 M M 4.9 14 100 M M 1 19 100
20 81 59 70 1 0 5 0.00 0.0 M 5.8 14 120 M M 3 19 80
21 82 63 73 5 0 8 T 0.0 0 3.4 12 160 M M 3 1 15 160
22 85 63 74 6 0 9 0.00 0.0 M 2.8 13 230 M M 4 18 16 110
23 85 53 69 1 0 4 T 0.0 0 2.3 9 350 M M 0 14 350
24 78 57 68 1 0 3 0.21 0.0 0 3.8 12 80 M M 4 1 15 80
25 85 67 76 9 0 11 0.08 0.0 0 5.3 16 230 M M 5 1 22 220
26 80 58 69 3 0 4 0.00 M M 6.7 14 340 M M 0 1 17 330
27 77 51 64 -2 1 0 0.12 0.0 M 4.3 12 100 M M 2 138 16 110
28 77 63 70 4 0 5 3.67 0.0 0 14.3 31 210 M M 7 13 40 200
29 69 54 62 -4 3 0 0.00 0.0 0 12.7 26 240 M M 3 35 260
30 67 51 59 -6 6 0 0.00 0.0 0 9.2 22 240 M M 5 25 260
31 72 52 62 -3 3 0 0.00 M M 5.9 16 320 M M 3 19 310
================================================================================
SM 2515 1911 20 224 15.96 0.0 171.6 M 101
================================================================================
AV 81.1 61.6 5.5 FASTST M M 3 MAX(MPH)
MISC ----> 31 210 40 200
================================================================================
NOTES:
# LAST OF SEVERAL OCCURRENCES
COLUMN 17 PEAK WIND IN M.P.H.
PRELIMINARY LOCAL CLIMATOLOGICAL DATA (WS FORM: F-6) , PAGE 2
STATION: PANAMA CITY NW
MONTH: OCTOBER
YEAR: 2021
LATITUDE: 30 21 N
LONGITUDE: 85 48 W
[TEMPERATURE DATA] [PRECIPITATION DATA] SYMBOLS USED IN COLUMN 16
AVERAGE MONTHLY: 71.4 TOTAL FOR MONTH: 15.96 1 = FOG OR MIST
DPTR FM NORMAL: 1.3 DPTR FM NORMAL: 12.42 2 = FOG REDUCING VISIBILITY
HIGHEST: 88 ON 14, 1 GRTST 24HR 7.33 ON 6- 7 TO 1/4 MILE OR LESS
LOWEST: 49 ON 18,17 3 = THUNDER
SNOW, ICE PELLETS, HAIL 4 = ICE PELLETS
TOTAL MONTH: 0.0 INCH 5 = HAIL
GRTST 24HR 0.0 6 = FREEZING RAIN OR DRIZZLE
GRTST DEPTH: 0 7 = DUSTSTORM OR SANDSTORM:
VSBY 1/2 MILE OR LESS
8 = SMOKE OR HAZE
[NO. OF DAYS WITH] [WEATHER - DAYS WITH] 9 = BLOWING SNOW
X = TORNADO
MAX 32 OR BELOW: 0 0.01 INCH OR MORE: 10
MAX 90 OR ABOVE: 0 0.10 INCH OR MORE: 9
MIN 32 OR BELOW: 0 0.50 INCH OR MORE: 5
MIN 0 OR BELOW: 0 1.00 INCH OR MORE: 3
[HDD (BASE 65) ]
TOTAL THIS MO. 20 CLEAR (SCALE 0-3) 18
DPTR FM NORMAL -11 PTCLDY (SCALE 4-7) 13
TOTAL FM JUL 1 20 CLOUDY (SCALE 8-10) 0
DPTR FM NORMAL -8
[CDD (BASE 65) ]
TOTAL THIS MO. 224
DPTR FM NORMAL 37 [PRESSURE DATA]
TOTAL FM JAN 1 2488 HIGHEST SLP M ON M
DPTR FM NORMAL -75 LOWEST SLP 29.57 ON 28
[REMARKS]
#FINAL-10-21#