000
CXUS54 KEWX 011110
CF6ECU
PRELIMINARY LOCAL CLIMATOLOGICAL DATA (WS FORM: F-6)
STATION: EDWARDS COUNTY AIRPORT
MONTH: FEBRUARY
YEAR: 2022
LATITUDE: 29 57 N
LONGITUDE: 100 10 W
TEMPERATURE IN F: :PCPN: SNOW: WIND :SUNSHINE: SKY :PK WND
================================================================================
1 2 3 4 5 6A 6B 7 8 9 10 11 12 13 14 15 16 17 18
12Z AVG MX 2MIN
DY MAX MIN AVG DEP HDD CDD WTR SNW DPTH SPD SPD DIR MIN PSBL S-S WX SPD DR
================================================================================
1 72 46 59 M 6 0 0.00 M M 6.7 13 180 M M 4 12 16 180
2 54 30 42 M 23 0 0.02 M M 10.1 16 20 M M 8 12 31 20
3 30 19 25 M 40 0 0.14 M M 17.7 22 360 M M 9 35 360
4 37 18 28 M 37 0 0.00 M M 13.8 22 340 M M 4 31 340
5 50 23 37 M 28 0 0.00 M M 5.8 8 160 M M 0 16 220
6 59 28 44 M 21 0 0.00 M M 7.2 13 170 M M 0 20 180
7 55 34 45 M 20 0 0.00 M M 9.4 15 360 M M 0 24 10
8 63 37 50 M 15 0 0.00 M M 7.3 13 230 M M 0 20 230
9 68 41 55 M 10 0 0.00 M M 4.8 8 190 M M 1 14 0
10 68 41 55 M 10 0 0.00 M M 6.2 9 190 M M 0 15 99
11 73 46 60 M 5 0 0.00 M M 10.1 15 200 M M 2 2 22 180
12 57 36 47 M 18 0 0.00 M M 13.6 25 10 M M 4 38 20
13 61 32 47 M 18 0 0.00 M M 5.0 10 240 M M 0 16 99
14 66 39 53 M 12 0 0.00 M M 10.4 16 170 M M 0 25 160
15 70 43 57 M 8 0 0.00 M M 17.2 24 150 M M 1 32 160
16 73 54 64 M 1 0 0.00 M M 16.6 24 160 M M 5 36 160
17 64 32 48 M 17 0 0.00 M M 16.3 23 360 M M 3 33 300
18 59 27 43 M 22 0 0.00 M M 6.6 13 360 M M 2 20 360
19 63 36 50 M 15 0 0.00 M M 6.8 12 180 M M 3 17 99
20 64 39 52 M 13 0 0.00 M M 11.3 17 170 M M 4 26 190
21 82 55 69 M 0 4 0.00 M M 15.3 24 150 M M 4 1 31 150
22 81 54 68 M 0 3 0.00 M M 9.5 15 60 M M 2 1 22 60
23 54 25 40 M 25 0 0.00 M M 12.2 16 10 M M 9 1 25 50
24 41 27 34 M 31 0 0.00 M M 7.0 13 10 M M 7 12 18 360
25 37 25 31 M 34 0 0.00 M M 9.3 15 20 M M 9 1 28 30
26 37 30 34 M 31 0 0.00 M M 6.6 10 20 M M 10 1 17 20
27 59 28 44 M 21 0 0.00 M M 8.0 13 10 M M 2 1 18 360
28 66 36 51 M 14 0 0.00 M M 7.0 10 160 M M 0 16 99
================================================================================
SM 1663 981 495 7 0.16 M 277.6 M 93
================================================================================
AV 59.4 35.0 9.9 FASTST M M 3 MAX(MPH)
MISC ----> 25 10 38 20
================================================================================
NOTES:
# LAST OF SEVERAL OCCURRENCES
COLUMN 17 PEAK WIND IN M.P.H.
PRELIMINARY LOCAL CLIMATOLOGICAL DATA (WS FORM: F-6) , PAGE 2
STATION: EDWARDS COUNTY AIRPORT
MONTH: FEBRUARY
YEAR: 2022
LATITUDE: 29 57 N
LONGITUDE: 100 10 W
[TEMPERATURE DATA] [PRECIPITATION DATA] SYMBOLS USED IN COLUMN 16
AVERAGE MONTHLY: 47.2 TOTAL FOR MONTH: 0.16 1 = FOG OR MIST
DPTR FM NORMAL: 0.0 DPTR FM NORMAL: 0.16 2 = FOG REDUCING VISIBILITY
HIGHEST: 82 ON 21 GRTST 24HR 0.14 ON 3- 3 TO 1/4 MILE OR LESS
LOWEST: 18 ON 4 3 = THUNDER
SNOW, ICE PELLETS, HAIL 4 = ICE PELLETS
TOTAL MONTH: M 5 = HAIL
GRTST 24HR M ON M 6 = FREEZING RAIN OR DRIZZLE
GRTST DEPTH: M ON M 7 = DUSTSTORM OR SANDSTORM:
VSBY 1/2 MILE OR LESS
8 = SMOKE OR HAZE
[NO. OF DAYS WITH] [WEATHER - DAYS WITH] 9 = BLOWING SNOW
X = TORNADO
MAX 32 OR BELOW: 1 0.01 INCH OR MORE: 2
MAX 90 OR ABOVE: 0 0.10 INCH OR MORE: 1
MIN 32 OR BELOW: 13 0.50 INCH OR MORE: 0
MIN 0 OR BELOW: 0 1.00 INCH OR MORE: 0
[HDD (BASE 65) ]
TOTAL THIS MO. 495 CLEAR (SCALE 0-3) 15
DPTR FM NORMAL M PTCLDY (SCALE 4-7) 9
TOTAL FM JUL 1 1270 CLOUDY (SCALE 8-10) 4
DPTR FM NORMAL M
[CDD (BASE 65) ]
TOTAL THIS MO. 7
DPTR FM NORMAL M [PRESSURE DATA]
TOTAL FM JAN 1 7 HIGHEST SLP M ON M
DPTR FM NORMAL M LOWEST SLP M ON M
[REMARKS]
#FINAL-02-22#