000
CXUS55 KVEF 030329
CF6EED
PRELIMINARY LOCAL CLIMATOLOGICAL DATA (WS FORM: F-6)
STATION: NEEDLES CA
MONTH: OCTOBER
YEAR: 2020
LATITUDE: 34 46 N
LONGITUDE: 114 37 W
TEMPERATURE IN F: :PCPN: SNOW: WIND :SUNSHINE: SKY :PK WND
================================================================================
1 2 3 4 5 6A 6B 7 8 9 10 11 12 13 14 15 16 17 18
12Z AVG MX 2MIN
DY MAX MIN AVG DEP HDD CDD WTR SNW DPTH SPD SPD DIR MIN PSBL S-S WX SPD DR
================================================================================
1 108 74 91 10 0 26 0.00 M M 5.9 21 10 M M 0 25 10
2 106 70 88 7 0 23 0.00 M M 5.6 13 10 M M 0 17 10
3 107 66 87 7 0 22 0.00 M M 4.5 14 10 M M 0 17 10
4 105 66 86 6 0 21 0.00 M M 4.9 13 240 M M 0 15 10
5 104 69 87 8 0 22 0.00 M M 3.2 14 230 M M 0 15 230
6 102 66 84 5 0 19 0.00 M M 4.4 13 230 M M 0 15 20
7 100 69 85 7 0 20 0.00 M M 5.2 13 230 M M 0 14 60
8 99 70 85 7 0 20 0.00 M M 8.9 22 200 M M 0 28 180
9 96 69 83 5 0 18 0.00 M M 7.3 20 180 M M 0 25 180
10 93 65 79 2 0 14 0.00 M M 6.8 15 190 M M 0 18 190
11 94 65 80 3 0 15 0.00 M M 5.7 12 270 M M 0 17 30
12 98 66 82 6 0 17 0.00 M M 7.4 17 350 M M 0 22 350
13 99 63 81 5 0 16 0.00 M M 4.3 13 240 M M 0 14 240
14 100 63 82 6 0 17 0.00 M M 4.3 12 260 M M 0 12 240
15 97 65 81 6 0 16 0.00 M M 13.3 28 360 M M 0 36 360
16 92 69 81 6 0 16 0.00 M M 16.2 29 360 M M 0 38 360
17 97 63 80 6 0 15 0.00 M M 5.1 15 230 M M 0 17 360
18 96 62 79 5 0 14 0.00 M M 4.6 12 230 M M 0 13 80
19 95 61 78 4 0 13 0.00 M M 3.6 12 240 M M 0 12 240
20 94 61 78 5 0 13 0.00 M M 4.5 13 360 M M 0 17 10
21 95 60 78 5 0 13 0.00 M M 4.4 13 230 M M 0 16 170
22 94 64 79 7 0 14 0.00 M M 7.3 16 180 M M 0 20 170
23 89 64 77 5 0 12 0.00 M M 5.7 16 340 M M 0 19 350
24 86 67 77 5 0 12 0.00 M M 5.4 14 180 M M 0 19 190
25 85 58 72 1 0 7 0.00 M M 16.6 39 360 M M 2 49 10
26 60 47 54 -17 11 0 0.00 M M 25.4 44 360 M M 0 56 10
27 69 50 60 -10 5 0 0.00 M M 15.9 31 10 M M 0 39 10
28 79 46 63 -7 2 0 0.00 M M 6.0 17 360 M M 0 23 340
29 83 48 66 -4 0 1 0.00 M M 4.8 10 240 M M 0 13 10
30 85 50 68 -1 0 3 0.00 M M 4.5 15 360 M M 0 20 10
31 88 52 70 1 0 5 0.00 M M 5.4 15 360 M M 0 18 10
================================================================================
SM 2895 1928 18 424 0.00 M 227.1 M 2
================================================================================
AV 93.4 62.2 7.3 FASTST M M 0 MAX(MPH)
MISC ----> 44 360 56 10
================================================================================
NOTES:
# LAST OF SEVERAL OCCURRENCES
COLUMN 17 PEAK WIND IN M.P.H.
PRELIMINARY LOCAL CLIMATOLOGICAL DATA (WS FORM: F-6) , PAGE 2
STATION: NEEDLES CA
MONTH: OCTOBER
YEAR: 2020
LATITUDE: 34 46 N
LONGITUDE: 114 37 W
[TEMPERATURE DATA] [PRECIPITATION DATA] SYMBOLS USED IN COLUMN 16
AVERAGE MONTHLY: 77.8 TOTAL FOR MONTH: 0.00 1 = FOG OR MIST
DPTR FM NORMAL: 3.1 DPTR FM NORMAL: -0.26 2 = FOG REDUCING VISIBILITY
HIGHEST: 108 ON 1 GRTST 24HR 0.00 ON 1- 1 TO 1/4 MILE OR LESS
LOWEST: 46 ON 28 3 = THUNDER
SNOW, ICE PELLETS, HAIL 4 = ICE PELLETS
TOTAL MONTH: M 5 = HAIL
GRTST 24HR M ON M 6 = FREEZING RAIN OR DRIZZLE
GRTST DEPTH: M ON M 7 = DUSTSTORM OR SANDSTORM:
VSBY 1/2 MILE OR LESS
8 = SMOKE OR HAZE
[NO. OF DAYS WITH] [WEATHER - DAYS WITH] 9 = BLOWING SNOW
X = TORNADO
MAX 32 OR BELOW: 0 0.01 INCH OR MORE: 0
MAX 90 OR ABOVE: 22 0.10 INCH OR MORE: 0
MIN 32 OR BELOW: 0 0.50 INCH OR MORE: 0
MIN 0 OR BELOW: 0 1.00 INCH OR MORE: 0
[HDD (BASE 65) ]
TOTAL THIS MO. 18 CLEAR (SCALE 0-3) 31
DPTR FM NORMAL 9 PTCLDY (SCALE 4-7) 0
TOTAL FM JUL 1 18 CLOUDY (SCALE 8-10) 0
DPTR FM NORMAL 11
[CDD (BASE 65) ]
TOTAL THIS MO. 424
DPTR FM NORMAL 113 [PRESSURE DATA]
TOTAL FM JAN 1 5124 HIGHEST SLP 30.10 ON 27
DPTR FM NORMAL 636 LOWEST SLP 29.51 ON 25
[REMARKS]
#FINAL-10-20#