000
CXUS54 KBMX 011010
CF6EET
PRELIMINARY LOCAL CLIMATOLOGICAL DATA (WS FORM: F-6)
STATION: SHELBY COUNTY AIRPORT
MONTH: OCTOBER
YEAR: 2021
LATITUDE: 33 10 N
LONGITUDE: 86 47 W
TEMPERATURE IN F: :PCPN: SNOW: WIND :SUNSHINE: SKY :PK WND
================================================================================
1 2 3 4 5 6A 6B 7 8 9 10 11 12 13 14 15 16 17 18
12Z AVG MX 2MIN
DY MAX MIN AVG DEP HDD CDD WTR SNW DPTH SPD SPD DIR MIN PSBL S-S WX SPD DR
================================================================================
1 86 66 76 5 0 11 0.00 0.0 0 2.0 8 140 M M 3 128 12 140
2 83 66 75 4 0 10 0.51 0.0 0 2.2 20 150 M M 4 13 31 150
3 77 69 73 3 0 8 0.14 0.0 0 2.7 12 180 M M 9 1 16 180
4 82 68 75 5 0 10 0.56 0.0 0 2.3 12 170 M M 9 13 17 150
5 78 66 72 2 0 7 3.84 0.0 0 3.0 10 140 M M 10 13 17 140
6 81 68 75 6 0 10 2.97 0.0 0 3.5 15 300 M M 9 123 21 300
7 83 67 75 6 0 10 0.03 0.0 0 1.9 9 330 M M 6 123 12 310
8 82 65 74 6 0 9 0.00 0.0 0 1.9 9 350 M M 1 1 14 320
9 84 63 74 6 0 9 0.00 0.0 0 0.5 7 340 M M 1 1 11 340
10 84 65 75 7 0 10 0.00 0.0 0 1.5 9 150 M M 0 18 12 120
11 83 64 74 7 0 9 0.00 0.0 0 4.0 14 150 M M 1 1 21 140
12 83 67 75 8 0 10 0.00 0.0 0 1.8 10 150 M M 4 13 150
13 84 66 75 9 0 10 0.00 0.0 0 1.8 9 180 M M 1 1 12 170
14 84 64 74 8 0 9 0.00 0.0 0 1.2 8 250 M M 1 1 10 140
15 85 64 75 9 0 10 0.00 0.0 0 2.7 9 230 M M 1 1 13 270
16 71 49 60 -5 5 0 0.10 0.0 0 7.3 22 310 M M 4 1 31 310
17 69 48 59 -6 6 0 0.00 0.0 0 3.9 14 350 M M 0 19 30
18 72 48 60 -4 5 0 0.00 0.0 0 1.4 8 140 M M 0 13 70
19 74 47 61 -3 4 0 0.00 0.0 0 1.5 9 140 M M 0 12 150
20 80 53 67 4 0 2 T 0.0 0 2.0 9 160 M M 3 14 140
21 78 64 71 8 0 6 0.43 0.0 0 4.5 14 320 M M 7 13 22 300
22 74 54 64 1 1 0 0.00 0.0 0 2.7 12 300 M M 2 12 16 300
23 75 50 63 1 2 0 0.00 0.0 0 1.2 7 100 M M 0 10 90
24 72 53 63 1 2 0 0.00 0.0 0 1.6 8 140 M M 1 11 120
25 76 56 66 5 0 1 0.00 0.0 0 4.8 16 320 M M 4 1 24 340
26 69 49 59 -2 6 0 0.00 0.0 0 2.7 10 300 M M 0 15 320
27 75 50 63 2 2 0 0.18 0.0 0 3.5 9 150 M M 1 1 17 100
28 69 54 62 2 3 0 0.25 0.0 0 7.3 17 190 M M 10 1 25 110
29 54 50 52 -8 13 0 0.13 M 0 6.9 12 240 M M 10 1 18 250
30 56 53 55 -5 10 0 0.02 0.0 0 5.6 13 250 M M 10 18 19 250
31 69 48 59 0 6 0 0.00 0.0 0 3.1 14 310 M M 4 1 19 310
================================================================================
SM 2372 1814 65 151 9.16 0.0 93.0 M 116
================================================================================
AV 76.5 58.5 3.0 FASTST M M 4 MAX(MPH)
MISC ----> 22 310 # 31 150
================================================================================
NOTES:
# LAST OF SEVERAL OCCURRENCES
COLUMN 17 PEAK WIND IN M.P.H.
PRELIMINARY LOCAL CLIMATOLOGICAL DATA (WS FORM: F-6) , PAGE 2
STATION: SHELBY COUNTY AIRPORT
MONTH: OCTOBER
YEAR: 2021
LATITUDE: 33 10 N
LONGITUDE: 86 47 W
[TEMPERATURE DATA] [PRECIPITATION DATA] SYMBOLS USED IN COLUMN 16
AVERAGE MONTHLY: 67.5 TOTAL FOR MONTH: 9.16 1 = FOG OR MIST
DPTR FM NORMAL: 2.4 DPTR FM NORMAL: 6.13 2 = FOG REDUCING VISIBILITY
HIGHEST: 86 ON 1 GRTST 24HR 3.84 ON 5- 5 TO 1/4 MILE OR LESS
LOWEST: 47 ON 19 3 = THUNDER
SNOW, ICE PELLETS, HAIL 4 = ICE PELLETS
TOTAL MONTH: 0.0 INCH 5 = HAIL
GRTST 24HR 0.0 6 = FREEZING RAIN OR DRIZZLE
GRTST DEPTH: 0 7 = DUSTSTORM OR SANDSTORM:
VSBY 1/2 MILE OR LESS
8 = SMOKE OR HAZE
[NO. OF DAYS WITH] [WEATHER - DAYS WITH] 9 = BLOWING SNOW
X = TORNADO
MAX 32 OR BELOW: 0 0.01 INCH OR MORE: 12
MAX 90 OR ABOVE: 0 0.10 INCH OR MORE: 10
MIN 32 OR BELOW: 0 0.50 INCH OR MORE: 4
MIN 0 OR BELOW: 0 1.00 INCH OR MORE: 2
[HDD (BASE 65) ]
TOTAL THIS MO. 65 CLEAR (SCALE 0-3) 17
DPTR FM NORMAL -34 PTCLDY (SCALE 4-7) 7
TOTAL FM JUL 1 68 CLOUDY (SCALE 8-10) 7
DPTR FM NORMAL -35
[CDD (BASE 65) ]
TOTAL THIS MO. 151
DPTR FM NORMAL 49 [PRESSURE DATA]
TOTAL FM JAN 1 2011 HIGHEST SLP 30.28 ON 20
DPTR FM NORMAL -154 LOWEST SLP 29.48 ON 28
[REMARKS]
#FINAL-10-21#