000
CXUS56 KEKA 032126
CF6EKA
PRELIMINARY LOCAL CLIMATOLOGICAL DATA (WS FORM: F-6)
STATION: EUREKA CA
MONTH: NOVEMBER
YEAR: 2021
LATITUDE: 40 47 N
LONGITUDE: 124 10 W
TEMPERATURE IN F: :PCPN: SNOW: WIND :SUNSHINE: SKY :PK WND
================================================================================
1 2 3 4 5 6A 6B 7 8 9 10 11 12 13 14 15 16 17 18
12Z AVG MX 2MIN
DY MAX MIN AVG DEP HDD CDD WTR SNW DPTH SPD SPD DIR MIN PSBL S-S WX SPD DR
================================================================================
1 63 53 58 6 7 0 0.95 0.0 0 5.4 14 170 M M 10 1 20 M
2 68 48 58 6 7 0 0.00 0.0 0 3.3 9 290 M M 3 10 M
3 73 47 60 8 5 0 0.28 0.0 0 11.3 18 190 M M 9 1 28 M
4 62 50 56 4 9 0 0.25 0.0 0 6.1 13 190 M M 8 1 21 M
5 56 49 53 1 12 0 0.29 0.0 0 5.0 9 180 M M 8 1 12 M
6 59 44 52 0 13 0 0.27 0.0 0 3.8 9 170 M M 7 14 M
7 58 40 49 -3 16 0 0.00 0.0 0 2.2 7 300 M M 2 8 M
8 59 38 49 -3 16 0 0.14 0.0 0 7.5 17 150 M M 9 41 M
9 58 49 54 2 11 0 0.21 0.0 0 3.3 14 170 M M 10 1 23 M
10 59 49 54 3 11 0 T 0.0 0 0.4 6 230 M M 10 1 M M
11 66 51 59 8 6 0 0.00 0.0 0 1.5 6 280 M M 6 2 M M
12 65 51 58 7 7 0 0.00 0.0 0 1.5 5 170 M M 9 1 6 M
13 60 50 55 4 10 0 0.00 0.0 0 1.5 7 320 M M 6 28 M M
14 56 48 52 1 13 0 0.00 0.0 0 1.3 5 310 M M 10 2 6 M
15 60 47 54 3 11 0 0.33 0.0 0 5.5 14 20 M M 10 2 24 M
16 55 41 48 -2 17 0 0.00 0.0 0 6.9 15 20 M M 4 18 M
17 60 36 48 -2 17 0 0.00 0.0 0 2.1 7 280 M M 4 8 9 M
18 60 45 53 3 12 0 0.03 0.0 0 6.9 17 170 M M 10 28 M
19 56 42 49 -1 16 0 0.05 0.0 0 6.1 14 360 M M 7 21 M
20 58 40 49 -1 16 0 0.00 0.0 0 2.6 7 10 M M 1 2 8 M
21 61 36 49 -1 16 0 0.00 0.0 0 1.7 8 290 M M 2 9 M
22 61 37 49 -1 16 0 T M M 2.6 12 320 M M 0 M M
23 56 43 50 1 15 0 0.02 M 0 7.0 14 10 M M 6 1 M M
24 55 36 46 -3 19 0 0.00 M 0 2.7 6 140 M M 2 M M
25 58 37 48 -1 17 0 0.00 M M 0.9 6 30 M M 5 1 7 M
26 60 39 50 1 15 0 0.00 M M 1.0 5 250 M M 4 18 6 M
27 62 46 54 5 11 0 T M M 1.3 7 300 M M 7 28 11 M
28 53 46 50 1 15 0 0.02 M M 1.5 6 20 M M 10 2 7 M
29 50 46 48 -1 17 0 0.01 M 0 1.3 3 45 M M 10 2 6 M
30 56 44 50 2 15 0 0.00 0.0 0 2.9 6 135 M M 7 2 7 M
================================================================================
SM 1783 1328 388 0 2.85 0.0 107.1 M 196
================================================================================
AV 59.4 44.3 3.6 FASTST M M 7 MAX(MPH)
MISC ----> 18 190 41 9999
================================================================================
NOTES:
# LAST OF SEVERAL OCCURRENCES
COLUMN 17 PEAK WIND IN M.P.H.
PRELIMINARY LOCAL CLIMATOLOGICAL DATA (WS FORM: F-6) , PAGE 2
STATION: EUREKA CA
MONTH: NOVEMBER
YEAR: 2021
LATITUDE: 40 47 N
LONGITUDE: 124 10 W
[TEMPERATURE DATA] [PRECIPITATION DATA] SYMBOLS USED IN COLUMN 16
AVERAGE MONTHLY: 51.9 TOTAL FOR MONTH: 2.85 1 = FOG OR MIST
DPTR FM NORMAL: 1.3 DPTR FM NORMAL: -2.04 2 = FOG REDUCING VISIBILITY
HIGHEST: 73 ON 3 GRTST 24HR 0.96 ON 31- 1 TO 1/4 MILE OR LESS
LOWEST: 36 ON 24,21 3 = THUNDER
SNOW, ICE PELLETS, HAIL 4 = ICE PELLETS
TOTAL MONTH: 0.0 INCH 5 = HAIL
GRTST 24HR 0.0 6 = FREEZING RAIN OR DRIZZLE
GRTST DEPTH: 0 7 = DUSTSTORM OR SANDSTORM:
VSBY 1/2 MILE OR LESS
8 = SMOKE OR HAZE
[NO. OF DAYS WITH] [WEATHER - DAYS WITH] 9 = BLOWING SNOW
X = TORNADO
MAX 32 OR BELOW: 0 0.01 INCH OR MORE: 13
MAX 90 OR ABOVE: 0 0.10 INCH OR MORE: 8
MIN 32 OR BELOW: 0 0.50 INCH OR MORE: 1
MIN 0 OR BELOW: 0 1.00 INCH OR MORE: 0
[HDD (BASE 65) ]
TOTAL THIS MO. 388 CLEAR (SCALE 0-3) 6
DPTR FM NORMAL -47 PTCLDY (SCALE 4-7) 13
TOTAL FM JUL 1 1460 CLOUDY (SCALE 8-10) 11
DPTR FM NORMAL 32
[CDD (BASE 65) ]
TOTAL THIS MO. 0
DPTR FM NORMAL 0 [PRESSURE DATA]
TOTAL FM JAN 1 0 HIGHEST SLP 30.37 ON 25
DPTR FM NORMAL -1 LOWEST SLP 29.56 ON 15
[REMARKS]
#FINAL-11-21#