000
CXUS51 KRLX 011543
CF6EKN
PRELIMINARY LOCAL CLIMATOLOGICAL DATA (WS FORM: F-6)
STATION: ELKINS WV
MONTH: MAY
YEAR: 2023
LATITUDE: 38 52 N
LONGITUDE: 79 51 W
TEMPERATURE IN F: :PCPN: SNOW: WIND :SUNSHINE: SKY :PK WND
================================================================================
1 2 3 4 5 6A 6B 7 8 9 10 11 12 13 14 15 16 17 18
12Z AVG MX 2MIN
DY MAX MIN AVG DEP HDD CDD WTR SNW DPTH SPD SPD DIR MIN PSBL S-S WX SPD DR
================================================================================
1 48 36 42 -14 23 0 0.65 0.0 0 11.9 28 230 M M 10 1 39 240
2 47 37 42 -15 23 0 0.93 0.0 0 10.5 22 290 M M 10 1 35 280
3 44 34 39 -18 26 0 0.53 T 0 10.9 20 280 M M 10 1 29 300
4 55 34 45 -12 20 0 0.02 0.0 0 6.0 14 310 M M 8 1 20 300
5 67 32 50 -8 15 0 0.00 0.0 0 1.7 12 360 M M 3 12 14 10
6 77 33 55 -3 10 0 0.00 0.0 0 2.0 12 350 M M 0 1 19 350
7 70 45 58 0 7 0 0.57 0.0 0 2.9 21 300 M M 7 13 28 300
8 76 60 68 10 0 3 0.03 0.0 0 5.5 12 300 M M 8 1 20 270
9 66 48 57 -1 8 0 0.36 0.0 0 2.6 15 10 M M 8 128 22 10
10 73 44 59 0 6 0 0.00 0.0 0 2.0 12 350 M M 4 12 16 340
11 80 39 60 1 5 0 0.00 0.0 0 2.3 10 360 M M 0 1 14 290
12 79 44 62 3 3 0 T 0.0 0 0.9 12 180 M M 5 1 14 190
13 73 55 64 4 1 0 0.65 0.0 0 1.5 12 360 M M 9 123 17 280
14 76 48 62 2 3 0 0.00 0.0 0 2.6 13 330 M M 5 12 18 310
15 73 48 61 1 4 0 0.00 0.0 0 1.8 10 260 M M 4 15 250
16 66 49 58 -2 7 0 0.25 0.0 0 1.9 12 290 M M 9 1 14 280
17 68 41 55 -5 10 0 T 0.0 0 4.7 15 330 M M 5 1 22 280
18 75 36 56 -5 9 0 0.00 0.0 0 5.3 16 150 M M 1 12 23 160
19 78 47 63 2 2 0 0.00 0.0 0 6.4 13 170 M M 1 17 170
20 70 54 62 1 3 0 0.14 0.0 0 4.5 18 300 M M 6 18 24 290
21 70 45 58 -3 7 0 0.00 0.0 0 3.1 16 290 M M 2 1 22 290
22 77 42 60 -2 5 0 0.00 0.0 0 1.7 13 140 M M 4 12 16 130
23 74 45 60 -2 5 0 0.00 0.0 0 3.6 15 150 M M 2 21 140
24 76 40 58 -4 7 0 0.00 0.0 0 2.7 13 290 M M 1 12 18 300
25 73 43 58 -4 7 0 0.00 0.0 0 3.7 13 340 M M 2 12 18 10
26 73 36 55 -8 10 0 0.00 0.0 0 1.7 14 140 M M 0 19 140
27 74 37 56 -7 9 0 0.00 0.0 0 2.5 12 120 M M 0 20 70
28 71 51 61 -2 4 0 0.01 0.0 0 2.2 9 110 M M 8 17 130
29 74 56 65 1 0 0 0.11 0.0 0 2.3 9 140 M M 8 1 13 130
30 77 53 65 1 0 0 T 0.0 0 2.7 12 130 M M 5 19 110
31 83 49 66 2 0 1 0.00 0.0 0 2.4 13 350 M M 1 1 18 350
================================================================================
SM 2183 1361 239 4 4.25 T 116.5 M 146
================================================================================
AV 70.4 43.9 3.8 FASTST M M 5 MAX(MPH)
MISC ----> 28 230 39 240
================================================================================
NOTES:
# LAST OF SEVERAL OCCURRENCES
COLUMN 17 PEAK WIND IN M.P.H.
PRELIMINARY LOCAL CLIMATOLOGICAL DATA (WS FORM: F-6) , PAGE 2
STATION: ELKINS WV
MONTH: MAY
YEAR: 2023
LATITUDE: 38 52 N
LONGITUDE: 79 51 W
[TEMPERATURE DATA] [PRECIPITATION DATA] SYMBOLS USED IN COLUMN 16
AVERAGE MONTHLY: 57.2 TOTAL FOR MONTH: 4.25 1 = FOG OR MIST
DPTR FM NORMAL: -3.0 DPTR FM NORMAL: -0.89 2 = FOG REDUCING VISIBILITY
HIGHEST: 83 ON 31 GRTST 24HR 1.13 ON 1- 2 TO 1/4 MILE OR LESS
LOWEST: 32 ON 5 3 = THUNDER
SNOW, ICE PELLETS, HAIL 4 = ICE PELLETS
TOTAL MONTH: T 5 = HAIL
GRTST 24HR T ON 3- 3 6 = FREEZING RAIN OR DRIZZLE
GRTST DEPTH: 0 7 = DUSTSTORM OR SANDSTORM:
VSBY 1/2 MILE OR LESS
8 = SMOKE OR HAZE
[NO. OF DAYS WITH] [WEATHER - DAYS WITH] 9 = BLOWING SNOW
X = TORNADO
MAX 32 OR BELOW: 0 0.01 INCH OR MORE: 12
MAX 90 OR ABOVE: 0 0.10 INCH OR MORE: 9
MIN 32 OR BELOW: 1 0.50 INCH OR MORE: 5
MIN 0 OR BELOW: 0 1.00 INCH OR MORE: 0
[HDD (BASE 65) ]
TOTAL THIS MO. 239 CLEAR (SCALE 0-3) 11
DPTR FM NORMAL 52 PTCLDY (SCALE 4-7) 12
TOTAL FM JUL 1 4992 CLOUDY (SCALE 8-10) 8
DPTR FM NORMAL -415
[CDD (BASE 65) ]
TOTAL THIS MO. 4
DPTR FM NORMAL -34 [PRESSURE DATA]
TOTAL FM JAN 1 5 HIGHEST SLP 30.33 ON 27
DPTR FM NORMAL -38 LOWEST SLP 29.43 ON 1
[REMARKS]
#FINAL-05-23#