000
CXUS51 KRLX 011130
CF6EKN
PRELIMINARY LOCAL CLIMATOLOGICAL DATA (WS FORM: F-6)
STATION: ELKINS WV
MONTH: APRIL
YEAR: 2020
LATITUDE: 38 52 N
LONGITUDE: 79 51 W
TEMPERATURE IN F: :PCPN: SNOW: WIND :SUNSHINE: SKY :PK WND
================================================================================
1 2 3 4 5 6A 6B 7 8 9 10 11 12 13 14 15 16 17 18
12Z AVG MX 2MIN
DY MAX MIN AVG DEP HDD CDD WTR SNW DPTH SPD SPD DIR MIN PSBL S-S WX SPD DR
================================================================================
1 51 38 45 0 20 0 0.08 0.0 0 5.8 22 310 M M 10 27 320
2 54 34 44 -2 21 0 0.00 0.0 0 9.7 23 290 M M 6 28 290
3 62 27 45 -1 20 0 0.00 0.0 0 8.4 24 290 M M 0 32 290
4 64 28 46 0 19 0 0.00 0.0 0 2.5 15 290 M M 0 20 290
5 67 35 51 5 14 0 T 0.0 0 1.5 14 330 M M 8 19 290
6 65 43 54 7 11 0 0.00 0.0 0 2.6 14 320 M M 6 1 18 280
7 70 41 56 9 9 0 0.06 0.0 0 3.4 25 230 M M 6 38 33 220
8 71 45 58 10 7 0 1.21 0.0 0 7.6 26 240 M M 4 13 38 240
9 58 36 47 -1 18 0 0.21 0.0 0 14.4 32 290 M M 7 13 49 310
10 45 33 39 -9 26 0 T T 0 14.6 28 280 M M 9 38 300
11 55 30 43 -5 22 0 0.00 0.0 0 6.6 20 270 M M 4 29 250
12 71 32 52 3 13 0 0.51 0.0 0 6.0 20 180 M M 8 1 30 170
13 69 40 55 6 10 0 0.77 0.0 0 11.3 29 280 M M 8 13 52 190
14 48 31 40 -9 25 0 0.13 1.0 0 5.2 14 360 M M 8 1 18 350
15 49 26 38 -12 27 0 0.04 T 0 6.3 20 300 M M 3 1 31 250
16 48 31 40 -10 25 0 0.00 0.0 0 9.4 22 280 M M 3 31 260
17 60 26 43 -7 22 0 0.24 0.0 0 4.2 23 250 M M 7 1 34 270
18 48 29 39 -12 26 0 0.45 T 0 6.7 22 290 M M 7 18 34 270
19 64 25 45 -6 20 0 0.00 0.0 0 2.0 13 310 M M 2 1 16 300
20 61 39 50 -1 15 0 0.00 0.0 0 4.2 16 290 M M 2 22 280
21 57 36 47 -4 18 0 0.18 0.0 0 13.0 30 300 M M 5 43 280
22 55 30 43 -9 22 0 T 0.0 0 7.2 20 290 M M 3 25 310
23 59 38 49 -3 16 0 0.36 0.0 0 2.9 18 150 M M 6 1 26 170
24 57 44 51 -1 14 0 0.71 0.0 0 3.5 12 320 M M 10 128 19 350
25 67 45 56 4 9 0 0.12 0.0 0 4.0 14 140 M M 10 12 22 150
26 59 43 51 -2 14 0 0.43 0.0 0 6.4 20 270 M M 10 1 28 280
27 56 37 47 -6 18 0 0.07 0.0 0 6.9 16 310 M M 7 1 23 290
28 67 38 53 0 12 0 0.03 0.0 0 2.2 16 230 M M 8 1 22 240
29 79 40 60 6 5 0 0.35 0.0 0 7.5 25 150 M M 5 1 40 140
30 58 46 52 -2 13 0 0.61 0.0 0 4.8 17 300 M M 10 1 23 290
================================================================================
SM 1794 1066 511 0 6.56 1.0 190.8 M 182
================================================================================
AV 59.8 35.5 6.4 FASTST M M 6 MAX(MPH)
MISC ----> # 32 290 # 52 190
================================================================================
NOTES:
# LAST OF SEVERAL OCCURRENCES
COLUMN 17 PEAK WIND IN M.P.H.
PRELIMINARY LOCAL CLIMATOLOGICAL DATA (WS FORM: F-6) , PAGE 2
STATION: ELKINS WV
MONTH: APRIL
YEAR: 2020
LATITUDE: 38 52 N
LONGITUDE: 79 51 W
[TEMPERATURE DATA] [PRECIPITATION DATA] SYMBOLS USED IN COLUMN 16
AVERAGE MONTHLY: 47.7 TOTAL FOR MONTH: 6.56 1 = FOG OR MIST
DPTR FM NORMAL: -2.0 DPTR FM NORMAL: 2.76 2 = FOG REDUCING VISIBILITY
HIGHEST: 79 ON 29 GRTST 24HR 1.21 ON 8- 8 TO 1/4 MILE OR LESS
LOWEST: 25 ON 19 3 = THUNDER
SNOW, ICE PELLETS, HAIL 4 = ICE PELLETS
TOTAL MONTH: 1.0 INCH 5 = HAIL
GRTST 24HR 1.0 ON 14-14 6 = FREEZING RAIN OR DRIZZLE
GRTST DEPTH: 0 7 = DUSTSTORM OR SANDSTORM:
VSBY 1/2 MILE OR LESS
8 = SMOKE OR HAZE
[NO. OF DAYS WITH] [WEATHER - DAYS WITH] 9 = BLOWING SNOW
X = TORNADO
MAX 32 OR BELOW: 0 0.01 INCH OR MORE: 19
MAX 90 OR ABOVE: 0 0.10 INCH OR MORE: 14
MIN 32 OR BELOW: 11 0.50 INCH OR MORE: 5
MIN 0 OR BELOW: 0 1.00 INCH OR MORE: 1
[HDD (BASE 65) ]
TOTAL THIS MO. 511 CLEAR (SCALE 0-3) 6
DPTR FM NORMAL 49 PTCLDY (SCALE 4-7) 17
TOTAL FM JUL 1 4573 CLOUDY (SCALE 8-10) 7
DPTR FM NORMAL -990
[CDD (BASE 65) ]
TOTAL THIS MO. 0
DPTR FM NORMAL -3 [PRESSURE DATA]
TOTAL FM JAN 1 6 HIGHEST SLP 30.34 ON 17
DPTR FM NORMAL 3 LOWEST SLP 29.37 ON 13
[REMARKS]
#FINAL-04-20#