000
CXUS56 KLKN 011210
CF6EKO
PRELIMINARY LOCAL CLIMATOLOGICAL DATA (WS FORM: F-6)
STATION: ELKO AIRPORT NV
MONTH: JULY
YEAR: 2022
LATITUDE: 40 49 N
LONGITUDE: 115 47 W
TEMPERATURE IN F: :PCPN: SNOW: WIND :SUNSHINE: SKY :PK WND
================================================================================
1 2 3 4 5 6A 6B 7 8 9 10 11 12 13 14 15 16 17 18
12Z AVG MX 2MIN
DY MAX MIN AVG DEP HDD CDD WTR SNW DPTH SPD SPD DIR MIN PSBL S-S WX SPD DR
================================================================================
1 93 49 71 2 0 6 0.00 0.0 0 6.7 22 260 M M 0 29 260
2 94 47 71 2 0 6 0.00 0.0 0 9.4 22 260 M M 0 31 240
3 86 54 70 1 0 5 0.00 0.0 0 8.9 24 300 M M 1 8 33 280
4 88 48 68 -2 0 3 0.00 0.0 0 5.6 20 250 M M 0 33 250
5 93 48 71 1 0 6 0.00 0.0 0 4.0 18 240 M M 0 27 270
6 94 51 73 3 0 8 0.00 0.0 0 6.1 21 160 M M 0 28 160
7 95 54 75 5 0 10 0.00 0.0 0 6.3 21 240 M M 0 28 230
8 98 51 75 4 0 10 0.00 0.0 0 5.9 24 240 M M 0 40 240
9 94 52 73 2 0 8 0.00 0.0 0 8.0 26 250 M M 0 38 250
10 96 50 73 2 0 8 0.00 0.0 0 6.9 20 280 M M 0 26 240
11 97 52 75 3 0 10 0.00 0.0 0 5.1 15 270 M M 0 24 250
12 101 56 79 7 0 14 0.00 0.0 0 7.2 23 190 M M 1 3 33 200
13 101 66 84 12 0 19 T 0.0 0 9.1 33 270 M M 0 3 45 270
14 102 59 81 9 0 16 0.00 0.0 0 6.4 25 270 M M 0 37 270
15 97 70 84 12 0 19 0.00 0.0 0 12.7 32 170 M M 0 8 46 170
16 100 62 81 8 0 16 0.00 0.0 0 4.0 17 220 M M 0 25 270
17 99 62 81 8 0 16 T 0.0 0 8.4 38 170 M M 1 8 54 180
18 98 70 84 11 0 19 0.00 0.0 0 9.3 26 280 M M 3 38 280
19 92 69 81 8 0 16 0.00 0.0 0 7.0 25 150 M M 2 37 160
20 98 62 80 7 0 15 0.00 0.0 0 6.4 16 270 M M 0 27 280
21 99 65 82 9 0 17 0.00 0.0 0 5.8 22 270 M M 0 33 260
22 99 51 75 2 0 10 0.00 0.0 0 8.0 23 290 M M 0 33 290
23 96 56 76 3 0 11 0.00 0.0 0 5.1 23 260 M M 0 31 260
24 98 54 76 3 0 11 0.00 0.0 0 4.9 17 340 M M 0 24 330
25 99 52 76 3 0 11 0.00 0.0 0 5.2 20 320 M M 0 27 320
26 99 56 78 5 0 13 0.00 0.0 0 2.8 12 190 M M 0 17 90
27 100 56 78 5 0 13 0.00 0.0 0 5.3 17 290 M M 0 26 280
28 99 56 78 5 0 13 T 0.0 0 5.9 35 240 M M 0 46 240
29 96 57 77 4 0 12 0.08 0.0 0 4.3 31 330 M M 1 3 49 330
30 97 51 74 1 0 9 0.00 0.0 0 5.2 20 20 M M 0 27 10
31 99 52 76 3 0 11 0.00 0.0 0 6.5 22 160 M M 0 8 34 160
================================================================================
SM 2997 1738 0 361 0.08 0.0 202.4 M 9
================================================================================
AV 96.7 56.1 6.5 FASTST M M 0 MAX(MPH)
MISC ----> 38 170 54 180
================================================================================
NOTES:
# LAST OF SEVERAL OCCURRENCES
COLUMN 17 PEAK WIND IN M.P.H.
PRELIMINARY LOCAL CLIMATOLOGICAL DATA (WS FORM: F-6) , PAGE 2
STATION: ELKO AIRPORT NV
MONTH: JULY
YEAR: 2022
LATITUDE: 40 49 N
LONGITUDE: 115 47 W
[TEMPERATURE DATA] [PRECIPITATION DATA] SYMBOLS USED IN COLUMN 16
AVERAGE MONTHLY: 76.4 TOTAL FOR MONTH: 0.08 1 = FOG OR MIST
DPTR FM NORMAL: 4.5 DPTR FM NORMAL: -0.28 2 = FOG REDUCING VISIBILITY
HIGHEST: 102 ON 14 GRTST 24HR 0.08 ON 28-29 TO 1/4 MILE OR LESS
LOWEST: 47 ON 2 3 = THUNDER
SNOW, ICE PELLETS, HAIL 4 = ICE PELLETS
TOTAL MONTH: 0.0 INCH 5 = HAIL
GRTST 24HR 0.0 6 = FREEZING RAIN OR DRIZZLE
GRTST DEPTH: 0 7 = DUSTSTORM OR SANDSTORM:
VSBY 1/2 MILE OR LESS
8 = SMOKE OR HAZE
[NO. OF DAYS WITH] [WEATHER - DAYS WITH] 9 = BLOWING SNOW
X = TORNADO
MAX 32 OR BELOW: 0 0.01 INCH OR MORE: 1
MAX 90 OR ABOVE: 29 0.10 INCH OR MORE: 0
MIN 32 OR BELOW: 0 0.50 INCH OR MORE: 0
MIN 0 OR BELOW: 0 1.00 INCH OR MORE: 0
[HDD (BASE 65) ]
TOTAL THIS MO. 0 CLEAR (SCALE 0-3) 31
DPTR FM NORMAL -14 PTCLDY (SCALE 4-7) 0
TOTAL FM JUL 1 0 CLOUDY (SCALE 8-10) 0
DPTR FM NORMAL -9
[CDD (BASE 65) ]
TOTAL THIS MO. 361
DPTR FM NORMAL 134 [PRESSURE DATA]
TOTAL FM JAN 1 471 HIGHEST SLP 30.14 ON 10
DPTR FM NORMAL 175 LOWEST SLP 29.58 ON 2
[REMARKS]
#FINAL-07-22#