000
CXUS54 KEPZ 010955
CLMELP
CLIMATE REPORT
NATIONAL WEATHER SERVICE EL PASO TX/SANTA TERESA NM
355 AM MDT TUE AUG 01 2023
...................................
...THE EL PASO CLIMATE SUMMARY FOR THE MONTH OF JULY 2023...
CLIMATE NORMAL PERIOD 1991 TO 2020
CLIMATE RECORD PERIOD 1879 TO 2023
WEATHER OBSERVED NORMAL DEPART LAST YEAR`S
VALUE DATE(S) VALUE FROM VALUE DATE(S)
NORMAL
................................................................
TEMPERATURE (F)
RECORD
HIGH 112 07/10/1979
LOW 56 07/23/1880
HIGHEST 111 07/19 97 14 108 07/20
LOWEST 72 07/03 67 5 70 07/26
AVG. MAXIMUM 105.1 95.8 9.3 99.4
AVG. MINIMUM 78.2 73.0 5.2 74.3
MEAN 91.6 84.4 7.2 86.8
DAYS MAX >= 90 31 27.5 3.5 31
DAYS MAX <= 32 0 0.0 0.0 0
DAYS MIN <= 32 0 0.0 0.0 0
DAYS MIN <= 0 0 0.0 0.0 0
PRECIPITATION (INCHES)
RECORD
MAXIMUM 8.18 1881
MINIMUM 0.04 1978
TOTALS 0.30 1.58 -1.28 0.24
DAYS >= .01 3 7
DAYS >= .10 1 0
DAYS >= .50 0 0
DAYS >= 1.00 0 0
GREATEST
24 HR. TOTAL 0.22 07/10 TO 07/10
DEGREE DAYS
HEATING TOTAL 0 0 0 0
SINCE 7/1 0 0 0 MM
COOLING TOTAL 834 601 233 685
SINCE 1/1 2020 1628 392 MM
FREEZE DATES
RECORD
EARLIEST 10/16/1880
LATEST 05/02/1967
EARLIEST MM
LATEST 03/19
................................................................
WIND (MPH)
AVERAGE WIND SPEED 7.8
HIGHEST WIND SPEED/DIRECTION 36/010 DATE 07/03
HIGHEST GUST SPEED/DIRECTION 50/110 DATE 07/03
SKY COVER
AVERAGE SKY COVER 0.34
AVERAGE RH (PERCENT) 26
WEATHER CONDITIONS. NUMBER OF DAYS WITH
THUNDERSTORM 6 MIXED PRECIP 0
HEAVY RAIN 0 RAIN 0
LIGHT RAIN 7 FREEZING RAIN 0
LT FREEZING RAIN 0 HAIL 0
HEAVY SNOW 0 SNOW 0
LIGHT SNOW 0 SLEET 0
FOG 0 FOG W/VIS <= 1/4 MILE 0
HAZE 3
- INDICATES NEGATIVE NUMBERS.
R INDICATES RECORD WAS SET OR TIED.
MM INDICATES DATA IS MISSING.
T INDICATES TRACE AMOUNT.
$$