000
CXUS53 KMKX 010910
CF6ENW
PRELIMINARY LOCAL CLIMATOLOGICAL DATA (WS FORM: F-6)
STATION: KENOSHA WI
MONTH: NOVEMBER
YEAR: 2023
LATITUDE: 42 35 N
LONGITUDE: 87 56 W
TEMPERATURE IN F: :PCPN: SNOW: WIND :SUNSHINE: SKY :PK WND
================================================================================
1 2 3 4 5 6A 6B 7 8 9 10 11 12 13 14 15 16 17 18
12Z AVG MX 2MIN
DY MAX MIN AVG DEP HDD CDD WTR SNW DPTH SPD SPD DIR MIN PSBL S-S WX SPD DR
================================================================================
1 40 23 32 -14 33 0 0.00 M M 7.1 16 240 M M 3 20 240
2 55 35 45 -1 20 0 0.00 M M 11.0 21 230 M M 3 33 240
3 54 44 49 4 16 0 0.04 M M 8.9 20 240 M M 5 28 210
4 57 34 46 1 19 0 0.00 M M 4.4 12 330 M M 3 18 16 330
5 61 32 47 3 18 0 0.00 M M 7.5 17 210 M M 1 18 23 240
6 71 51 61 17 4 0 T M M 17.1 26 260 M M 2 3 39 210
7 52 45 49 5 16 0 0.00 M M 10.0 16 110 M M 7 24 120
8 52 48 50 7 15 0 0.57 M M 11.5 21 120 M M 10 13 33 320
9 55 39 47 4 18 0 0.00 M M 12.3 26 270 M M 2 38 260
10 45 29 37 -5 28 0 0.00 M M 7.8 20 310 M M 4 27 310
11 51 26 39 -3 26 0 0.00 M M 4.0 12 240 M M 2 16 220
12 58 44 51 9 14 0 0.00 M M 12.1 22 210 M M 4 28 190
13 63 34 49 8 16 0 0.00 M M 8.4 20 300 M M 0 28 300
14 62 30 46 5 19 0 0.00 M M 6.8 18 210 M M 0 25 210
15 65 39 52 12 13 0 0.00 M M 6.9 16 260 M M 0 23 250
16 68 39 54 14 11 0 0.00 M M 12.7 25 210 M M 2 39 220
17 59 28 44 5 21 0 T M M 8.9 21 360 M M 3 28 10
18 55 25 40 1 25 0 0.00 M M 8.8 20 250 M M 0 26 240
19 53 32 43 5 22 0 0.00 M M 6.8 10 90 M M 0 16 80
20 48 43 46 8 19 0 0.09 M M 16.0 22 80 M M 5 31 70
21 43 35 39 1 26 0 0.59 M M 10.1 18 90 M M 9 1 25 340
22 48 35 42 5 23 0 0.00 M M 10.2 17 240 M M 2 24 240
23 48 31 40 3 25 0 0.00 M M 8.7 17 240 M M 1 26 220
24 33 24 29 -7 36 0 0.00 M M 7.3 15 10 M M 0 22 340
25 38 23 31 -5 34 0 0.00 M M 3.8 12 250 M M 5 15 240
26 34 28 31 -5 34 0 0.14 M M 7.6 22 270 M M 10 18 33 280
27 30 16 23 -12 42 0 T M M 13.5 21 310 M M 8 32 310
28 26 13 20 -15 45 0 0.00 M M 12.2 18 240 M M 1 25 240
29 42 21 32 -3 33 0 0.00 M M 11.5 18 270 M M 2 26 280
30 52 31 42 8 23 0 0.00 M M 9.9 22 240 M M 1 31 260
================================================================================
SM 1518 977 694 0 1.43 M 283.8 M 95
================================================================================
AV 50.6 32.6 9.5 FASTST M M 3 MAX(MPH)
MISC ----> # 26 260 # 39 210
================================================================================
NOTES:
# LAST OF SEVERAL OCCURRENCES
COLUMN 17 PEAK WIND IN M.P.H.
PRELIMINARY LOCAL CLIMATOLOGICAL DATA (WS FORM: F-6) , PAGE 2
STATION: KENOSHA WI
MONTH: NOVEMBER
YEAR: 2023
LATITUDE: 42 35 N
LONGITUDE: 87 56 W
[TEMPERATURE DATA] [PRECIPITATION DATA] SYMBOLS USED IN COLUMN 16
AVERAGE MONTHLY: 41.6 TOTAL FOR MONTH: 1.43 1 = FOG OR MIST
DPTR FM NORMAL: 1.5 DPTR FM NORMAL: -0.62 2 = FOG REDUCING VISIBILITY
HIGHEST: 71 ON 6 GRTST 24HR 0.68 ON 20-21 TO 1/4 MILE OR LESS
LOWEST: 13 ON 28 3 = THUNDER
SNOW, ICE PELLETS, HAIL 4 = ICE PELLETS
TOTAL MONTH: M 5 = HAIL
GRTST 24HR M ON M 6 = FREEZING RAIN OR DRIZZLE
GRTST DEPTH: M ON M 7 = DUSTSTORM OR SANDSTORM:
VSBY 1/2 MILE OR LESS
8 = SMOKE OR HAZE
[NO. OF DAYS WITH] [WEATHER - DAYS WITH] 9 = BLOWING SNOW
X = TORNADO
MAX 32 OR BELOW: 2 0.01 INCH OR MORE: 5
MAX 90 OR ABOVE: 0 0.10 INCH OR MORE: 3
MIN 32 OR BELOW: 16 0.50 INCH OR MORE: 2
MIN 0 OR BELOW: 0 1.00 INCH OR MORE: 0
[HDD (BASE 65) ]
TOTAL THIS MO. 694 CLEAR (SCALE 0-3) 19
DPTR FM NORMAL -55 PTCLDY (SCALE 4-7) 7
TOTAL FM JUL 1 1097 CLOUDY (SCALE 8-10) 4
DPTR FM NORMAL -173
[CDD (BASE 65) ]
TOTAL THIS MO. 0
DPTR FM NORMAL 0 [PRESSURE DATA]
TOTAL FM JAN 1 858 HIGHEST SLP 30.54 ON 24
DPTR FM NORMAL 137 LOWEST SLP 29.59 ON 6
[REMARKS]
#FINAL-11-23#