000
CXUS56 KOTX 010910
CF6EPH
PRELIMINARY LOCAL CLIMATOLOGICAL DATA (WS FORM: F-6)
STATION: EPHRATA WA AIRPORT
MONTH: JULY
YEAR: 2022
LATITUDE: 47 18 N
LONGITUDE: 119 31 W
TEMPERATURE IN F: :PCPN: SNOW: WIND :SUNSHINE: SKY :PK WND
================================================================================
1 2 3 4 5 6A 6B 7 8 9 10 11 12 13 14 15 16 17 18
12Z AVG MX 2MIN
DY MAX MIN AVG DEP HDD CDD WTR SNW DPTH SPD SPD DIR MIN PSBL S-S WX SPD DR
================================================================================
1 90 62 76 4 0 11 0.00 M M 8.7 18 220 M M 0 24 220
2 91 65 78 6 0 13 T M M 9.4 21 110 M M 1 33 250
3 77 58 68 -4 0 3 0.02 M M 9.5 21 250 M M 3 3 26 250
4 79 59 69 -3 0 4 0.00 M M 10.3 17 20 M M 3 22 160
5 84 55 70 -3 0 5 T M M 8.3 17 300 M M 2 20 310
6 83 63 73 0 0 8 0.09 M M 8.3 21 300 M M 7 3 26 300
7 82 60 71 -3 0 6 0.26 M M 6.4 22 270 M M 5 1 26 260
8 85 61 73 -1 0 8 0.00 M M 9.5 22 310 M M 0 27 310
9 87 63 75 1 0 10 0.00 M M 11.5 25 300 M M 0 32 300
10 86 62 74 0 0 9 0.00 M M 9.2 22 240 M M 0 27 220
11 92 63 78 3 0 13 0.00 M M 6.5 14 220 M M 0 18 190
12 97 60 79 4 0 14 0.00 M M 6.9 21 310 M M 0 25 310
13 93 71 82 7 0 17 0.00 M M 10.8 21 300 M M 0 27 310
14 91 59 75 -1 0 10 0.00 M M 5.8 17 320 M M 0 21 320
15 94 59 77 1 0 12 0.00 M M 8.3 21 200 M M 0 25 190
16 92 65 79 3 0 14 0.00 M M 9.2 23 310 M M 0 29 310
17 85 63 74 -2 0 9 0.00 M M 11.6 30 300 M M 0 39 300
18 85 52 69 -7 0 4 T M M 8.5 21 200 M M 1 29 200
19 92 56 74 -2 0 9 0.00 M M 6.8 15 310 M M 0 20 190
20 98 67 83 6 0 18 0.00 M M 8.8 20 310 M M 0 24 310
21 97 64 81 4 0 16 0.00 M M 8.9 24 320 M M 0 29 310
22 92 68 80 3 0 15 0.00 M M 11.3 23 300 M M 0 30 310
23 91 59 75 -2 0 10 0.00 M M 6.5 15 300 M M 0 18 310
24 99 66 83 6 0 18 0.00 M M 6.8 16 320 M M 0 21 240
25 101 73 87 10 0 22 0.00 M M 8.0 16 330 M M 0 22 200
26 102 77 90 13 0 25 0.00 M M 7.8 18 340 M M 0 21 340
27 105 77 91 14 0 26 0.00 M M 9.6 18 310 M M 0 22 310
28 108 76 92 15 0 27 0.00 M M 8.1 17 310 M M 0 23 250
29 108 78 93 16 0 28 0.00 M M 9.7 20 230 M M 0 8 28 170
30 106 77 92 15 0 27 0.00 M M 10.4 23 330 M M 0 27 320
31 106 74 90 13 0 25 0.00 M M 8.0 18 310 M M 0 24 310
================================================================================
SM 2878 2012 0 436 0.37 M 269.4 M 22
================================================================================
AV 92.8 64.9 8.7 FASTST M M 1 MAX(MPH)
MISC ----> 30 300 39 300
================================================================================
NOTES:
# LAST OF SEVERAL OCCURRENCES
COLUMN 17 PEAK WIND IN M.P.H.
PRELIMINARY LOCAL CLIMATOLOGICAL DATA (WS FORM: F-6) , PAGE 2
STATION: EPHRATA WA AIRPORT
MONTH: JULY
YEAR: 2022
LATITUDE: 47 18 N
LONGITUDE: 119 31 W
[TEMPERATURE DATA] [PRECIPITATION DATA] SYMBOLS USED IN COLUMN 16
AVERAGE MONTHLY: 78.9 TOTAL FOR MONTH: 0.37 1 = FOG OR MIST
DPTR FM NORMAL: 3.6 DPTR FM NORMAL: 0.07 2 = FOG REDUCING VISIBILITY
HIGHEST: 108 ON 29,28 GRTST 24HR 0.33 ON 6- 7 TO 1/4 MILE OR LESS
LOWEST: 52 ON 18 3 = THUNDER
SNOW, ICE PELLETS, HAIL 4 = ICE PELLETS
TOTAL MONTH: M 5 = HAIL
GRTST 24HR M ON M 6 = FREEZING RAIN OR DRIZZLE
GRTST DEPTH: M ON M 7 = DUSTSTORM OR SANDSTORM:
VSBY 1/2 MILE OR LESS
8 = SMOKE OR HAZE
[NO. OF DAYS WITH] [WEATHER - DAYS WITH] 9 = BLOWING SNOW
X = TORNADO
MAX 32 OR BELOW: 0 0.01 INCH OR MORE: 3
MAX 90 OR ABOVE: 21 0.10 INCH OR MORE: 1
MIN 32 OR BELOW: 0 0.50 INCH OR MORE: 0
MIN 0 OR BELOW: 0 1.00 INCH OR MORE: 0
[HDD (BASE 65) ]
TOTAL THIS MO. 0 CLEAR (SCALE 0-3) 29
DPTR FM NORMAL -5 PTCLDY (SCALE 4-7) 2
TOTAL FM JUL 1 0 CLOUDY (SCALE 8-10) 0
DPTR FM NORMAL 0
[CDD (BASE 65) ]
TOTAL THIS MO. 436
DPTR FM NORMAL 112 [PRESSURE DATA]
TOTAL FM JAN 1 534 HIGHEST SLP M ON M
DPTR FM NORMAL 49 LOWEST SLP 29.66 ON 2
[REMARKS]
#FINAL-07-22#