000
CXUS53 KPAH 020112
CLAEVV
CLIMATE REPORT
NATIONAL WEATHER SERVICE PADUCAH
712 PM CST SAT JAN 01 2022
...................................
...THE EVANSVILLE IN CLIMATE SUMMARY FOR THE YEAR OF 2021...
CLIMATE NORMAL PERIOD 1991 TO 2020
CLIMATE RECORD PERIOD 1896 TO 2021
WEATHER OBSERVED NORMAL DEPART LAST YEAR`S
VALUE DATE(S) VALUE FROM VALUE DATE(S)
NORMAL
................................................................
TEMPERATURE (F)
RECORD
HIGH 111 07/28/1930
LOW -23 02/02/1951
HIGHEST 96 08/26 95 07/07
LOWEST 2 02/16 11 02/14
02/17
AVG. MAXIMUM 68.1 67.2 0.9 67.5
AVG. MINIMUM 47.6 47.1 0.5 47.8
MEAN 57.9 57.2 0.7 57.6
DAYS MAX >= 90 35 41.0 -6.0 37
DAYS MAX <= 32 15 15.7 -0.7 6
DAYS MIN <= 32 84 90.4 -6.4 76
DAYS MIN <= 0 0 1.0 -1.0 0
PRECIPITATION (INCHES)
RECORD
MAXIMUM 70.03 2011
MINIMUM 0.01 1910
TOTALS 45.60 47.91 -2.31 60.61
DAILY AVG. 0.13 0.13 -0.00 0.17
DAYS >= .01 118 118.0 0.0 122
DAYS >= .10 80 76.4 3.6 86
DAYS >= .50 34 32.2 1.8 41
DAYS >= 1.00 11 12.9 -1.9 22
GREATEST
24 HR. TOTAL 2.73
STORM TOTAL 2.22
SNOWFALL (INCHES)
RECORDS
TOTAL 41.0 1918
24 HR TOTAL 19.3 12/22/2004 TO 12/22/2004
TOTALS 7.8 10.8 -3.0 T
LIQUID EQUIV 0.80 1.50 -0.70
SINCE 7/1 0.0 3.2 -3.2 MM
LIQUID 7/1 0.00
SNOWDEPTH AVG. 0
DAYS >= TRACE 22 8.3 13.7 24
DAYS >= 1.0 2 3.2 -1.2
GREATEST
SNOW DEPTH 4 02/16
02/17
24 HR TOTAL 5.6
STORM TOTAL 3.5
DEGREE DAYS
HEATING TOTAL 4057 4340 -283 4097
SINCE 7/1 1391 1684 -293
FREEZE DATES
RECORD
EARLIEST 10/03/1974
LATEST 05/10/1966
EARLIEST 11/03
LATEST 04/22
................................................................
WIND (MPH)
AVERAGE WIND SPEED 6.4
HIGHEST WIND SPEED/DIRECTION 38/260 DATE 12/06
HIGHEST GUST SPEED/DIRECTION 53/260 DATE 12/06
SKY COVER
POSSIBLE SUNSHINE (PERCENT) MM
AVERAGE SKY COVER 0.37
NUMBER OF DAYS FAIR 187
NUMBER OF DAYS PC 95
NUMBER OF DAYS CLOUDY 52
AVERAGE RH (PERCENT) 69
WEATHER CONDITIONS. NUMBER OF DAYS WITH
THUNDERSTORM 45 MIXED PRECIP 0
HEAVY RAIN 59 RAIN 71
LIGHT RAIN 122 FREEZING RAIN 2
LT FREEZING RAIN 3 HAIL 0
HEAVY SNOW 1 SNOW 3
LIGHT SNOW 20 SLEET 2
FOG 172 FOG W/VIS <= 1/4 MILE 32
HAZE 59
- INDICATES NEGATIVE NUMBERS.
R INDICATES RECORD WAS SET OR TIED.
MM INDICATES DATA IS MISSING.
T INDICATES TRACE AMOUNT.
$$