000
CXUS52 KMHX 010600
CF6EWN
PRELIMINARY LOCAL CLIMATOLOGICAL DATA (WS FORM: F-6)
STATION: NEW BERN NC
MONTH: JUNE
YEAR: 2023
LATITUDE: 35 4 N
LONGITUDE: 77 3 W
TEMPERATURE IN F: :PCPN: SNOW: WIND :SUNSHINE: SKY :PK WND
================================================================================
1 2 3 4 5 6A 6B 7 8 9 10 11 12 13 14 15 16 17 18
12Z AVG MX 2MIN
DY MAX MIN AVG DEP HDD CDD WTR SNW DPTH SPD SPD DIR MIN PSBL S-S WX SPD DR
================================================================================
1 80 65 73 -1 0 8 T 0.0 0 8.3 16 50 M M 8 21 70
2 81 67 74 0 0 9 T 0.0 0 9.7 17 40 M M 7 21 40
3 84 63 74 0 0 9 0.00 0.0 0 8.6 21 40 M M 4 12 26 30
4 71 54 63 -11 2 0 0.00 0.0 0 12.4 22 30 M M 6 28 30
5 80 49 65 -10 0 0 0.00 0.0 0 3.5 12 170 M M 1 15 210
6 83 59 71 -4 0 6 0.00 0.0 0 7.5 14 210 M M 3 19 200
7 83 62 73 -2 0 8 0.56 0.0 0 4.1 14 330 M M 3 138 20 320
8 80 60 70 -5 0 5 0.03 0.0 0 5.3 14 360 M M 4 18 18 330
9 82 55 69 -7 0 4 0.00 0.0 M 2.2 12 170 M M 2 128 15 180
10 85 57 71 -5 0 6 0.00 0.0 M 4.5 16 210 M M 0 18 20 200
11 86 61 74 -2 0 9 0.00 0.0 0 7.0 17 160 M M 2 1 25 170
12 86 69 78 2 0 13 0.57 0.0 0 9.0 25 180 M M 4 138 34 180
13 83 66 75 -2 0 10 0.00 0.0 M 3.8 12 140 M M 3 1 14 130
14 86 63 75 -2 0 10 0.00 0.0 M 9.9 21 240 M M 2 1 31 260
15 87 70 79 2 0 14 0.00 0.0 0 6.6 15 220 M M 2 19 230
16 87 67 77 0 0 12 T 0.0 M 5.3 16 220 M M 1 20 220
17 85 66 76 -2 0 11 0.00 0.0 0 5.6 13 320 M M 0 8 20 340
18 87 64 76 -2 0 11 0.00 0.0 0 4.5 16 180 M M 2 1 22 170
19 86 65 76 -2 0 11 0.00 0.0 0 5.7 16 120 M M 0 1 21 100
20 84 70 77 -1 0 12 0.02 0.0 0 6.7 18 40 M M 6 1 23 40
21 83 70 77 -1 0 12 0.33 0.0 0 4.8 12 360 M M 8 13 14 360
22 84 71 78 0 0 13 0.86 0.0 0 8.1 31 210 M M 5 1238 46 200
23 86 72 79 0 0 14 0.36 0.0 0 7.2 24 180 M M 4 138 33 210
24 90 70 80 1 0 15 0.57 0.0 0 5.8 17 270 M M 4 13 22 260
25 90 70 80 1 0 15 0.00 0.0 0 6.0 16 200 M M 1 21 200
26 89 73 81 2 0 16 0.08 0.0 0 10.9 21 190 M M 1 13 31 200
27 90 66 78 -1 0 13 0.70 0.0 0 5.7 25 320 M M 3 13 34 330
28 89 69 79 0 0 14 0.00 0.0 0 3.5 12 310 M M 2 1 16 280
29 88 68 78 -2 0 13 0.00 0.0 0 4.7 15 70 M M 2 138 18 70
30 90 68 79 -1 0 14 0.00 0.0 0 2.3 12 150 M M 1 18 14 160
================================================================================
SM 2545 1949 2 307 4.08 0.0 189.2 M 91
================================================================================
AV 84.8 65.0 6.3 FASTST M M 3 MAX(MPH)
MISC ----> 31 210 46 200
================================================================================
NOTES:
# LAST OF SEVERAL OCCURRENCES
COLUMN 17 PEAK WIND IN M.P.H.
PRELIMINARY LOCAL CLIMATOLOGICAL DATA (WS FORM: F-6) , PAGE 2
STATION: NEW BERN NC
MONTH: JUNE
YEAR: 2023
LATITUDE: 35 4 N
LONGITUDE: 77 3 W
[TEMPERATURE DATA] [PRECIPITATION DATA] SYMBOLS USED IN COLUMN 16
AVERAGE MONTHLY: 74.9 TOTAL FOR MONTH: 4.08 1 = FOG OR MIST
DPTR FM NORMAL: -2.1 DPTR FM NORMAL: -0.52 2 = FOG REDUCING VISIBILITY
HIGHEST: 90 ON 30,27 GRTST 24HR 0.98 ON 21-22 TO 1/4 MILE OR LESS
LOWEST: 49 ON 5 3 = THUNDER
SNOW, ICE PELLETS, HAIL 4 = ICE PELLETS
TOTAL MONTH: 0.0 INCH 5 = HAIL
GRTST 24HR 0.0 6 = FREEZING RAIN OR DRIZZLE
GRTST DEPTH: 0 7 = DUSTSTORM OR SANDSTORM:
VSBY 1/2 MILE OR LESS
8 = SMOKE OR HAZE
[NO. OF DAYS WITH] [WEATHER - DAYS WITH] 9 = BLOWING SNOW
X = TORNADO
MAX 32 OR BELOW: 0 0.01 INCH OR MORE: 10
MAX 90 OR ABOVE: 4 0.10 INCH OR MORE: 7
MIN 32 OR BELOW: 0 0.50 INCH OR MORE: 5
MIN 0 OR BELOW: 0 1.00 INCH OR MORE: 0
[HDD (BASE 65) ]
TOTAL THIS MO. 2 CLEAR (SCALE 0-3) 16
DPTR FM NORMAL 1 PTCLDY (SCALE 4-7) 14
TOTAL FM JUL 1 2079 CLOUDY (SCALE 8-10) 0
DPTR FM NORMAL -619
[CDD (BASE 65) ]
TOTAL THIS MO. 307
DPTR FM NORMAL -52 [PRESSURE DATA]
TOTAL FM JAN 1 531 HIGHEST SLP M ON M
DPTR FM NORMAL -77 LOWEST SLP 29.62 ON 16
[REMARKS]
#FINAL-06-23#