000
CXUS52 KMHX 010600
CF6EWN
PRELIMINARY LOCAL CLIMATOLOGICAL DATA (WS FORM: F-6)
STATION: NEW BERN NC
MONTH: MAY
YEAR: 2023
LATITUDE: 35 4 N
LONGITUDE: 77 3 W
TEMPERATURE IN F: :PCPN: SNOW: WIND :SUNSHINE: SKY :PK WND
================================================================================
1 2 3 4 5 6A 6B 7 8 9 10 11 12 13 14 15 16 17 18
12Z AVG MX 2MIN
DY MAX MIN AVG DEP HDD CDD WTR SNW DPTH SPD SPD DIR MIN PSBL S-S WX SPD DR
================================================================================
1 71 51 61 -5 4 0 0.00 0.0 0 9.8 22 250 M M 1 30 260
2 73 50 62 -4 3 0 0.00 0.0 0 8.8 24 270 M M 2 33 280
3 70 47 59 -7 6 0 0.00 0.0 0 9.4 24 320 M M 3 32 280
4 72 44 58 -9 7 0 0.00 0.0 0 5.6 16 310 M M 2 22 300
5 76 46 61 -6 4 0 0.00 0.0 0 3.1 12 170 M M 2 1 15 350
6 77 53 65 -2 0 0 0.00 0.0 0 4.0 14 140 M M 4 1 17 140
7 83 55 69 2 0 4 0.00 0.0 0 9.1 18 220 M M 1 26 210
8 84 64 74 6 0 9 0.03 0.0 0 8.8 16 260 M M 2 1 21 240
9 87 60 74 6 0 9 0.34 0.0 0 9.1 33 360 M M 3 138 47 360
10 78 56 67 -1 0 2 0.00 0.0 0 8.5 16 30 M M 1 25 40
11 79 54 67 -1 0 2 0.00 0.0 0 4.6 15 170 M M 0 20 150
12 82 55 69 0 0 4 0.00 0.0 0 5.5 16 210 M M 1 18 23 180
13 83 56 70 1 0 5 0.00 0.0 0 6.8 16 200 M M 0 25 210
14 76 61 69 0 0 4 T 0.0 0 5.9 14 50 M M 8 19 50
15 79 52 66 -3 0 1 0.00 0.0 0 4.5 13 50 M M 1 18 50
16 82 61 72 2 0 7 T 0.0 0 9.1 20 180 M M 4 26 170
17 81 63 72 2 0 7 T 0.0 0 7.6 15 110 M M 5 3 20 220
18 76 60 68 -2 0 3 0.00 0.0 0 11.4 21 70 M M 2 28 70
19 67 64 66 -4 0 1 1.90 0.0 0 11.0 18 70 M M 10 1 26 70
20 78 64 71 1 0 6 T 0.0 0 5.8 10 350 M M 8 1 14 360
21 71 57 64 -7 1 0 0.01 0.0 0 4.5 16 30 M M 8 18 21 20
22 78 53 66 -5 0 1 0.00 0.0 0 6.5 16 60 M M 1 12 22 30
23 77 59 68 -3 0 3 0.00 0.0 0 12.7 20 50 M M 4 25 30
24 73 59 66 -6 0 1 0.00 0.0 0 10.4 16 20 M M 8 21 20
25 75 55 65 -7 0 0 0.00 0.0 0 13.4 23 50 M M 7 33 60
26 66 60 63 -9 2 0 0.01 0.0 0 15.2 26 40 M M 7 33 30
27 64 58 61 -11 4 0 0.58 0.0 0 16.1 30 50 M M 10 1 36 50
28 79 63 71 -1 0 6 1.38 0.0 0 9.6 17 70 M M 9 13 24 150
29 76 62 69 -4 0 4 0.03 0.0 0 4.7 15 220 M M 7 1 19 210
30 78 61 70 -3 0 5 0.31 0.0 0 7.2 20 60 M M 7 12 22 60
31 75 64 70 -3 0 5 T 0.0 0 9.7 15 30 M M 10 1 20 30
================================================================================
SM 2366 1767 31 89 4.59 0.0 258.4 M 138
================================================================================
AV 76.3 57.0 8.3 FASTST M M 4 MAX(MPH)
MISC ----> 33 360 47 360
================================================================================
NOTES:
# LAST OF SEVERAL OCCURRENCES
COLUMN 17 PEAK WIND IN M.P.H.
PRELIMINARY LOCAL CLIMATOLOGICAL DATA (WS FORM: F-6) , PAGE 2
STATION: NEW BERN NC
MONTH: MAY
YEAR: 2023
LATITUDE: 35 4 N
LONGITUDE: 77 3 W
[TEMPERATURE DATA] [PRECIPITATION DATA] SYMBOLS USED IN COLUMN 16
AVERAGE MONTHLY: 66.7 TOTAL FOR MONTH: 4.59 1 = FOG OR MIST
DPTR FM NORMAL: -2.8 DPTR FM NORMAL: 0.34 2 = FOG REDUCING VISIBILITY
HIGHEST: 87 ON 9 GRTST 24HR 1.90 ON 19-19 TO 1/4 MILE OR LESS
LOWEST: 44 ON 4 3 = THUNDER
SNOW, ICE PELLETS, HAIL 4 = ICE PELLETS
TOTAL MONTH: 0.0 INCH 5 = HAIL
GRTST 24HR 0.0 6 = FREEZING RAIN OR DRIZZLE
GRTST DEPTH: 0 7 = DUSTSTORM OR SANDSTORM:
VSBY 1/2 MILE OR LESS
8 = SMOKE OR HAZE
[NO. OF DAYS WITH] [WEATHER - DAYS WITH] 9 = BLOWING SNOW
X = TORNADO
MAX 32 OR BELOW: 0 0.01 INCH OR MORE: 9
MAX 90 OR ABOVE: 0 0.10 INCH OR MORE: 5
MIN 32 OR BELOW: 0 0.50 INCH OR MORE: 3
MIN 0 OR BELOW: 0 1.00 INCH OR MORE: 2
[HDD (BASE 65) ]
TOTAL THIS MO. 31 CLEAR (SCALE 0-3) 15
DPTR FM NORMAL -2 PTCLDY (SCALE 4-7) 12
TOTAL FM JUL 1 2077 CLOUDY (SCALE 8-10) 4
DPTR FM NORMAL -619
[CDD (BASE 65) ]
TOTAL THIS MO. 89
DPTR FM NORMAL -85 [PRESSURE DATA]
TOTAL FM JAN 1 224 HIGHEST SLP M ON M
DPTR FM NORMAL -25 LOWEST SLP 29.52 ON 2
[REMARKS]
#FINAL-05-23#