000
CXUS52 KMHX 011939
CF6EWN
PRELIMINARY LOCAL CLIMATOLOGICAL DATA (WS FORM: F-6)
STATION: NEW BERN NC
MONTH: APRIL
YEAR: 2022
LATITUDE: 35 4 N
LONGITUDE: 77 3 W
TEMPERATURE IN F: :PCPN: SNOW: WIND :SUNSHINE: SKY :PK WND
================================================================================
1 2 3 4 5 6A 6B 7 8 9 10 11 12 13 14 15 16 17 18
12Z AVG MX 2MIN
DY MAX MIN AVG DEP HDD CDD WTR SNW DPTH SPD SPD DIR MIN PSBL S-S WX SPD DR
================================================================================
1 74 49 62 4 3 0 0.00 0.0 0 11.2 22 270 M M 1 29 280
2 64 43 54 -4 11 0 0.00 0.0 0 6.8 14 130 M M 1 18 130
3 74 47 61 3 4 0 0.00 0.0 0 6.4 20 310 M M 1 25 300
4 66 42 54 -4 11 0 0.00 0.0 0 5.8 13 180 M M 0 18 60
5 76 48 62 3 3 0 1.37 0.0 0 8.0 24 170 M M 5 37 210
6 82 63 73 14 0 8 T 0.0 0 9.8 20 220 M M 4 3 27 210
7 85 58 72 13 0 7 0.06 0.0 0 9.9 21 200 M M 4 3 30 200
8 72 48 60 0 5 0 0.03 0.0 0 6.6 22 210 M M 3 29 220
9 61 47 54 -6 11 0 0.00 0.0 0 9.2 20 290 M M 7 24 260
10 62 41 52 -8 13 0 0.00 0.0 0 9.1 22 290 M M 0 28 290
11 81 41 61 1 4 0 0.00 0.0 0 7.4 20 180 M M 0 26 170
12 85 61 73 12 0 8 0.00 0.0 0 9.5 14 220 M M 2 27 260
13 84 63 74 13 0 9 0.00 0.0 0 11.2 20 190 M M 0 27 220
14 81 64 73 12 0 8 0.00 0.0 0 10.7 25 230 M M 1 33 210
15 73 49 61 -1 4 0 0.00 0.0 0 9.5 22 50 M M 2 31 30
16 75 46 61 -1 4 0 T 0.0 0 4.7 16 220 M M 1 22 170
17 72 55 64 2 1 0 0.00 0.0 0 11.6 21 70 M M 3 26 80
18 67 49 58 -4 7 0 0.73 0.0 0 13.2 30 300 M M 8 37 300
19 62 39 51 -12 14 0 0.00 0.0 0 8.4 21 300 M M 1 30 290
20 62 38 50 -13 15 0 0.00 0.0 0 5.6 13 60 M M 0 18 40
21 73 43 58 -5 7 0 0.00 0.0 0 3.8 14 170 M M 2 17 130
22 82 51 67 3 0 2 0.00 0.0 0 3.2 14 180 M M 1 16 140
23 80 56 68 4 0 3 0.00 0.0 0 3.5 12 200 M M 2 16 110
24 85 58 72 8 0 7 0.00 0.0 0 6.3 15 180 M M 0 21 180
25 86 54 70 6 0 5 0.00 0.0 0 7.1 16 180 M M 0 21 180
26 88 61 75 10 0 10 0.26 0.0 0 7.8 22 300 M M 2 1 32 280
27 70 51 61 -4 4 0 0.00 0.0 0 8.2 20 280 M M 2 25 290
28 68 43 56 -9 9 0 0.00 0.0 0 6.7 20 10 M M 0 22 10
29 70 43 57 -8 8 0 0.00 0.0 0 2.9 9 200 M M 3 1 13 50
30 76 52 64 -2 1 0 T 0.0 0 3.1 9 100 M M 6 16 310
================================================================================
SM 2236 1503 139 67 2.45 0.0 227.2 M 62
================================================================================
AV 74.5 50.1 7.6 FASTST M M 2 MAX(MPH)
MISC ----> 30 300 # 37 210
================================================================================
NOTES:
# LAST OF SEVERAL OCCURRENCES
COLUMN 17 PEAK WIND IN M.P.H.
PRELIMINARY LOCAL CLIMATOLOGICAL DATA (WS FORM: F-6) , PAGE 2
STATION: NEW BERN NC
MONTH: APRIL
YEAR: 2022
LATITUDE: 35 4 N
LONGITUDE: 77 3 W
[TEMPERATURE DATA] [PRECIPITATION DATA] SYMBOLS USED IN COLUMN 16
AVERAGE MONTHLY: 62.3 TOTAL FOR MONTH: 2.45 1 = FOG OR MIST
DPTR FM NORMAL: 0.5 DPTR FM NORMAL: -0.73 2 = FOG REDUCING VISIBILITY
HIGHEST: 88 ON 26 GRTST 24HR 1.37 ON 5- 5 TO 1/4 MILE OR LESS
LOWEST: 38 ON 20 3 = THUNDER
SNOW, ICE PELLETS, HAIL 4 = ICE PELLETS
TOTAL MONTH: 0.0 INCH 5 = HAIL
GRTST 24HR 0.0 6 = FREEZING RAIN OR DRIZZLE
GRTST DEPTH: 0 7 = DUSTSTORM OR SANDSTORM:
VSBY 1/2 MILE OR LESS
8 = SMOKE OR HAZE
[NO. OF DAYS WITH] [WEATHER - DAYS WITH] 9 = BLOWING SNOW
X = TORNADO
MAX 32 OR BELOW: 0 0.01 INCH OR MORE: 5
MAX 90 OR ABOVE: 0 0.10 INCH OR MORE: 3
MIN 32 OR BELOW: 0 0.50 INCH OR MORE: 2
MIN 0 OR BELOW: 0 1.00 INCH OR MORE: 1
[HDD (BASE 65) ]
TOTAL THIS MO. 139 CLEAR (SCALE 0-3) 24
DPTR FM NORMAL -15 PTCLDY (SCALE 4-7) 5
TOTAL FM JUL 1 2246 CLOUDY (SCALE 8-10) 1
DPTR FM NORMAL -419
[CDD (BASE 65) ]
TOTAL THIS MO. 67
DPTR FM NORMAL 11 [PRESSURE DATA]
TOTAL FM JAN 1 117 HIGHEST SLP 30.52 ON 21
DPTR FM NORMAL 42 LOWEST SLP 29.50 ON 7
[REMARKS]
#FINAL-04-22#
CORRECTED TO FILL MISSING SNOW AND SNOW DEPTH DATA.