000
CXUS52 KMHX 010700
CF6EWN
PRELIMINARY LOCAL CLIMATOLOGICAL DATA (WS FORM: F-6)
STATION: NEW BERN NC
MONTH: NOVEMBER
YEAR: 2020
LATITUDE: 35 4 N
LONGITUDE: 77 3 W
TEMPERATURE IN F: :PCPN: SNOW: WIND :SUNSHINE: SKY :PK WND
================================================================================
1 2 3 4 5 6A 6B 7 8 9 10 11 12 13 14 15 16 17 18
12Z AVG MX 2MIN
DY MAX MIN AVG DEP HDD CDD WTR SNW DPTH SPD SPD DIR MIN PSBL S-S WX SPD DR
================================================================================
1 77 49 63 4 2 0 0.57 M 0 8.2 24 180 M M 5 1 33 180
2 56 36 46 -13 19 0 0.00 0.0 0 11.5 25 330 M M 0 35 340
3 65 36 51 -8 14 0 0.00 0.0 0 3.9 12 280 M M 0 16 310
4 71 39 55 -3 10 0 0.00 0.0 0 1.6 9 260 M M 0 1 12 270
5 75 48 62 4 3 0 0.00 0.0 0 2.7 10 60 M M 3 1 12 60
6 72 59 66 8 0 1 0.01 0.0 0 4.4 10 60 M M 8 12 12 40
7 77 54 66 8 0 1 0.00 0.0 0 3.8 12 70 M M 2 12 16 100
8 78 57 68 11 0 3 0.00 0.0 0 6.9 14 70 M M 1 17 70
9 78 60 69 12 0 4 0.01 0.0 0 5.9 14 110 M M 4 1 18 100
10 77 56 67 10 0 2 0.04 0.0 0 2.0 10 100 M M 7 12 18 100
11 81 60 71 15 0 6 0.16 0.0 0 7.9 22 170 M M 6 1 28 170
12 76 64 70 14 0 5 4.38 0.0 0 8.7 25 320 M M 10 1 35 360
13 65 51 58 2 7 0 0.00 0.0 0 6.6 14 350 M M 9 12 18 340
14 66 50 58 2 7 0 0.00 0.0 0 3.5 10 70 M M 5 12 14 50
15 74 52 63 8 2 0 T 0.0 0 8.5 18 170 M M 6 27 170
16 69 43 56 1 9 0 T M 0 5.7 21 320 M M 2 26 320
17 65 38 52 -3 13 0 0.00 0.0 0 8.4 23 290 M M 0 31 290
18 50 35 43 -11 22 0 0.00 0.0 0 8.2 20 30 M M 0 23 350
19 59 32 46 -8 19 0 0.00 0.0 0 1.4 10 20 M M 1 12 13 20
20 73 39 56 2 9 0 0.00 0.0 0 1.7 10 220 M M 0 15 210
21 73 42 58 4 7 0 0.00 0.0 0 1.0 9 230 M M 0 1 11 270
22 71 44 58 5 7 0 0.02 M 0 3.6 9 100 M M 6 12 13 70
23 67 44 56 3 9 0 0.02 M 0 8.3 18 360 M M 4 1 25 320
24 56 39 48 -5 17 0 0.00 0.0 0 5.1 14 50 M M 0 17 30
25 67 37 52 0 13 0 0.00 0.0 0 3.8 13 170 M M 4 12 18 180
26 78 63 71 19 0 6 0.18 0.0 0 6.8 15 240 M M 6 1 20 250
27 73 52 63 11 2 0 0.02 0.0 0 3.3 12 310 M M 7 12 15 330
28 66 44 55 3 10 0 0.03 0.0 0 1.8 10 350 M M 5 12 14 320
29 65 41 53 2 12 0 0.08 0.0 0 4.6 10 130 M M 5 12 14 120
30 75 52 64 13 1 0 0.82 0.0 0 12.9 32 200 M M 5 1 45 200
================================================================================
SM 2095 1416 214 28 6.34 0.0 162.7 M 111
================================================================================
AV 69.8 47.2 5.4 FASTST M M 4 MAX(MPH)
MISC ----> # 32 200 # 45 200
================================================================================
NOTES:
# LAST OF SEVERAL OCCURRENCES
COLUMN 17 PEAK WIND IN M.P.H.
PRELIMINARY LOCAL CLIMATOLOGICAL DATA (WS FORM: F-6) , PAGE 2
STATION: NEW BERN NC
MONTH: NOVEMBER
YEAR: 2020
LATITUDE: 35 4 N
LONGITUDE: 77 3 W
[TEMPERATURE DATA] [PRECIPITATION DATA] SYMBOLS USED IN COLUMN 16
AVERAGE MONTHLY: 58.5 TOTAL FOR MONTH: 6.34 1 = FOG OR MIST
DPTR FM NORMAL: 3.3 DPTR FM NORMAL: 2.94 2 = FOG REDUCING VISIBILITY
HIGHEST: 81 ON 11 GRTST 24HR 4.38 ON 12-12 TO 1/4 MILE OR LESS
LOWEST: 32 ON 19 3 = THUNDER
SNOW, ICE PELLETS, HAIL 4 = ICE PELLETS
TOTAL MONTH: 0.0 INCH 5 = HAIL
GRTST 24HR 0.0 6 = FREEZING RAIN OR DRIZZLE
GRTST DEPTH: 0 7 = DUSTSTORM OR SANDSTORM:
VSBY 1/2 MILE OR LESS
8 = SMOKE OR HAZE
[NO. OF DAYS WITH] [WEATHER - DAYS WITH] 9 = BLOWING SNOW
X = TORNADO
MAX 32 OR BELOW: 0 0.01 INCH OR MORE: 13
MAX 90 OR ABOVE: 0 0.10 INCH OR MORE: 5
MIN 32 OR BELOW: 1 0.50 INCH OR MORE: 3
MIN 0 OR BELOW: 0 1.00 INCH OR MORE: 1
[HDD (BASE 65) ]
TOTAL THIS MO. 214 CLEAR (SCALE 0-3) 12
DPTR FM NORMAL -96 PTCLDY (SCALE 4-7) 15
TOTAL FM JUL 1 255 CLOUDY (SCALE 8-10) 3
DPTR FM NORMAL -172
[CDD (BASE 65) ]
TOTAL THIS MO. 28
DPTR FM NORMAL 13 [PRESSURE DATA]
TOTAL FM JAN 1 1991 HIGHEST SLP M ON M
DPTR FM NORMAL 91 LOWEST SLP 29.53 ON 30
[REMARKS]
#FINAL-11-20#