000
CXUS52 KMHX 010700
CF6EWN
PRELIMINARY LOCAL CLIMATOLOGICAL DATA (WS FORM: F-6)
STATION: NEW BERN NC
MONTH: OCTOBER
YEAR: 2020
LATITUDE: 35 4 N
LONGITUDE: 77 3 W
TEMPERATURE IN F: :PCPN: SNOW: WIND :SUNSHINE: SKY :PK WND
================================================================================
1 2 3 4 5 6A 6B 7 8 9 10 11 12 13 14 15 16 17 18
12Z AVG MX 2MIN
DY MAX MIN AVG DEP HDD CDD WTR SNW DPTH SPD SPD DIR MIN PSBL S-S WX SPD DR
================================================================================
1 79 52 66 -3 0 1 0.00 0.0 0 3.9 10 180 M M 0 14 240
2 72 57 65 -4 0 0 0.00 0.0 0 7.6 17 20 M M 3 23 350
3 69 56 63 -5 2 0 0.00 0.0 0 9.4 18 50 M M 7 22 40
4 63 58 61 -7 4 0 0.17 0.0 0 8.3 15 30 M M 10 1 20 20
5 73 55 64 -4 1 0 0.00 0.0 0 4.6 9 30 M M 2 1 13 330
6 75 54 65 -2 0 0 0.00 0.0 0 3.1 10 60 M M 1 1 14 100
7 84 56 70 3 0 5 0.00 0.0 0 4.8 14 270 M M 1 1 19 240
8 83 61 72 5 0 7 0.00 0.0 0 6.1 13 10 M M 0 18 10
9 74 62 68 2 0 3 0.00 0.0 0 6.1 12 70 M M 7 14 70
10 81 64 73 7 0 8 0.01 0.0 0 3.7 15 170 M M 5 21 180
11 74 67 71 5 0 6 1.74 0.0 0 5.3 14 140 M M 9 13 22 140
12 84 69 77 12 0 12 0.07 0.0 0 2.9 10 180 M M 8 128 15 180
13 81 66 74 9 0 9 0.00 0.0 0 6.1 12 330 M M 7 1 15 330
14 74 53 64 -1 1 0 0.00 0.0 0 5.1 12 30 M M 2 14 360
15 81 53 67 3 0 2 0.00 0.0 0 4.1 13 170 M M 3 1 19 180
16 84 56 70 6 0 5 0.15 0.0 0 7.0 16 360 M M 8 1 24 310
17 65 49 57 -7 8 0 0.00 0.0 0 10.7 18 20 M M 2 24 20
18 76 50 63 0 2 0 0.00 0.0 0 5.8 12 100 M M 0 1 16 130
19 79 56 68 5 0 3 0.00 0.0 0 6.5 14 70 M M 7 1 17 60
20 81 63 72 9 0 7 0.01 0.0 0 4.3 10 80 M M 5 12 13 80
21 81 62 72 10 0 7 T 0.0 0 4.2 10 130 M M 2 12 13 130
22 81 62 72 10 0 7 0.00 0.0 0 4.5 12 70 M M 4 1 14 120
23 79 64 72 10 0 7 0.00 0.0 0 3.2 10 30 M M 5 16 20
24 83 60 72 10 0 7 0.00 0.0 0 2.2 10 180 M M 4 12 14 160
25 70 59 65 4 0 0 1.50 0.0 0 6.0 14 360 M M 8 1 17 60
26 69 56 63 2 2 0 0.00 0.0 0 4.7 13 360 M M 7 12 15 320
27 75 60 68 7 0 3 0.00 0.0 0 2.5 10 60 M M 8 12 13 50
28 81 56 69 9 0 4 0.00 0.0 0 2.2 9 240 M M 3 12 11 210
29 83 62 73 13 0 8 0.01 0.0 0 12.1 31 210 M M 4 1 44 220
30 78 51 65 5 0 0 0.01 0.0 0 12.2 26 260 M M 4 39 280
31 65 48 57 -3 8 0 0.00 0.0 0 8.2 15 40 M M 1 19 30
================================================================================
SM 2377 1797 28 111 3.67 0.0 177.4 M 137
================================================================================
AV 76.7 58.0 5.7 FASTST M M 4 MAX(MPH)
MISC ----> # 31 210 # 44 220
================================================================================
NOTES:
# LAST OF SEVERAL OCCURRENCES
COLUMN 17 PEAK WIND IN M.P.H.
PRELIMINARY LOCAL CLIMATOLOGICAL DATA (WS FORM: F-6) , PAGE 2
STATION: NEW BERN NC
MONTH: OCTOBER
YEAR: 2020
LATITUDE: 35 4 N
LONGITUDE: 77 3 W
[TEMPERATURE DATA] [PRECIPITATION DATA] SYMBOLS USED IN COLUMN 16
AVERAGE MONTHLY: 67.3 TOTAL FOR MONTH: 3.67 1 = FOG OR MIST
DPTR FM NORMAL: 3.2 DPTR FM NORMAL: 0.41 2 = FOG REDUCING VISIBILITY
HIGHEST: 84 ON 16,12 GRTST 24HR 1.74 ON 11-11 TO 1/4 MILE OR LESS
LOWEST: 48 ON 31 3 = THUNDER
SNOW, ICE PELLETS, HAIL 4 = ICE PELLETS
TOTAL MONTH: 0.0 INCH 5 = HAIL
GRTST 24HR 0.0 6 = FREEZING RAIN OR DRIZZLE
GRTST DEPTH: 0 7 = DUSTSTORM OR SANDSTORM:
VSBY 1/2 MILE OR LESS
8 = SMOKE OR HAZE
[NO. OF DAYS WITH] [WEATHER - DAYS WITH] 9 = BLOWING SNOW
X = TORNADO
MAX 32 OR BELOW: 0 0.01 INCH OR MORE: 9
MAX 90 OR ABOVE: 0 0.10 INCH OR MORE: 4
MIN 32 OR BELOW: 0 0.50 INCH OR MORE: 2
MIN 0 OR BELOW: 0 1.00 INCH OR MORE: 2
[HDD (BASE 65) ]
TOTAL THIS MO. 28 CLEAR (SCALE 0-3) 12
DPTR FM NORMAL -82 PTCLDY (SCALE 4-7) 14
TOTAL FM JUL 1 41 CLOUDY (SCALE 8-10) 5
DPTR FM NORMAL -76
[CDD (BASE 65) ]
TOTAL THIS MO. 111
DPTR FM NORMAL 29 [PRESSURE DATA]
TOTAL FM JAN 1 1963 HIGHEST SLP M ON M
DPTR FM NORMAL 78 LOWEST SLP 29.50 ON 30
[REMARKS]
#FINAL-10-20#