000
CXUS52 KMHX 010700
CF6EWN
PRELIMINARY LOCAL CLIMATOLOGICAL DATA (WS FORM: F-6)
STATION: NEW BERN NC
MONTH: JULY
YEAR: 2020
LATITUDE: 35 4 N
LONGITUDE: 77 3 W
TEMPERATURE IN F: :PCPN: SNOW: WIND :SUNSHINE: SKY :PK WND
================================================================================
1 2 3 4 5 6A 6B 7 8 9 10 11 12 13 14 15 16 17 18
12Z AVG MX 2MIN
DY MAX MIN AVG DEP HDD CDD WTR SNW DPTH SPD SPD DIR MIN PSBL S-S WX SPD DR
================================================================================
1 87 69 78 -2 0 13 3.77 0.0 0 3.5 18 20 M M 1 13 24 10
2 87 68 78 -2 0 13 0.25 0.0 0 4.2 15 40 M M 2 13 18 40
3 92 69 81 1 0 16 0.00 0.0 0 3.8 9 10 M M 0 1 13 20
4 94 73 84 4 0 19 0.00 0.0 0 5.8 14 60 M M 2 18 50
5 90 74 82 2 0 17 0.00 0.0 0 3.1 14 150 M M 2 1 19 130
6 89 71 80 0 0 15 0.18 0.0 0 2.7 18 190 M M 1 13 26 180
7 83 70 77 -3 0 12 0.30 0.0 0 3.6 20 180 M M 2 1 27 220
8 83 75 79 -1 0 14 0.45 0.0 0 5.8 15 100 M M 7 1 20 100
9 87 75 81 0 0 16 0.02 0.0 0 10.4 20 50 M M 6 1 27 30
10 91 73 82 1 0 17 0.00 0.0 0 4.9 12 160 M M 3 15 170
11 92 73 83 2 0 18 0.04 0.0 0 5.3 13 280 M M 2 13 17 270
12 93 75 84 3 0 19 0.00 0.0 0 4.9 17 200 M M 1 1 24 200
13 90 70 80 -1 0 15 0.91 0.0 0 3.5 23 190 M M 2 13 32 210
14 92 69 81 0 0 16 0.06 0.0 0 2.7 10 150 M M 1 1 15 170
15 90 73 82 1 0 17 T 0.0 0 4.5 13 120 M M 2 1 19 120
16 89 71 80 -1 0 15 0.00 0.0 0 5.4 12 100 M M 1 18 16 60
17 93 71 82 1 0 17 0.00 0.0 0 3.0 10 180 M M 1 12 15 150
18 93 75 84 3 0 19 0.00 0.0 0 5.0 14 200 M M 2 3 18 210
19 94 76 85 4 0 20 0.00 0.0 0 7.7 14 190 M M 1 20 180
20 96 74 85 4 0 20 0.00 0.0 0 8.1 16 260 M M 1 23 180
21 94 74 84 3 0 19 0.00 0.0 0 7.6 15 190 M M 1 21 200
22 94 76 85 4 0 20 0.00 0.0 0 7.0 16 200 M M 1 22 180
23 93 76 85 4 0 20 0.00 0.0 0 7.0 20 180 M M 1 3 26 170
24 92 72 82 1 0 17 0.00 0.0 0 6.0 14 230 M M 1 3 21 200
25 92 72 82 1 0 17 0.39 0.0 0 6.0 17 60 M M 1 13 24 210
26 94 74 84 3 0 19 0.00 0.0 0 6.9 15 210 M M 0 24 210
27 94 75 85 4 0 20 0.00 0.0 0 7.2 14 180 M M 1 19 200
28 97 75 86 6 0 21 0.13 0.0 0 6.8 15 330 M M 1 13 20 140
29 87 73 80 0 0 15 T 0.0 0 5.8 17 180 M M 4 3 23 180
30 91 72 82 2 0 17 0.00 0.0 0 5.8 15 210 M M 5 12 20 210
31 94 73 84 4 0 19 0.98 0.0 0 10.1 25 280 M M 5 138 38 290
================================================================================
SM 2827 2256 0 532 7.48 0.0 174.1 M 61
================================================================================
AV 91.2 72.8 5.6 FASTST M M 2 MAX(MPH)
MISC ----> # 25 280 # 38 290
================================================================================
NOTES:
# LAST OF SEVERAL OCCURRENCES
COLUMN 17 PEAK WIND IN M.P.H.
PRELIMINARY LOCAL CLIMATOLOGICAL DATA (WS FORM: F-6) , PAGE 2
STATION: NEW BERN NC
MONTH: JULY
YEAR: 2020
LATITUDE: 35 4 N
LONGITUDE: 77 3 W
[TEMPERATURE DATA] [PRECIPITATION DATA] SYMBOLS USED IN COLUMN 16
AVERAGE MONTHLY: 82.0 TOTAL FOR MONTH: 7.48 1 = FOG OR MIST
DPTR FM NORMAL: 1.5 DPTR FM NORMAL: 1.31 2 = FOG REDUCING VISIBILITY
HIGHEST: 97 ON 28 GRTST 24HR 3.77 ON 1- 1 TO 1/4 MILE OR LESS
LOWEST: 68 ON 2 3 = THUNDER
SNOW, ICE PELLETS, HAIL 4 = ICE PELLETS
TOTAL MONTH: 0.0 INCH 5 = HAIL
GRTST 24HR 0.0 6 = FREEZING RAIN OR DRIZZLE
GRTST DEPTH: 0 7 = DUSTSTORM OR SANDSTORM:
VSBY 1/2 MILE OR LESS
8 = SMOKE OR HAZE
[NO. OF DAYS WITH] [WEATHER - DAYS WITH] 9 = BLOWING SNOW
X = TORNADO
MAX 32 OR BELOW: 0 0.01 INCH OR MORE: 12
MAX 90 OR ABOVE: 23 0.10 INCH OR MORE: 9
MIN 32 OR BELOW: 0 0.50 INCH OR MORE: 3
MIN 0 OR BELOW: 0 1.00 INCH OR MORE: 1
[HDD (BASE 65) ]
TOTAL THIS MO. 0 CLEAR (SCALE 0-3) 26
DPTR FM NORMAL 0 PTCLDY (SCALE 4-7) 5
TOTAL FM JUL 1 0 CLOUDY (SCALE 8-10) 0
DPTR FM NORMAL 0
[CDD (BASE 65) ]
TOTAL THIS MO. 532
DPTR FM NORMAL 50 [PRESSURE DATA]
TOTAL FM JAN 1 1089 HIGHEST SLP M ON M
DPTR FM NORMAL -1 LOWEST SLP 29.75 ON 9
[REMARKS]
#FINAL-07-20#