000
CXUS53 KIND 010600
CF6EYE
PRELIMINARY LOCAL CLIMATOLOGICAL DATA (WS FORM: F-6)
STATION: INDIANAPOLIS EAGLE CREEK IN
MONTH: APRIL
YEAR: 2023
LATITUDE: 39 49 N
LONGITUDE: 86 18 W
TEMPERATURE IN F: :PCPN: SNOW: WIND :SUNSHINE: SKY :PK WND
================================================================================
1 2 3 4 5 6A 6B 7 8 9 10 11 12 13 14 15 16 17 18
12Z AVG MX 2MIN
DY MAX MIN AVG DEP HDD CDD WTR SNW DPTH SPD SPD DIR MIN PSBL S-S WX SPD DR
================================================================================
1 59 39 49 1 16 0 0.01 M M 13.8 32 290 M M 7 56 270
2 58 31 45 -4 20 0 0.00 M M 6.1 15 130 M M 3 22 130
3 75 41 58 9 7 0 0.00 M M 6.4 16 200 M M 3 25 180
4 81 57 69 19 0 4 T M M 8.5 17 190 M M 6 18 30 180
5 77 46 62 12 3 0 0.80 M M 11.4 35 210 M M 4 13 70 200
6 50 38 44 -6 21 0 0.00 M M 5.5 14 320 M M 1 21 320
7 57 35 46 -5 19 0 0.00 M M 7.1 14 70 M M 0 23 80
8 62 38 50 -1 15 0 0.00 M M 8.1 16 110 M M 0 24 130
9 65 38 52 1 13 0 0.00 M M 5.7 16 100 M M 0 22 100
10 70 39 55 3 10 0 0.00 M M 1.8 9 150 M M 0 14 170
11 75 42 59 7 6 0 0.00 M M 4.3 13 200 M M 0 21 270
12 78 55 67 15 0 2 0.00 M M 6.8 20 200 M M 0 27 240
13 80 46 63 10 2 0 0.00 M M 2.4 10 170 M M 0 16 150
14 79 54 67 14 0 2 T M M 2.9 12 180 M M 3 20 200
15 80 59 70 17 0 5 0.02 M M 4.7 15 200 M M 2 24 240
16 68 40 54 0 11 0 0.23 M M 10.0 22 240 M M 9 1 39 230
17 48 35 42 -12 23 0 0.14 M M 10.6 23 290 M M 8 1 33 290
18 61 34 48 -6 17 0 0.00 M M 5.5 14 300 M M 0 20 300
19 81 44 63 8 2 0 0.00 M M 7.5 21 210 M M 0 35 210
20 84 59 72 17 0 7 T M M 9.3 23 190 M M 5 39 190
21 67 47 57 1 8 0 0.53 M M 5.0 25 300 M M 7 1 34 300
22 52 39 46 -10 19 0 0.01 M M 10.0 23 280 M M 6 1 35 290
23 45 36 41 -15 24 0 0.00 M M 8.0 17 270 M M 9 25 290
24 54 30 42 -14 23 0 0.00 M M 3.9 15 330 M M 2 25 320
25 59 38 49 -8 16 0 0.00 M M 5.3 14 10 M M 6 25 210
26 60 37 49 -8 16 0 0.00 M M 4.9 12 360 M M 2 18 17 10
27 65 38 52 -6 13 0 0.19 M M 5.9 15 110 M M 2 1 20 100
28 56 46 51 -7 14 0 0.16 M M 8.3 17 310 M M 10 1 26 310
29 70 42 56 -2 9 0 0.23 M M 4.0 24 290 M M 2 13 32 270
30 52 41 47 -11 18 0 0.33 M M 11.2 26 290 M M 8 1 40 290
================================================================================
SM 1968 1264 345 20 2.65 M 204.9 M 105
================================================================================
AV 65.6 42.1 6.8 FASTST M M 4 MAX(MPH)
MISC ----> 35 210 70 200
================================================================================
NOTES:
# LAST OF SEVERAL OCCURRENCES
COLUMN 17 PEAK WIND IN M.P.H.
PRELIMINARY LOCAL CLIMATOLOGICAL DATA (WS FORM: F-6) , PAGE 2
STATION: INDIANAPOLIS EAGLE CREEK IN
MONTH: APRIL
YEAR: 2023
LATITUDE: 39 49 N
LONGITUDE: 86 18 W
[TEMPERATURE DATA] [PRECIPITATION DATA] SYMBOLS USED IN COLUMN 16
AVERAGE MONTHLY: 53.9 TOTAL FOR MONTH: 2.65 1 = FOG OR MIST
DPTR FM NORMAL: 0.3 DPTR FM NORMAL: -1.43 2 = FOG REDUCING VISIBILITY
HIGHEST: 84 ON 20 GRTST 24HR 0.80 ON 5- 5 TO 1/4 MILE OR LESS
LOWEST: 30 ON 24 3 = THUNDER
SNOW, ICE PELLETS, HAIL 4 = ICE PELLETS
TOTAL MONTH: M 5 = HAIL
GRTST 24HR M ON M 6 = FREEZING RAIN OR DRIZZLE
GRTST DEPTH: M ON M 7 = DUSTSTORM OR SANDSTORM:
VSBY 1/2 MILE OR LESS
8 = SMOKE OR HAZE
[NO. OF DAYS WITH] [WEATHER - DAYS WITH] 9 = BLOWING SNOW
X = TORNADO
MAX 32 OR BELOW: 0 0.01 INCH OR MORE: 11
MAX 90 OR ABOVE: 0 0.10 INCH OR MORE: 8
MIN 32 OR BELOW: 2 0.50 INCH OR MORE: 2
MIN 0 OR BELOW: 0 1.00 INCH OR MORE: 0
[HDD (BASE 65) ]
TOTAL THIS MO. 345 CLEAR (SCALE 0-3) 16
DPTR FM NORMAL -12 PTCLDY (SCALE 4-7) 11
TOTAL FM JUL 1 4571 CLOUDY (SCALE 8-10) 3
DPTR FM NORMAL -511
[CDD (BASE 65) ]
TOTAL THIS MO. 20
DPTR FM NORMAL 6 [PRESSURE DATA]
TOTAL FM JAN 1 20 HIGHEST SLP M ON M
DPTR FM NORMAL 3 LOWEST SLP 29.38 ON 1
[REMARKS]
#FINAL-04-23#