000
CXUS52 KKEY 012336 CCA
CF6EYW
PRELIMINARY LOCAL CLIMATOLOGICAL DATA (WS FORM: F-6)...CORRECTED
STATION: KEY WEST
MONTH: JULY
YEAR: 2023
LATITUDE: 24 32 N
LONGITUDE: 81 45 W
TEMPERATURE IN F: :PCPN: SNOW: WIND :SUNSHINE: SKY :PK WND
================================================================================
1 2 3 4 5 6A 6B 7 8 9 10 11 12 13 14 15 16 17 18
12Z AVG MX 2MIN
DY MAX MIN AVG DEP HDD CDD WTR SNW DPTH SPD SPD DIR MIN PSBL S-S WX SPD DR
================================================================================
1 90 83 87 2 0 22 0.01 0.0 0 6.9 14 180 M M 2 20 210
2 90 84 87 2 0 22 T 0.0 0 5.6 14 180 M M 1 18 180
3 96 83 90 5 0 25 0.00 0.0 0 3.0 10 360 M M 2 19 180
4 93 84 89 4 0 24 T 0.0 0 5.2 18 110 M M 2 3 22 110
5 91 85 88 3 0 23 0.00 0.0 0 7.6 13 120 M M 1 3 18 140
6 91 83 87 2 0 22 T 0.0 0 6.3 16 240 M M 3 3 19 170
7 90 84 87 2 0 22 0.00 0.0 0 6.0 14 230 M M 0 19 230
8 92 83 88 3 0 23 0.00 0.0 0 5.5 10 210 M M 0 20 220
9 91 83 87 2 0 22 0.00 0.0 0 3.9 9 150 M M 1 17 170
10 91 86 89 4 0 24 0.00 0.0 0 7.3 14 160 M M 1 22 160
11 93 86 90 5 0 25 0.00 0.0 0 6.0 12 150 M M 1 18 180
12 94 87 91 6 0 26 T 0.0 0 5.7 14 350 M M 2 3 21 340
13 92 85 89 4 0 24 T 0.0 0 5.6 12 90 M M 3 3 19 50
14 93 85 89 4 0 24 0.00 0.0 0 6.9 13 120 M M 0 3 18 80
15 92 86 89 4 0 24 0.00 0.0 0 6.1 14 170 M M 0 19 150
16 92 85 89 4 0 24 0.06 0.0 0 5.6 12 100 M M 3 3 17 160
17 92 84 88 3 0 23 T 0.0 0 6.0 16 20 M M 2 3 25 20
18 93 87 90 4 0 25 0.00 0.0 0 8.7 16 100 M M 2 3 23 140
19 91 80 86 0 0 21 0.02 0.0 0 10.4 21 130 M M 3 13 32 120
20 93 86 90 4 0 25 0.01 0.0 0 10.0 15 120 M M 3 3 23 100
21 91 84 88 2 0 23 0.00 0.0 0 6.6 14 150 M M 2 22 160
22 94 86 90 4 0 25 0.00 0.0 0 5.8 10 240 M M 1 15 210
23 93 85 89 3 0 24 0.00 0.0 0 5.1 12 170 M M 1 20 180
24 92 86 89 3 0 24 0.00 0.0 0 7.1 13 160 M M 1 23 170
25 95 74 85 -1 0 20 0.66 0.0 0 8.4 29 60 M M 4 13 52 80
26 89 76 83 -3 0 18 0.15 0.0 0 9.4 22 30 M M 3 138 38 30
27 92 79 86 0 0 21 0.03 0.0 0 10.4 20 100 M M 2 3 26 100
28 91 81 86 0 0 21 0.18 0.0 0 9.7 18 160 M M 2 13 29 180
29 91 85 88 2 0 23 T 0.0 0 9.6 15 110 M M 2 23 90
30 91 82 87 1 0 22 0.23 0.0 0 6.5 13 110 M M 2 13 20 100
31 91 81 86 0 0 21 0.11 0.0 0 5.9 17 120 M M 3 13 22 120
================================================================================
SM 2850 2588 0 712 1.46 0.0 212.8 M 55
================================================================================
AV 91.9 83.5 6.9 FASTST M M 2 MAX(MPH)
MISC ----> 29 60 52 80
================================================================================
NOTES:
# LAST OF SEVERAL OCCURRENCES
COLUMN 17 PEAK WIND IN M.P.H.
PRELIMINARY LOCAL CLIMATOLOGICAL DATA (WS FORM: F-6) , PAGE 2
STATION: KEY WEST
MONTH: JULY
YEAR: 2023
LATITUDE: 24 32 N
LONGITUDE: 81 45 W
[TEMPERATURE DATA] [PRECIPITATION DATA] SYMBOLS USED IN COLUMN 16
AVERAGE MONTHLY: 87.7 TOTAL FOR MONTH: 1.46 1 = FOG OR MIST
DPTR FM NORMAL: 2.3 DPTR FM NORMAL: -2.17 2 = FOG REDUCING VISIBILITY
HIGHEST: 96 ON 3 GRTST 24HR 0.81 ON 25-26 TO 1/4 MILE OR LESS
LOWEST: 74 ON 25 3 = THUNDER
SNOW, ICE PELLETS, HAIL 4 = ICE PELLETS
TOTAL MONTH: 0.0 INCH 5 = HAIL
GRTST 24HR 0.0 6 = FREEZING RAIN OR DRIZZLE
GRTST DEPTH: 0 7 = DUSTSTORM OR SANDSTORM:
VSBY 1/2 MILE OR LESS
8 = SMOKE OR HAZE
[NO. OF DAYS WITH] [WEATHER - DAYS WITH] 9 = BLOWING SNOW
X = TORNADO
MAX 32 OR BELOW: 0 0.01 INCH OR MORE: 10
MAX 90 OR ABOVE: 30 0.10 INCH OR MORE: 5
MIN 32 OR BELOW: 0 0.50 INCH OR MORE: 1
MIN 0 OR BELOW: 0 1.00 INCH OR MORE: 0
[HDD (BASE 65) ]
TOTAL THIS MO. 0 CLEAR (SCALE 0-3) 30
DPTR FM NORMAL 0 PTCLDY (SCALE 4-7) 1
TOTAL FM JUL 1 0 CLOUDY (SCALE 8-10) 0
DPTR FM NORMAL 0
[CDD (BASE 65) ]
TOTAL THIS MO. 712
DPTR FM NORMAL 80 [PRESSURE DATA]
TOTAL FM JAN 1 3297 HIGHEST SLP M ON M
DPTR FM NORMAL 498 LOWEST SLP 29.92 ON 1
[REMARKS]
CORRECTED ALIGNMENT OF SNOW, ICE PELLETS, HAIL TABLE
CORRECTED SKY COVER TABLE
#FINAL-07-23#
NB