000
CXUS52 KKEY 011920 CCA
CF6EYW
PRELIMINARY LOCAL CLIMATOLOGICAL DATA (WS FORM: F-6)...CORRECTED
STATION: KEY WEST
MONTH: JANUARY
YEAR: 2024
LATITUDE: 24 32 N
LONGITUDE: 81 45 W
TEMPERATURE IN F: :PCPN: SNOW: WIND :SUNSHINE: SKY :PK WND
================================================================================
1 2 3 4 5 6A 6B 7 8 9 10 11 12 13 14 15 16 17 18
12Z AVG MX 2MIN
DY MAX MIN AVG DEP HDD CDD WTR SNW DPTH SPD SPD DIR MIN PSBL S-S WX SPD DR
================================================================================
1 71 55 63 -8 2 0 0.00 0.0 0 5.9 14 350 M M 0 1 20 360
2 75 55 65 -6 0 0 0.00 0.0 0 3.4 10 20 M M 0 14 30
3 73 59 66 -5 0 1 0.00 0.0 0 8.9 16 130 M M 1 27 190
4 76 65 71 0 0 6 0.00 0.0 0 9.2 17 300 M M 6 24 350
5 77 63 70 -1 0 5 0.00 0.0 0 9.7 20 120 M M 3 35 150
6 79 72 76 5 0 11 0.00 0.0 0 12.4 21 150 M M 5 18 32 140
7 78 66 72 1 0 7 0.42 0.0 0 8.4 22 360 M M 5 1 35 360
8 77 66 72 1 0 7 0.00 0.0 0 12.3 24 110 M M 6 33 100
9 79 74 77 6 0 12 0.00 0.0 0 18.1 28 160 M M 2 45 160
10 77 67 72 2 0 7 0.10 0.0 0 7.4 28 340 M M 8 1 35 340
11 74 67 71 1 0 6 0.01 0.0 0 7.6 14 50 M M 9 1 20 60
12 80 72 76 6 0 11 T 0.0 0 8.5 16 180 M M 4 26 170
13 79 67 73 3 0 8 0.01 0.0 0 11.4 18 350 M M 4 1 28 350
14 77 68 73 3 0 8 0.00 0.0 0 8.9 20 90 M M 5 28 90
15 81 72 77 7 0 12 0.00 0.0 0 9.2 15 120 M M 4 28 160
16 79 70 75 5 0 10 1.15 0.0 0 7.4 20 260 M M 7 13 28 250
17 72 65 69 -1 0 4 0.00 0.0 0 10.9 20 360 M M 10 3 32 350
18 79 69 74 4 0 9 0.00 0.0 0 6.8 14 120 M M 4 22 170
19 78 68 73 3 0 8 0.01 0.0 0 5.8 15 360 M M 8 128 24 360
20 72 64 68 -2 0 3 0.00 0.0 0 13.3 21 10 M M 4 30 10
21 70 58 64 -6 1 0 0.00 0.0 0 14.2 20 70 M M 0 34 60
22 74 65 70 0 0 5 0.00 0.0 0 13.4 22 90 M M 9 33 90
23 77 70 74 4 0 9 0.02 0.0 0 14.2 22 100 M M 8 18 32 100
24 79 74 77 6 0 12 0.03 0.0 0 15.3 24 120 M M 7 1 34 100
25 79 74 77 6 0 12 0.08 0.0 0 12.6 22 110 M M 5 1 33 130
26 79 73 76 5 0 11 0.00 0.0 0 10.4 16 110 M M 1 29 110
27 80 74 77 6 0 12 0.00 0.0 0 6.9 14 140 M M 2 22 180
28 80 67 74 3 0 9 0.00 0.0 0 10.3 22 330 M M 4 8 30 330
29 71 63 67 -4 0 2 0.00 0.0 0 15.0 23 310 M M 6 33 320
30 69 59 64 -7 1 0 0.00 0.0 0 6.3 13 360 M M 2 19 20
31 73 61 67 -4 0 2 0.00 0.0 0 9.4 17 320 M M 3 25 310
================================================================================
SM 2364 2062 4 209 1.83 0.0 313.5 M 142
================================================================================
AV 76.3 66.5 10.1 FASTST M M 5 MAX(MPH)
MISC ----> # 28 160 45 160
================================================================================
NOTES:
# LAST OF SEVERAL OCCURRENCES
COLUMN 17 PEAK WIND IN M.P.H.
PRELIMINARY LOCAL CLIMATOLOGICAL DATA (WS FORM: F-6) , PAGE 2
STATION: KEY WEST
MONTH: JANUARY
YEAR: 2024
LATITUDE: 24 32 N
LONGITUDE: 81 45 W
[TEMPERATURE DATA] [PRECIPITATION DATA] SYMBOLS USED IN COLUMN 16
AVERAGE MONTHLY: 71.4 TOTAL FOR MONTH: 1.83 1 = FOG OR MIST
DPTR FM NORMAL: 0.8 DPTR FM NORMAL: 0.00 2 = FOG REDUCING VISIBILITY
HIGHEST: 81 ON 15 GRTST 24HR 1.15 ON 16-16 TO 1/4 MILE OR LESS
LOWEST: 55 ON 2, 1 3 = THUNDER
SNOW, ICE PELLETS, HAIL 4 = ICE PELLETS
TOTAL MONTH: 0.0 INCH 5 = HAIL
GRTST 24HR 0.0 6 = FREEZING RAIN OR DRIZZLE
GRTST DEPTH: 0 7 = DUSTSTORM OR SANDSTORM:
VSBY 1/2 MILE OR LESS
8 = SMOKE OR HAZE
[NO. OF DAYS WITH] [WEATHER - DAYS WITH] 9 = BLOWING SNOW
X = TORNADO
MAX 32 OR BELOW: 0 0.01 INCH OR MORE: 9
MAX 90 OR ABOVE: 0 0.10 INCH OR MORE: 3
MIN 32 OR BELOW: 0 0.50 INCH OR MORE: 1
MIN 0 OR BELOW: 0 1.00 INCH OR MORE: 1
[HDD (BASE 65) ]
TOTAL THIS MO. 4 CLEAR (SCALE 0-3) 10
DPTR FM NORMAL -18 PTCLDY (SCALE 4-7) 15
TOTAL FM JUL 1 7 CLOUDY (SCALE 8-10) 6
DPTR FM NORMAL -25
[CDD (BASE 65) ]
TOTAL THIS MO. 209
DPTR FM NORMAL 12 [PRESSURE DATA]
TOTAL FM JAN 1 209 HIGHEST SLP M ON M
DPTR FM NORMAL 12 LOWEST SLP 29.84 ON 9
[REMARKS]
#FINAL-01-24#
SOME DATES THIS MONTH UTILIZED DATA FROM THE OFFICIAL BACKUP SITE
LOCATED AT THE FLORIDA KEYS NWS OFFICE (SITE ID: KWFF1). THOSE DATES
ARE INDICATED BELOW, ALONG WITH THE OBSERVATION PARAMETER THAT WAS
BACKED UP (INDICATED BY AN X.)
TEMPERATURE :PCPN:
================================
1 2 3 4 5 6A 6B 7
DY MAX MIN AVG DEP HDD CDD WTR
================================
20 X
CORRECTED GRTST 24HR PRECIPITATION
CORRECTED ALIGNMENT OF SNOW, ICE PELLETS, AND HAIL TABLE
CORRECTED CLOUD COVER DAYS TABLE
CORRECTED HDD DEPARTURE FROM JUL 1
ROSS