000
CXAK56 PAFG 011058
CF6FAI
PRELIMINARY LOCAL CLIMATOLOGICAL DATA (WS FORM: F-6)
STATION: FAIRBANKS AK
MONTH: SEPTEMBER
YEAR: 2021
LATITUDE: 64 49 N
LONGITUDE: 147 52 W
TEMPERATURE IN F: :PCPN: SNOW: WIND :SUNSHINE: SKY :PK WND
================================================================================
1 2 3 4 5 6A 6B 7 8 9 10 11 12 13 14 15 16 17 18
12Z AVG MX 2MIN
DY MAX MIN AVG DEP HDD CDD WTR SNW DPTH SPD SPD DIR MIN PSBL S-S WX SPD DR
================================================================================
1 75 45 60 8 5 0 0.00 0.0 0 2.7 8 30 M M 6 11 100
2 62 48 55 3 10 0 0.01 0.0 0 4.6 13 70 M M 8 17 50
3 71 44 58 7 7 0 0.00 0.0 0 0.9 6 160 M M 7 7 60
4 69 49 59 8 6 0 0.09 0.0 0 1.9 13 260 M M 8 1 14 280
5 56 45 51 1 14 0 0.03 0.0 0 4.1 13 250 M M 9 12 17 250
6 57 39 48 -2 17 0 0.00 0.0 0 4.0 10 140 M M 7 14 260
7 64 43 54 4 11 0 0.00 0.0 0 2.9 7 50 M M 7 8 360
8 63 42 53 4 12 0 0.00 0.0 0 1.4 8 30 M M 8 9 40
9 68 44 56 7 9 0 0.00 0.0 0 2.0 9 60 M M 6 10 60
10 67 40 54 6 11 0 T 0.0 0 4.5 16 260 M M 7 23 250
11 59 39 49 1 16 0 T 0.0 0 4.2 17 260 M M 6 25 270
12 68 34 51 3 14 0 0.00 0.0 0 5.3 15 110 M M 5 21 100
13 63 44 54 7 11 0 0.00 0.0 0 3.4 10 50 M M 8 15 80
14 61 33 47 0 18 0 0.00 0.0 0 2.5 12 250 M M 3 16 210
15 58 30 44 -2 21 0 T 0.0 0 3.0 22 170 M M 5 1 27 170
16 57 34 46 0 19 0 0.00 0.0 0 2.0 8 100 M M 7 11 120
17 58 30 44 -1 21 0 0.00 0.0 0 3.0 9 260 M M 3 11 210
18 47 33 40 -5 25 0 0.00 0.0 0 5.3 17 250 M M 7 23 290
19 50 38 44 0 21 0 T T 0 2.7 10 90 M M 9 14 120
20 45 33 39 -5 26 0 T 0.3 0 6.3 15 330 M M 9 1 19 320
21 38 27 33 -11 32 0 0.00 0.0 0 5.2 10 330 M M 9 14 340
22 43 25 34 -9 31 0 0.00 0.0 0 4.4 12 100 M M 6 17 80
23 45 24 35 -7 30 0 T T 0 9.0 20 40 M M 8 1 25 30
24 36 31 34 -8 31 0 0.23 1.8 1 5.7 15 360 M M 10 1 18 360
25 36 30 33 -8 32 0 0.01 0.2 T 0.7 5 210 M M 8 1 6 210
26 37 31 34 -7 31 0 0.00 0.0 T 2.2 8 200 M M 9 1 10 200
27 41 26 34 -6 31 0 0.00 0.0 T 3.2 7 30 M M 7 9 100
28 37 20 29 -11 36 0 0.00 0.0 T 1.0 8 30 M M 2 10 40
29 31 17 24 -15 41 0 0.00 0.0 T 2.6 7 80 M M 7 8 80
30 41 24 33 -6 32 0 0.00 0.0 T 4.5 8 20 M M 8 10 330
================================================================================
SM 1603 1042 621 0 0.37 2.3 105.2 M 209
================================================================================
AV 53.4 34.7 3.5 FASTST M M 7 MAX(MPH)
MISC ----> 22 170 27 170
================================================================================
NOTES:
# LAST OF SEVERAL OCCURRENCES
COLUMN 17 PEAK WIND IN M.P.H.
PRELIMINARY LOCAL CLIMATOLOGICAL DATA (WS FORM: F-6) , PAGE 2
STATION: FAIRBANKS AK
MONTH: SEPTEMBER
YEAR: 2021
LATITUDE: 64 49 N
LONGITUDE: 147 52 W
[TEMPERATURE DATA] [PRECIPITATION DATA] SYMBOLS USED IN COLUMN 16
AVERAGE MONTHLY: 44.1 TOTAL FOR MONTH: 0.37 1 = FOG OR MIST
DPTR FM NORMAL: -1.7 DPTR FM NORMAL: -0.98 2 = FOG REDUCING VISIBILITY
HIGHEST: 75 ON 1 GRTST 24HR 0.23 ON 23-24 TO 1/4 MILE OR LESS
LOWEST: 17 ON 29 3 = THUNDER
SNOW, ICE PELLETS, HAIL 4 = ICE PELLETS
TOTAL MONTH: 2.3 INCHES 5 = HAIL
GRTST 24HR 1.8 ON 24-24 6 = FREEZING RAIN OR DRIZZLE
GRTST DEPTH: 1 ON 24 7 = DUSTSTORM OR SANDSTORM:
VSBY 1/2 MILE OR LESS
8 = SMOKE OR HAZE
[NO. OF DAYS WITH] [WEATHER - DAYS WITH] 9 = BLOWING SNOW
X = TORNADO
MAX 32 OR BELOW: 1 0.01 INCH OR MORE: 5
MAX 90 OR ABOVE: 0 0.10 INCH OR MORE: 1
MIN 32 OR BELOW: 12 0.50 INCH OR MORE: 0
MIN 0 OR BELOW: 0 1.00 INCH OR MORE: 0
[HDD (BASE 65) ]
TOTAL THIS MO. 621 CLEAR (SCALE 0-3) 1
DPTR FM NORMAL 43 PTCLDY (SCALE 4-7) 21
TOTAL FM JUL 1 959 CLOUDY (SCALE 8-10) 8
DPTR FM NORMAL 27
[CDD (BASE 65) ]
TOTAL THIS MO. 0
DPTR FM NORMAL 0 [PRESSURE DATA]
TOTAL FM JAN 1 125 HIGHEST SLP M ON M
DPTR FM NORMAL 57 LOWEST SLP 29.27 ON 30
[REMARKS]
#FINAL-09-21#