000
CXAK56 PAFG 010941
CF6FAI
PRELIMINARY LOCAL CLIMATOLOGICAL DATA (WS FORM: F-6)
STATION: FAIRBANKS AK
MONTH: JULY
YEAR: 2020
LATITUDE: 64 49 N
LONGITUDE: 147 52 W
TEMPERATURE IN F: :PCPN: SNOW: WIND :SUNSHINE: SKY :PK WND
================================================================================
1 2 3 4 5 6A 6B 7 8 9 10 11 12 13 14 15 16 17 18
12Z AVG MX 2MIN
DY MAX MIN AVG DEP HDD CDD WTR SNW DPTH SPD SPD DIR MIN PSBL S-S WX SPD DR
================================================================================
1 64 39 52 -12 13 0 0.00 0.0 0 2.1 8 280 M M 7 11 230
2 68 44 56 -8 9 0 0.00 0.0 0 3.1 8 250 M M 6 11 250
3 72 45 59 -5 6 0 0.00 0.0 0 3.9 10 280 M M 6 8 14 260
4 76 52 64 0 1 0 0.00 0.0 0 4.6 13 290 M M 5 21 230
5 76 53 65 1 0 0 0.00 0.0 0 4.3 17 270 M M 6 22 260
6 75 52 64 0 1 0 0.00 0.0 0 2.9 14 100 M M 8 17 90
7 76 57 67 3 0 2 T 0.0 0 6.8 21 260 M M 8 25 290
8 67 54 61 -3 4 0 0.00 0.0 0 5.6 16 250 M M 8 21 250
9 68 53 61 -3 4 0 0.47 0.0 0 3.6 13 70 M M 8 13 15 70
10 70 53 62 -2 3 0 0.02 0.0 0 7.7 17 30 M M 6 23 30
11 72 50 61 -2 4 0 0.00 0.0 0 3.6 9 350 M M 7 14 30
12 73 49 61 -2 4 0 0.00 0.0 0 4.9 14 240 M M 8 20 240
13 68 53 61 -2 4 0 0.63 0.0 0 5.0 13 250 M M 9 1 17 260
14 73 54 64 1 1 0 0.05 0.0 0 3.7 13 240 M M 8 17 250
15 75 50 63 0 2 0 0.00 0.0 0 5.5 15 270 M M 6 18 270
16 69 56 63 0 2 0 0.25 0.0 0 2.6 9 330 M M 8 1 12 320
17 70 56 63 0 2 0 0.03 0.0 0 5.3 16 250 M M 8 22 250
18 68 56 62 0 3 0 0.14 0.0 0 4.7 15 250 M M 7 1 21 250
19 74 52 63 1 2 0 0.02 0.0 0 4.5 12 330 M M 7 1 14 330
20 73 55 64 2 1 0 0.28 0.0 0 3.8 25 330 M M 6 32 330
21 61 53 57 -5 8 0 0.09 0.0 0 9.2 20 260 M M 9 1 27 250
22 65 51 58 -4 7 0 0.13 0.0 0 3.4 15 320 M M 9 17 300
23 69 52 61 -1 4 0 T 0.0 0 3.3 21 290 M M 8 24 290
24 65 52 59 -3 6 0 0.01 0.0 0 4.7 16 160 M M 9 3 20 280
25 67 53 60 -1 5 0 0.07 0.0 0 2.3 7 280 M M 8 13 9 20
26 69 53 61 0 4 0 T 0.0 0 4.3 17 350 M M 7 21 360
27 60 55 58 -3 7 0 0.12 0.0 0 3.8 9 200 M M 9 1 16 200
28 62 51 57 -4 8 0 T 0.0 0 4.3 18 260 M M 9 26 260
29 70 51 61 0 4 0 0.00 0.0 0 3.3 13 230 M M 7 18 250
30 79 52 66 6 0 1 0.00 0.0 0 3.6 15 250 M M 6 23 230
31 78 52 65 5 0 0 0.00 0.0 0 2.5 7 40 M M 7 10 330
================================================================================
SM 2172 1608 119 3 2.31 0.0 132.9 M 230
================================================================================
AV 70.1 51.9 4.3 FASTST M M 7 MAX(MPH)
MISC ----> # 25 330 # 32 330
================================================================================
NOTES:
# LAST OF SEVERAL OCCURRENCES
COLUMN 17 PEAK WIND IN M.P.H.
PRELIMINARY LOCAL CLIMATOLOGICAL DATA (WS FORM: F-6) , PAGE 2
STATION: FAIRBANKS AK
MONTH: JULY
YEAR: 2020
LATITUDE: 64 49 N
LONGITUDE: 147 52 W
[TEMPERATURE DATA] [PRECIPITATION DATA] SYMBOLS USED IN COLUMN 16
AVERAGE MONTHLY: 61.0 TOTAL FOR MONTH: 2.31 1 = FOG OR MIST
DPTR FM NORMAL: -1.5 DPTR FM NORMAL: 0.15 2 = FOG REDUCING VISIBILITY
HIGHEST: 79 ON 30 GRTST 24HR 0.63 ON 13-13 TO 1/4 MILE OR LESS
LOWEST: 39 ON 1 3 = THUNDER
SNOW, ICE PELLETS, HAIL 4 = ICE PELLETS
TOTAL MONTH: 0.0 INCH 5 = HAIL
GRTST 24HR 0.0 6 = FREEZING RAIN OR DRIZZLE
GRTST DEPTH: 0 7 = DUSTSTORM OR SANDSTORM:
VSBY 1/2 MILE OR LESS
8 = SMOKE OR HAZE
[NO. OF DAYS WITH] [WEATHER - DAYS WITH] 9 = BLOWING SNOW
X = TORNADO
MAX 32 OR BELOW: 0 0.01 INCH OR MORE: 14
MAX 90 OR ABOVE: 0 0.10 INCH OR MORE: 7
MIN 32 OR BELOW: 0 0.50 INCH OR MORE: 1
MIN 0 OR BELOW: 0 1.00 INCH OR MORE: 0
[HDD (BASE 65) ]
TOTAL THIS MO. 119 CLEAR (SCALE 0-3) 0
DPTR FM NORMAL 11 PTCLDY (SCALE 4-7) 23
TOTAL FM JUL 1 119 CLOUDY (SCALE 8-10) 8
DPTR FM NORMAL 11
[CDD (BASE 65) ]
TOTAL THIS MO. 3
DPTR FM NORMAL -28 [PRESSURE DATA]
TOTAL FM JAN 1 10 HIGHEST SLP M ON M
DPTR FM NORMAL -45 LOWEST SLP 29.56 ON 24
[REMARKS]
#FINAL-07-20#