000
CXAK59 PAFG 020013
CLMFAI
CLIMATE REPORT
NATIONAL WEATHER SERVICE FAIRBANKS AK
413 PM AKDT SAT JUL 01 2023
...................................
...THE FAIRBANKS AK CLIMATE SUMMARY FOR THE MONTH OF JUNE 2023...
CLIMATE NORMAL PERIOD 1991 TO 2020
CLIMATE RECORD PERIOD 1904 TO 2023
WEATHER OBSERVED NORMAL DEPART LAST YEAR`S
VALUE DATE(S) VALUE FROM VALUE DATE(S)
NORMAL
................................................................
TEMPERATURE (F)
RECORD
HIGH 96 06/15/1969
LOW 28 06/29/1918
HIGHEST 80 06/06 84 -4 82 06/26
06/24
LOWEST 33 06/01 38 -5 42 06/11
AVG. MAXIMUM 70.3 71.8 -1.5 74.3
AVG. MINIMUM 50.6 50.2 0.4 51.0
MEAN 60.5 61.0 -0.5 62.6
DAYS MAX >= 90 0 0.2 -0.2 0
DAYS MAX <= 32 0 0.0 0.0 0
DAYS MIN <= 32 0 0.1 -0.1 0
DAYS MIN <= 0 0 0.0 0.0 0
PRECIPITATION (INCHES)
RECORD
MAXIMUM 3.56 2014
MINIMUM 0.19
TOTALS 1.66 1.48 0.18 0.53
DAILY AVG. 0.06 0.05 0.01 0.02
DAYS >= .01 11 10.8 0.2 2
DAYS >= .10 5 4.5 0.5 2
DAYS >= .50 1 0.4 0.6 0
DAYS >= 1.00 0 0.1 -0.1 0
GREATEST
24 HR. TOTAL 0.69 06/22 TO 06/23 0.53
SNOWFALL (INCHES)
RECORDS
TOTAL 1.2 1931
24 HR TOTAL 1.2 06/02/1931 TO 06/02/1931
SNOW DEPTH 0 MM
TOTALS T 0.0 0.0 0.0
SINCE 7/1 77.9 64.6 13.3 MM
SNOWDEPTH AVG. 0 0
DAYS >= TRACE 1 0.0 1.0 0
DAYS >= 1.0 0 0.0 0.0 0
GREATEST
SNOW DEPTH 0 0
24 HR TOTAL MM MM
DEGREE DAYS
HEATING TOTAL 149 147 2 79
SINCE 7/1 13089 13419 -330 MM
COOLING TOTAL 20 27 -7 15
SINCE 1/1 23 28 -5 MM
................................................................
WIND (MPH)
AVERAGE WIND SPEED 5.1
HIGHEST WIND SPEED/DIRECTION 24/270 DATE 06/13
HIGHEST GUST SPEED/DIRECTION 32/290 DATE 06/13
32/220 06/25
SKY COVER
AVERAGE SKY COVER 0.73
NUMBER OF DAYS FAIR 1
WEATHER CONDITIONS. NUMBER OF DAYS WITH
THUNDERSTORM 4 MIXED PRECIP 0
HEAVY RAIN 0 RAIN 4
LIGHT RAIN 20 FREEZING RAIN 0
LT FREEZING RAIN 0 HAIL 0
HEAVY SNOW 0 SNOW 0
LIGHT SNOW 0 SLEET 1
FOG 8 FOG W/VIS <= 1/4 MILE 1
HAZE 0
- INDICATES NEGATIVE NUMBERS.
R INDICATES RECORD WAS SET OR TIED.
MM INDICATES DATA IS MISSING.
T INDICATES TRACE AMOUNT.
$$