000
CXUS56 KHNX 011201
CF6FAT
PRELIMINARY LOCAL CLIMATOLOGICAL DATA (WS FORM: F-6)
STATION: FRESNO CA
MONTH: MARCH
YEAR: 2021
LATITUDE: 36 46 N
LONGITUDE: 119 43 W
TEMPERATURE IN F: :PCPN: SNOW: WIND :SUNSHINE: SKY :PK WND
================================================================================
1 2 3 4 5 6A 6B 7 8 9 10 11 12 13 14 15 16 17 18
12Z AVG MX 2MIN
DY MAX MIN AVG DEP HDD CDD WTR SNW DPTH SPD SPD DIR MIN PSBL S-S WX SPD DR
================================================================================
1 73 41 57 3 8 0 0.00 0.0 0 3.8 12 160 M M 0 13 150
2 74 43 59 4 6 0 0.00 0.0 0 3.8 8 340 M M 7 11 210
3 66 46 56 1 9 0 0.00 0.0 0 4.8 14 340 M M 9 18 340
4 70 43 57 2 8 0 0.00 0.0 0 2.9 10 90 M M 0 15 360
5 76 43 60 5 5 0 0.00 0.0 0 3.8 21 330 M M 5 25 320
6 66 48 57 2 8 0 0.00 0.0 0 9.6 18 320 M M 6 22 320
7 64 43 54 -2 11 0 0.00 0.0 0 4.9 15 310 M M 6 19 320
8 64 47 56 0 9 0 0.00 0.0 0 8.1 16 330 M M 5 20 350
9 62 42 52 -4 13 0 T 0.0 0 6.2 21 220 M M 9 35 220
10 57 42 50 -6 15 0 0.43 0.0 0 9.3 20 220 M M 9 135 24 180
11 55 40 48 -8 17 0 0.00 0.0 0 5.7 13 320 M M 9 16 330
12 60 44 52 -4 13 0 0.00 0.0 0 4.3 10 120 M M 7 14 110
13 66 43 55 -1 10 0 0.00 0.0 0 5.2 13 320 M M 3 18 280
14 64 42 53 -3 12 0 T 0.0 0 5.5 15 330 M M 6 18 330
15 53 41 47 -9 18 0 0.48 0.0 0 7.3 26 330 M M 8 1 33 330
16 56 38 47 -10 18 0 0.00 0.0 0 3.9 12 150 M M 4 15 140
17 63 40 52 -5 13 0 0.00 0.0 0 2.4 7 140 M M 6 10 50
18 73 54 64 7 1 0 T 0.0 0 4.6 13 300 M M 9 16 90
19 67 53 60 3 5 0 0.39 0.0 0 6.2 20 290 M M 10 18 24 320
20 62 46 54 -3 11 0 0.03 0.0 0 12.2 22 310 M M 5 27 310
21 64 42 53 -4 12 0 0.00 0.0 0 4.6 13 360 M M 2 17 290
22 68 44 56 -1 9 0 0.00 0.0 0 6.3 16 300 M M 4 19 300
23 70 47 59 1 6 0 0.00 0.0 0 10.8 20 30 M M 3 27 30
24 69 43 56 -2 9 0 0.00 0.0 0 4.0 13 160 M M 5 16 140
25 64 47 56 -2 9 0 0.00 0.0 0 8.1 16 310 M M 6 21 300
26 70 44 57 -1 8 0 0.00 0.0 0 3.3 13 300 M M 2 16 290
27 76 48 62 4 3 0 0.00 0.0 0 3.5 8 130 M M 1 10 330
28 83 50 67 9 0 2 0.00 0.0 0 3.5 9 340 M M 0 12 350
29 81 50 66 8 0 1 0.00 0.0 0 6.9 18 310 M M 1 23 330
30 76 48 62 4 3 0 0.00 0.0 0 4.3 12 300 M M 0 13 300
31 84 50 67 9 0 2 0.00 0.0 0 3.8 10 310 M M 0 14 350
================================================================================
SM 2096 1392 269 5 1.33 0.0 173.6 M 147
================================================================================
AV 67.6 44.9 5.6 FASTST M M 5 MAX(MPH)
MISC ----> 26 330 35 220
================================================================================
NOTES:
# LAST OF SEVERAL OCCURRENCES
COLUMN 17 PEAK WIND IN M.P.H.
PRELIMINARY LOCAL CLIMATOLOGICAL DATA (WS FORM: F-6) , PAGE 2
STATION: FRESNO CA
MONTH: MARCH
YEAR: 2021
LATITUDE: 36 46 N
LONGITUDE: 119 43 W
[TEMPERATURE DATA] [PRECIPITATION DATA] SYMBOLS USED IN COLUMN 16
AVERAGE MONTHLY: 56.3 TOTAL FOR MONTH: 1.33 1 = FOG OR MIST
DPTR FM NORMAL: -0.3 DPTR FM NORMAL: -0.70 2 = FOG REDUCING VISIBILITY
HIGHEST: 84 ON 31 GRTST 24HR 0.48 ON 14-15 TO 1/4 MILE OR LESS
LOWEST: 38 ON 16 3 = THUNDER
SNOW, ICE PELLETS, HAIL 4 = ICE PELLETS
TOTAL MONTH: 0.0 INCH 5 = HAIL
GRTST 24HR 0.0 6 = FREEZING RAIN OR DRIZZLE
GRTST DEPTH: 0 7 = DUSTSTORM OR SANDSTORM:
VSBY 1/2 MILE OR LESS
8 = SMOKE OR HAZE
[NO. OF DAYS WITH] [WEATHER - DAYS WITH] 9 = BLOWING SNOW
X = TORNADO
MAX 32 OR BELOW: 0 0.01 INCH OR MORE: 4
MAX 90 OR ABOVE: 0 0.10 INCH OR MORE: 3
MIN 32 OR BELOW: 0 0.50 INCH OR MORE: 0
MIN 0 OR BELOW: 0 1.00 INCH OR MORE: 0
[HDD (BASE 65) ]
TOTAL THIS MO. 269 CLEAR (SCALE 0-3) 10
DPTR FM NORMAL 4 PTCLDY (SCALE 4-7) 14
TOTAL FM JUL 1 1807 CLOUDY (SCALE 8-10) 7
DPTR FM NORMAL -370
[CDD (BASE 65) ]
TOTAL THIS MO. 5
DPTR FM NORMAL 0 [PRESSURE DATA]
TOTAL FM JAN 1 5 HIGHEST SLP 30.31 ON 20
DPTR FM NORMAL 0 LOWEST SLP 29.70 ON 3
[REMARKS]
#FINAL-03-21#