000
CXUS54 KOUN 010700
CF6FDR
PRELIMINARY LOCAL CLIMATOLOGICAL DATA (WS FORM: F-6)
STATION: FREDERICK MUNICIPAL
MONTH: APRIL
YEAR: 2020
LATITUDE: 34 21 N
LONGITUDE: 98 59 W
TEMPERATURE IN F: :PCPN: SNOW: WIND :SUNSHINE: SKY :PK WND
================================================================================
1 2 3 4 5 6A 6B 7 8 9 10 11 12 13 14 15 16 17 18
12Z AVG MX 2MIN
DY MAX MIN AVG DEP HDD CDD WTR SNW DPTH SPD SPD DIR MIN PSBL S-S WX SPD DR
================================================================================
1 69 48 59 0 6 0 0.00 0.0 0 15.0 25 150 M M 0 30 160
2 76 52 64 5 1 0 0.00 0.0 0 16.8 25 140 M M 1 32 150
3 67 34 51 -8 14 0 0.17 M 0 17.7 37 360 M M 10 13 44 350
4 53 37 45 -15 20 0 0.00 0.0 0 7.3 16 10 M M 8 M M
5 66 37 52 -8 13 0 0.00 0.0 0 10.7 21 140 M M 9 1 26 140
6 73 57 65 5 0 0 0.00 0.0 0 13.3 22 170 M M 7 1 25 170
7 89 56 73 13 0 8 0.00 0.0 0 10.4 20 220 M M 2 12 23 220
8 93 55 74 13 0 9 0.00 0.0 0 9.0 17 40 M M 0 26 40
9 73 52 63 2 2 0 0.00 0.0 0 14.2 23 70 M M 0 29 50
10 71 45 58 -3 7 0 0.00 0.0 0 11.2 20 80 M M 0 38 24 70
11 72 51 62 1 3 0 0.80 0.0 0 12.4 28 140 M M 7 13 32 140
12 73 38 56 -6 9 0 0.09 0.0 0 18.6 38 340 M M 4 13 47 340
13 49 35 42 -20 23 0 T M 0 14.8 26 10 M M 7 32 20
14 47 35 41 -21 24 0 0.02 M 0 6.1 18 30 M M 8 1 23 20
15 65 30 48 -14 17 0 0.00 0.0 0 9.3 22 160 M M 0 1 26 150
16 78 40 59 -4 6 0 0.00 0.0 0 18.4 32 170 M M 0 40 160
17 64 41 53 -10 12 0 0.00 0.0 0 14.1 29 360 M M 6 37 360
18 65 36 51 -12 14 0 0.00 0.0 0 9.4 22 180 M M 4 1 27 190
19 74 52 63 -1 2 0 0.00 0.0 0 9.3 20 360 M M 3 12 25 10
20 77 49 63 -1 2 0 0.00 0.0 0 6.0 12 40 M M 0 1 14 20
21 83 51 67 3 0 2 0.00 0.0 0 12.1 24 110 M M 2 31 110
22 84 57 71 7 0 6 T 0.0 0 16.0 35 310 M M 5 3 44 310
23 88 53 71 6 0 6 0.00 0.0 0 10.3 20 180 M M 0 8 24 200
24 82 52 67 2 0 2 T 0.0 0 16.5 36 360 M M 0 44 350
25 81 50 66 1 0 1 0.00 0.0 0 9.3 18 350 M M 0 24 350
26 84 52 68 2 0 3 0.00 0.0 0 11.9 25 170 M M 0 35 170
27 87 60 74 8 0 9 T 0.0 0 14.1 29 180 M M 0 3 35 180
28 95 64 80 14 0 15 0.00 0.0 0 14.1 25 20 M M 0 32 20
29 82 53 68 1 0 3 0.00 0.0 0 14.5 33 330 M M 0 40 330
30 88 49 69 2 0 4 0.00 0.0 0 10.1 21 150 M M 0 28 190
================================================================================
SM 2248 1421 175 68 1.08 0.0 372.9 M 83
================================================================================
AV 74.9 47.4 12.4 FASTST M M 3 MAX(MPH)
MISC ----> # 38 340 # 47 340
================================================================================
NOTES:
# LAST OF SEVERAL OCCURRENCES
COLUMN 17 PEAK WIND IN M.P.H.
PRELIMINARY LOCAL CLIMATOLOGICAL DATA (WS FORM: F-6) , PAGE 2
STATION: FREDERICK MUNICIPAL
MONTH: APRIL
YEAR: 2020
LATITUDE: 34 21 N
LONGITUDE: 98 59 W
[TEMPERATURE DATA] [PRECIPITATION DATA] SYMBOLS USED IN COLUMN 16
AVERAGE MONTHLY: 61.2 TOTAL FOR MONTH: 1.08 1 = FOG OR MIST
DPTR FM NORMAL: -1.5 DPTR FM NORMAL: -1.45 2 = FOG REDUCING VISIBILITY
HIGHEST: 95 ON 28 GRTST 24HR 0.80 ON 11-11 TO 1/4 MILE OR LESS
LOWEST: 30 ON 15 3 = THUNDER
SNOW, ICE PELLETS, HAIL 4 = ICE PELLETS
TOTAL MONTH: 0.0 INCH 5 = HAIL
GRTST 24HR 0.0 6 = FREEZING RAIN OR DRIZZLE
GRTST DEPTH: 0 7 = DUSTSTORM OR SANDSTORM:
VSBY 1/2 MILE OR LESS
8 = SMOKE OR HAZE
[NO. OF DAYS WITH] [WEATHER - DAYS WITH] 9 = BLOWING SNOW
X = TORNADO
MAX 32 OR BELOW: 0 0.01 INCH OR MORE: 4
MAX 90 OR ABOVE: 2 0.10 INCH OR MORE: 2
MIN 32 OR BELOW: 1 0.50 INCH OR MORE: 1
MIN 0 OR BELOW: 0 1.00 INCH OR MORE: 0
[HDD (BASE 65) ]
TOTAL THIS MO. 175 CLEAR (SCALE 0-3) 19
DPTR FM NORMAL 41 PTCLDY (SCALE 4-7) 9
TOTAL FM JUL 1 2869 CLOUDY (SCALE 8-10) 2
DPTR FM NORMAL -161
[CDD (BASE 65) ]
TOTAL THIS MO. 68
DPTR FM NORMAL 3 [PRESSURE DATA]
TOTAL FM JAN 1 96 HIGHEST SLP M ON M
DPTR FM NORMAL 13 LOWEST SLP 29.43 ON 12
[REMARKS]
#FINAL-04-20#