000
CXUS53 KLMK 010710
CF6FFT
PRELIMINARY LOCAL CLIMATOLOGICAL DATA (WS FORM: F-6)
STATION: FRANKFORT KY
MONTH: MARCH
YEAR: 2023
LATITUDE: 38 10 N
LONGITUDE: 84 54 W
TEMPERATURE IN F: :PCPN: SNOW: WIND :SUNSHINE: SKY :PK WND
================================================================================
1 2 3 4 5 6A 6B 7 8 9 10 11 12 13 14 15 16 17 18
12Z AVG MX 2MIN
DY MAX MIN AVG DEP HDD CDD WTR SNW DPTH SPD SPD DIR MIN PSBL S-S WX SPD DR
================================================================================
1 80 40 60 18 5 0 0.16 M M 9.9 28 230 M M 2 13 37 210
2 59 47 53 11 12 0 0.04 M M 5.5 12 60 M M 2 1 18 360
3 70 40 55 13 10 0 1.52 M M 17.6 47 220 M M 10 13 67 260
4 59 34 47 5 18 0 0.00 M M 4.0 14 260 M M 4 22 280
5 62 30 46 3 19 0 0.00 M M 4.1 10 110 M M 0 19 100
6 75 36 56 13 9 0 0.00 M M 9.0 25 210 M M 0 35 240
7 63 40 52 9 13 0 0.00 M M 9.9 20 330 M M 4 29 360
8 49 33 41 -3 24 0 0.00 M M 9.3 17 80 M M 4 23 60
9 58 39 49 5 16 0 0.04 M M 9.2 15 80 M M 6 22 80
10 50 38 44 0 21 0 0.06 M M 10.3 18 300 M M 10 1 33 280
11 48 37 43 -1 22 0 0.00 M M 6.9 16 90 M M 6 24 80
12 41 34 38 -7 27 0 0.06 M M 7.5 15 90 M M 10 1 25 60
13 39 33 36 -9 29 0 0.04 M M 7.8 15 270 M M 10 1 24 290
14 41 24 33 -13 32 0 0.02 M M 7.7 20 340 M M 6 1 27 330
15 52 18 35 -11 30 0 0.00 M M 1.4 9 150 M M 0 13 180
16 65 27 46 0 19 0 T M M 9.7 28 210 M M 3 39 210
17 58 28 43 -3 22 0 0.32 M M 10.7 30 210 M M 8 1 39 200
18 39 22 31 -16 34 0 0.00 M M 9.9 21 300 M M 4 33 270
19 37 20 29 -18 36 0 T M M 4.8 14 330 M M 6 8 21 310
20 51 17 34 -14 31 0 0.00 M M 4.6 15 210 M M 0 20 200
21 60 22 41 -7 24 0 T M M 5.5 24 210 M M 3 35 190
22 56 45 51 3 14 0 0.14 M M 10.2 20 210 M M 10 1 25 180
23 74 56 65 17 0 0 0.02 M M 13.2 26 230 M M 9 18 38 230
24 68 53 61 12 4 0 1.52 M M 7.1 22 310 M M 10 1 33 300
25 67 38 53 4 12 0 0.64 M M 12.4 35 230 M M 4 138 49 240
26 69 33 51 1 14 0 0.00 M M 3.2 14 140 M M 0 1 20 140
27 62 42 52 2 13 0 0.00 M M 8.1 18 330 M M 4 28 320
28 54 32 43 -7 22 0 0.00 M M 3.5 18 320 M M 5 1 25 320
29 59 27 43 -8 22 0 0.00 M M 2.9 17 240 M M 0 22 240
30 64 35 50 -1 15 0 0.00 M M 5.6 14 140 M M 0 18 140
31 67 47 57 6 8 0 0.66 M M 13.5 31 200 M M 8 1 46 200
================================================================================
SM 1796 1067 577 0 5.24 M 245.0 M 148
================================================================================
AV 57.9 34.4 7.9 FASTST M M 5 MAX(MPH)
MISC ----> 47 220 67 260
================================================================================
NOTES:
# LAST OF SEVERAL OCCURRENCES
COLUMN 17 PEAK WIND IN M.P.H.
PRELIMINARY LOCAL CLIMATOLOGICAL DATA (WS FORM: F-6) , PAGE 2
STATION: FRANKFORT KY
MONTH: MARCH
YEAR: 2023
LATITUDE: 38 10 N
LONGITUDE: 84 54 W
[TEMPERATURE DATA] [PRECIPITATION DATA] SYMBOLS USED IN COLUMN 16
AVERAGE MONTHLY: 46.2 TOTAL FOR MONTH: 5.24 1 = FOG OR MIST
DPTR FM NORMAL: 0.0 DPTR FM NORMAL: 0.52 2 = FOG REDUCING VISIBILITY
HIGHEST: 80 ON 1 GRTST 24HR 2.15 ON 24-25 TO 1/4 MILE OR LESS
LOWEST: 17 ON 20 3 = THUNDER
SNOW, ICE PELLETS, HAIL 4 = ICE PELLETS
TOTAL MONTH: M 5 = HAIL
GRTST 24HR M ON M 6 = FREEZING RAIN OR DRIZZLE
GRTST DEPTH: M ON M 7 = DUSTSTORM OR SANDSTORM:
VSBY 1/2 MILE OR LESS
8 = SMOKE OR HAZE
[NO. OF DAYS WITH] [WEATHER - DAYS WITH] 9 = BLOWING SNOW
X = TORNADO
MAX 32 OR BELOW: 0 0.01 INCH OR MORE: 14
MAX 90 OR ABOVE: 0 0.10 INCH OR MORE: 7
MIN 32 OR BELOW: 11 0.50 INCH OR MORE: 4
MIN 0 OR BELOW: 0 1.00 INCH OR MORE: 2
[HDD (BASE 65) ]
TOTAL THIS MO. 577 CLEAR (SCALE 0-3) 9
DPTR FM NORMAL -9 PTCLDY (SCALE 4-7) 14
TOTAL FM JUL 1 3596 CLOUDY (SCALE 8-10) 8
DPTR FM NORMAL -414
[CDD (BASE 65) ]
TOTAL THIS MO. 0
DPTR FM NORMAL -4 [PRESSURE DATA]
TOTAL FM JAN 1 0 HIGHEST SLP M ON M
DPTR FM NORMAL -4 LOWEST SLP 28.89 ON 3
[REMARKS]
#FINAL-03-23#