000
CXUS53 KLMK 011253
CF6FFT
PRELIMINARY LOCAL CLIMATOLOGICAL DATA (WS FORM: F-6)
STATION: FRANKFORT KY
MONTH: OCTOBER
YEAR: 2021
LATITUDE: 38 10 N
LONGITUDE: 84 54 W
TEMPERATURE IN F: :PCPN: SNOW: WIND :SUNSHINE: SKY :PK WND
================================================================================
1 2 3 4 5 6A 6B 7 8 9 10 11 12 13 14 15 16 17 18
12Z AVG MX 2MIN
DY MAX MIN AVG DEP HDD CDD WTR SNW DPTH SPD SPD DIR MIN PSBL S-S WX SPD DR
================================================================================
1 81 53 67 3 0 2 0.00 M M 2.3 12 120 M M 0 16 120
2 83 54 69 6 0 4 0.22 M M 4.0 21 230 M M 3 1 34 240
3 73 66 70 7 0 5 0.93 M M 7.6 16 180 M M 9 13 22 210
4 75 60 68 6 0 3 0.00 M M 3.9 12 240 M M 7 12 15 220
5 80 58 69 7 0 4 0.19 M M 2.7 13 200 M M 7 12 17 90
6 78 65 72 10 0 7 0.64 M M 3.9 13 200 M M 7 13 17 110
7 79 62 71 10 0 6 0.04 M M 2.8 13 60 M M 8 13 16 60
8 81 62 72 11 0 7 0.00 M M 2.6 14 230 M M 5 12 17 230
9 82 57 70 10 0 5 0.00 M M 4.3 14 130 M M 2 128 19 120
10 84 65 75 15 0 10 0.00 M M 6.5 14 180 M M 0 21 200
11 83 62 73 13 0 8 0.00 M M 9.2 23 130 M M 1 1 32 140
12 80 57 69 10 0 4 0.00 M M 9.3 22 210 M M 3 30 210
13 78 54 66 7 0 1 0.03 M M 3.1 9 170 M M 6 12 13 200
14 84 63 74 16 0 9 0.00 M M 4.6 12 210 M M 2 12 17 180
15 72 66 69 11 0 4 0.17 M M 6.9 18 310 M M 5 1 31 320
16 66 46 56 -2 9 0 0.10 M M 8.5 20 300 M M 4 1 29 320
17 68 41 55 -2 10 0 0.00 M M 4.7 15 270 M M 0 25 300
18 71 40 56 -1 9 0 0.00 M M 2.3 13 240 M M 0 19 260
19 72 41 57 1 8 0 0.00 M M 1.9 10 190 M M 0 16 200
20 74 43 59 3 6 0 0.00 M M 4.3 14 200 M M 0 19 220
21 76 48 62 6 3 0 0.00 M M 8.8 23 230 M M 4 31 240
22 57 44 51 -4 14 0 0.00 M M 4.0 8 220 M M 8 1 12 220
23 64 43 54 -1 11 0 0.10 M M 3.1 10 230 M M 5 1 16 220
24 78 55 67 13 0 2 0.40 M M 9.2 21 200 M M 6 13 32 210
25 68 50 59 5 6 0 0.44 M M 11.1 23 150 M M 7 18 33 300
26 59 38 49 -5 16 0 T M M 4.9 14 340 M M 6 1 21 310
27 59 33 46 -7 19 0 0.00 M M 5.2 15 80 M M 1 12 20 80
28 55 45 50 -3 15 0 0.20 M M 6.3 14 70 M M 6 1 20 80
29 62 48 55 3 10 0 0.71 M M 3.3 12 240 M M 9 12 16 240
30 58 53 56 4 9 0 0.60 M M 6.4 14 330 M M 10 1 20 330
31 63 50 57 5 8 0 0.01 M M 6.4 14 320 M M 9 1 20 270
================================================================================
SM 2243 1622 153 81 4.78 M 164.1 M 140
================================================================================
AV 72.4 52.3 5.3 FASTST M M 5 MAX(MPH)
MISC ----> # 23 130 34 240
================================================================================
NOTES:
# LAST OF SEVERAL OCCURRENCES
COLUMN 17 PEAK WIND IN M.P.H.
PRELIMINARY LOCAL CLIMATOLOGICAL DATA (WS FORM: F-6) , PAGE 2
STATION: FRANKFORT KY
MONTH: OCTOBER
YEAR: 2021
LATITUDE: 38 10 N
LONGITUDE: 84 54 W
[TEMPERATURE DATA] [PRECIPITATION DATA] SYMBOLS USED IN COLUMN 16
AVERAGE MONTHLY: 62.3 TOTAL FOR MONTH: 4.78 1 = FOG OR MIST
DPTR FM NORMAL: 4.7 DPTR FM NORMAL: 1.14 2 = FOG REDUCING VISIBILITY
HIGHEST: 84 ON 14,10 GRTST 24HR 1.29 ON 29-30 TO 1/4 MILE OR LESS
LOWEST: 33 ON 27 3 = THUNDER
SNOW, ICE PELLETS, HAIL 4 = ICE PELLETS
TOTAL MONTH: M 5 = HAIL
GRTST 24HR M ON M 6 = FREEZING RAIN OR DRIZZLE
GRTST DEPTH: M ON M 7 = DUSTSTORM OR SANDSTORM:
VSBY 1/2 MILE OR LESS
8 = SMOKE OR HAZE
[NO. OF DAYS WITH] [WEATHER - DAYS WITH] 9 = BLOWING SNOW
X = TORNADO
MAX 32 OR BELOW: 0 0.01 INCH OR MORE: 15
MAX 90 OR ABOVE: 0 0.10 INCH OR MORE: 12
MIN 32 OR BELOW: 0 0.50 INCH OR MORE: 4
MIN 0 OR BELOW: 0 1.00 INCH OR MORE: 0
[HDD (BASE 65) ]
TOTAL THIS MO. 153 CLEAR (SCALE 0-3) 11
DPTR FM NORMAL -108 PTCLDY (SCALE 4-7) 15
TOTAL FM JUL 1 175 CLOUDY (SCALE 8-10) 5
DPTR FM NORMAL -127
[CDD (BASE 65) ]
TOTAL THIS MO. 81
DPTR FM NORMAL 50 [PRESSURE DATA]
TOTAL FM JAN 1 1431 HIGHEST SLP 30.26 ON 19
DPTR FM NORMAL 103 LOWEST SLP 29.41 ON 30
[REMARKS]
#FINAL-10-21#