000
CXUS53 KLMK 010800
CF6FFT
PRELIMINARY LOCAL CLIMATOLOGICAL DATA (WS FORM: F-6)
STATION: FRANKFORT KY
MONTH: JULY
YEAR: 2020
LATITUDE: 38 10 N
LONGITUDE: 84 54 W
TEMPERATURE IN F: :PCPN: SNOW: WIND :SUNSHINE: SKY :PK WND
================================================================================
1 2 3 4 5 6A 6B 7 8 9 10 11 12 13 14 15 16 17 18
12Z AVG MX 2MIN
DY MAX MIN AVG DEP HDD CDD WTR SNW DPTH SPD SPD DIR MIN PSBL S-S WX SPD DR
================================================================================
1 89 72 81 5 0 16 0.00 M M 2.8 13 70 M M 4 20 110
2 91 69 80 4 0 15 0.00 M M 3.7 14 60 M M 2 1 21 80
3 92 64 78 2 0 13 0.00 M M 3.4 12 50 M M 1 17 40
4 94 67 81 5 0 16 0.00 M M 2.3 14 80 M M 1 18 20 70
5 96 67 82 6 0 17 0.00 M M 3.1 14 220 M M 2 138 19 220
6 93 71 82 6 0 17 0.00 M M 2.9 17 40 M M 1 3 25 30
7 93 69 81 5 0 16 0.00 M M 1.9 10 250 M M 1 15 240
8 93 68 81 5 0 16 0.00 M M 1.7 16 90 M M 1 3 23 70
9 92 69 81 5 0 16 0.42 M M 2.2 31 50 M M 1 13 42 60
10 91 71 81 5 0 16 0.00 M M 7.2 20 270 M M 1 30 270
11 88 68 78 2 0 13 1.14 M M 6.0 15 40 M M 2 13 25 270
12 86 66 76 0 0 11 0.00 M M 4.0 14 300 M M 3 25 290
13 86 61 74 -2 0 9 0.00 M M 3.5 13 340 M M 0 19 300
14 89 60 75 -1 0 10 0.00 M M 1.9 10 220 M M 0 15 240
15 92 61 77 1 0 12 0.00 M M 3.6 14 190 M M 1 1 19 210
16 90 74 82 6 0 17 0.11 M M 7.8 16 200 M M 4 13 24 200
17 86 71 79 3 0 14 0.01 M M 3.1 13 190 M M 5 3 17 190
18 92 70 81 5 0 16 0.00 M M 4.5 15 210 M M 1 1 19 220
19 94 73 84 8 0 19 0.00 M M 8.0 17 220 M M 1 25 220
20 91 74 83 7 0 18 0.01 M M 3.6 13 240 M M 2 16 230
21 93 69 81 5 0 16 0.00 M M 4.3 13 220 M M 0 3 17 220
22 91 72 82 6 0 17 0.10 M M 5.6 18 280 M M 3 138 31 290
23 84 72 78 2 0 13 0.12 M M 4.8 15 230 M M 6 1 20 240
24 91 67 79 3 0 14 0.00 M M 2.8 10 310 M M 2 1 17 280
25 93 67 80 4 0 15 0.00 M M 2.8 9 220 M M 1 13 270
26 92 71 82 6 0 17 0.00 M M 5.0 13 230 M M 1 19 250
27 93 71 82 6 0 17 0.00 M M 7.3 18 300 M M 1 31 220
28 90 74 82 6 0 17 T M M 2.8 13 230 M M 6 3 18 220
29 93 69 81 5 0 16 0.00 M M 3.8 13 220 M M 3 19 240
30 83 72 78 2 0 13 1.29 M M 3.6 16 320 M M 6 138 26 310
31 82 70 76 0 0 11 0.23 M M 2.9 9 40 M M 8 1 12 70
================================================================================
SM 2803 2139 0 463 3.43 M 122.9 M 71
================================================================================
AV 90.4 69.0 4.0 FASTST M M 2 MAX(MPH)
MISC ----> # 31 50 # 42 60
================================================================================
NOTES:
# LAST OF SEVERAL OCCURRENCES
COLUMN 17 PEAK WIND IN M.P.H.
PRELIMINARY LOCAL CLIMATOLOGICAL DATA (WS FORM: F-6) , PAGE 2
STATION: FRANKFORT KY
MONTH: JULY
YEAR: 2020
LATITUDE: 38 10 N
LONGITUDE: 84 54 W
[TEMPERATURE DATA] [PRECIPITATION DATA] SYMBOLS USED IN COLUMN 16
AVERAGE MONTHLY: 79.7 TOTAL FOR MONTH: 3.43 1 = FOG OR MIST
DPTR FM NORMAL: 3.4 DPTR FM NORMAL: -0.96 2 = FOG REDUCING VISIBILITY
HIGHEST: 96 ON 5 GRTST 24HR 1.29 ON 30-30 TO 1/4 MILE OR LESS
LOWEST: 60 ON 14 3 = THUNDER
SNOW, ICE PELLETS, HAIL 4 = ICE PELLETS
TOTAL MONTH: M 5 = HAIL
GRTST 24HR M ON M 6 = FREEZING RAIN OR DRIZZLE
GRTST DEPTH: M ON M 7 = DUSTSTORM OR SANDSTORM:
VSBY 1/2 MILE OR LESS
8 = SMOKE OR HAZE
[NO. OF DAYS WITH] [WEATHER - DAYS WITH] 9 = BLOWING SNOW
X = TORNADO
MAX 32 OR BELOW: 0 0.01 INCH OR MORE: 9
MAX 90 OR ABOVE: 22 0.10 INCH OR MORE: 7
MIN 32 OR BELOW: 0 0.50 INCH OR MORE: 2
MIN 0 OR BELOW: 0 1.00 INCH OR MORE: 2
[HDD (BASE 65) ]
TOTAL THIS MO. 0 CLEAR (SCALE 0-3) 23
DPTR FM NORMAL 0 PTCLDY (SCALE 4-7) 7
TOTAL FM JUL 1 0 CLOUDY (SCALE 8-10) 1
DPTR FM NORMAL 0
[CDD (BASE 65) ]
TOTAL THIS MO. 463
DPTR FM NORMAL 113 [PRESSURE DATA]
TOTAL FM JAN 1 864 HIGHEST SLP 30.19 ON 17
DPTR FM NORMAL 179 LOWEST SLP 29.72 ON 30
[REMARKS]
#FINAL-07-20#