833
CXUS53 KLMK 021724
CF6FFT
PRELIMINARY LOCAL CLIMATOLOGICAL DATA (WS FORM: F-6)
STATION: FRANKFORT KY
MONTH: MAY
YEAR: 2020
LATITUDE: 38 10 N
LONGITUDE: 84 54 W
TEMPERATURE IN F: :PCPN: SNOW: WIND :SUNSHINE: SKY :PK WND
================================================================================
1 2 3 4 5 6A 6B 7 8 9 10 11 12 13 14 15 16 17 18
12Z AVG MX 2MIN
DY MAX MIN AVG DEP HDD CDD WTR SNW DPTH SPD SPD DIR MIN PSBL S-S WX SPD DR
================================================================================
1 69 43 56 -4 9 0 0.00 M M 5.3 12 320 M M 2 21 280
2 82 48 65 5 0 0 0.02 M M 9.1 22 220 M M 2 32 190
3 81 58 70 10 0 5 0.23 M M 8.0 20 310 M M 7 138 29 330
4 76 44 60 -1 5 0 0.00 M M 5.2 14 100 M M 2 12 20 100
5 59 47 53 -8 12 0 0.36 M M 7.4 16 70 M M 10 13 24 50
6 60 39 50 -11 15 0 0.00 M M 7.5 17 330 M M 6 28 300
7 68 36 52 -9 13 0 0.00 M M 6.6 16 250 M M 3 25 260
8 55 37 46 -16 19 0 0.78 M M 7.7 18 340 M M 6 1 26 340
9 57 28 43 -19 22 0 0.00 M M 3.8 14 330 M M 0 22 330
10 69 37 53 -9 12 0 T M M 10.1 26 230 M M 2 3 41 310
11 52 36 44 -18 21 0 0.00 M M 5.5 14 310 M M 7 23 240
12 63 35 49 -14 16 0 0.00 M M 1.4 10 250 M M 4 16 270
13 55 49 52 -11 13 0 0.21 M M 4.9 13 110 M M 10 18 18 110
14 83 53 68 5 0 3 0.00 M M 8.8 23 220 M M 3 1 34 220
15 79 66 73 9 0 8 0.40 M M 9.4 25 220 M M 7 13 36 210
16 82 65 74 10 0 9 1.19 M M 3.6 14 140 M M 8 13 17 130
17 83 62 73 9 0 8 0.00 M M 5.6 20 180 M M 4 1 26 180
18 75 59 67 3 0 2 1.20 M M 6.5 18 230 M M 9 13 30 230
19 67 59 63 -2 2 0 0.19 M M 4.5 15 100 M M 9 1 20 100
20 64 55 60 -5 5 0 0.00 M M 11.4 21 70 M M 10 27 60
21 70 54 62 -3 3 0 0.00 M M 6.1 13 90 M M 8 18 60
22 79 54 67 1 0 2 0.00 M M 2.3 9 200 M M 8 12 13 230
23 85 64 75 9 0 10 1.15 M M 2.8 9 120 M M 7 3 51 210
24 83 71 77 11 0 12 0.42 M M 5.6 10 180 M M 0 3 M M
25 86 64 75 9 0 10 0.05 M M 3.0 16 170 M M 2 3 24 160
26 87 65 76 9 0 11 T M M 3.2 22 180 M M 2 13 30 170
27 81 68 75 8 0 10 T M M 4.4 16 220 M M 8 24 240
28 84 67 76 9 0 11 T M M 7.5 18 220 M M 6 26 230
29 81 61 71 3 0 6 0.05 M M 6.9 18 310 M M 4 1 27 320
30 77 56 67 -1 0 2 0.00 M M 4.7 15 340 M M 2 1 23 330
31 75 51 63 -5 2 0 0.00 M M 5.0 15 330 M M 0 25 40
================================================================================
SM 2267 1631 169 109 6.25 M 183.8 M 158
================================================================================
AV 73.1 52.6 5.9 FASTST M M 5 MAX(MPH)
MISC ----> # 26 230 # 51 210
================================================================================
NOTES:
# LAST OF SEVERAL OCCURRENCES
COLUMN 17 PEAK WIND IN M.P.H.
PRELIMINARY LOCAL CLIMATOLOGICAL DATA (WS FORM: F-6) , PAGE 2
STATION: FRANKFORT KY
MONTH: MAY
YEAR: 2020
LATITUDE: 38 10 N
LONGITUDE: 84 54 W
[TEMPERATURE DATA] [PRECIPITATION DATA] SYMBOLS USED IN COLUMN 16
AVERAGE MONTHLY: 62.9 TOTAL FOR MONTH: 6.25 1 = FOG OR MIST
DPTR FM NORMAL: -1.0 DPTR FM NORMAL: 1.40 2 = FOG REDUCING VISIBILITY
HIGHEST: 87 ON 26 GRTST 24HR 1.20 ON 18-18 TO 1/4 MILE OR LESS
LOWEST: 28 ON 9 3 = THUNDER
SNOW, ICE PELLETS, HAIL 4 = ICE PELLETS
TOTAL MONTH: M 5 = HAIL
GRTST 24HR M ON M 6 = FREEZING RAIN OR DRIZZLE
GRTST DEPTH: M ON M 7 = DUSTSTORM OR SANDSTORM:
VSBY 1/2 MILE OR LESS
8 = SMOKE OR HAZE
[NO. OF DAYS WITH] [WEATHER - DAYS WITH] 9 = BLOWING SNOW
X = TORNADO
MAX 32 OR BELOW: 0 0.01 INCH OR MORE: 13
MAX 90 OR ABOVE: 0 0.10 INCH OR MORE: 10
MIN 32 OR BELOW: 1 0.50 INCH OR MORE: 4
MIN 0 OR BELOW: 0 1.00 INCH OR MORE: 3
[HDD (BASE 65) ]
TOTAL THIS MO. 169 CLEAR (SCALE 0-3) 12
DPTR FM NORMAL 57 PTCLDY (SCALE 4-7) 14
TOTAL FM JUL 1 4153 CLOUDY (SCALE 8-10) 5
DPTR FM NORMAL -537
[CDD (BASE 65) ]
TOTAL THIS MO. 109
DPTR FM NORMAL 30 [PRESSURE DATA]
TOTAL FM JAN 1 129 HIGHEST SLP 30.31 ON 13
DPTR FM NORMAL 30 LOWEST SLP 29.69 ON 19
[REMARKS]
#FINAL-05-20#