000
CXUS53 KLMK 010710
CF6FFT
PRELIMINARY LOCAL CLIMATOLOGICAL DATA (WS FORM: F-6)
STATION: FRANKFORT KY
MONTH: OCTOBER
YEAR: 2023
LATITUDE: 38 10 N
LONGITUDE: 84 54 W
TEMPERATURE IN F: :PCPN: SNOW: WIND :SUNSHINE: SKY :PK WND
================================================================================
1 2 3 4 5 6A 6B 7 8 9 10 11 12 13 14 15 16 17 18
12Z AVG MX 2MIN
DY MAX MIN AVG DEP HDD CDD WTR SNW DPTH SPD SPD DIR MIN PSBL S-S WX SPD DR
================================================================================
1 84 54 69 5 0 4 0.00 M M 3.7 15 60 M M 0 23 100
2 86 52 69 6 0 4 0.00 M M 3.4 12 60 M M 0 8 17 60
3 89 55 72 9 0 7 0.00 M M 1.1 9 90 M M 0 15 100
4 86 55 71 9 0 6 0.00 M M 3.8 17 210 M M 0 24 210
5 77 60 69 7 0 4 0.08 M M 4.8 21 230 M M 6 1 27 230
6 76 53 65 3 0 0 0.15 M M 6.4 22 330 M M 6 1 32 330
7 62 42 52 -9 13 0 0.00 M M 5.6 16 310 M M 2 26 300
8 61 38 50 -11 15 0 0.00 M M 4.6 16 270 M M 5 26 300
9 69 41 55 -5 10 0 0.00 M M 3.4 14 280 M M 4 24 290
10 67 36 52 -8 13 0 0.00 M M 3.0 14 250 M M 1 1 23 270
11 68 36 52 -8 13 0 0.00 M M 2.8 12 190 M M 1 16 190
12 81 48 65 6 0 0 0.00 M M 1.3 7 10 M M 1 12 360
13 81 51 66 7 0 1 0.22 M M 4.0 14 200 M M 3 1 19 180
14 65 52 59 1 6 0 0.09 M M 8.7 16 280 M M 10 18 25 270
15 57 49 53 -5 12 0 0.00 M M 6.6 13 320 M M 10 19 360
16 56 48 52 -6 13 0 0.13 M M 5.7 14 330 M M 10 18 20 340
17 54 44 49 -8 16 0 0.00 M M 2.6 10 300 M M 10 15 300
18 67 38 53 -4 12 0 0.00 M M 3.8 13 160 M M 1 1 17 200
19 67 52 60 4 5 0 0.38 M M 9.1 18 210 M M 5 1 29 180
20 61 45 53 -3 12 0 0.30 M M 7.9 15 310 M M 9 1 25 320
21 73 38 56 0 9 0 0.00 M M 6.8 23 220 M M 1 32 220
22 62 38 50 -5 15 0 0.00 M M 4.3 16 330 M M 1 23 330
23 72 33 53 -2 12 0 0.00 M M 1.8 9 160 M M 0 12 160
24 77 45 61 7 4 0 0.00 M M 4.4 13 190 M M 0 17 180
25 79 54 67 13 0 2 0.00 M M 6.7 18 220 M M 1 26 210
26 79 58 69 15 0 4 0.00 M M 6.9 17 200 M M 4 28 210
27 71 63 67 14 0 2 T M M 9.7 21 210 M M 8 1 29 210
28 69 59 64 11 1 0 0.29 M M 4.7 12 230 M M 9 12 14 200
29 65 57 61 9 4 0 0.48 M M 3.9 10 320 M M 10 12 18 260
30 57 33 45 -7 20 0 0.58 M M 6.8 14 340 M M 8 1 21 330
31 48 28 38 -14 27 0 0.00 M M 5.8 18 290 M M 2 29 300
================================================================================
SM 2166 1455 232 34 2.70 M 154.1 M 128
================================================================================
AV 69.9 46.9 5.0 FASTST M M 4 MAX(MPH)
MISC ----> 23 220 # 32 330
================================================================================
NOTES:
# LAST OF SEVERAL OCCURRENCES
COLUMN 17 PEAK WIND IN M.P.H.
PRELIMINARY LOCAL CLIMATOLOGICAL DATA (WS FORM: F-6) , PAGE 2
STATION: FRANKFORT KY
MONTH: OCTOBER
YEAR: 2023
LATITUDE: 38 10 N
LONGITUDE: 84 54 W
[TEMPERATURE DATA] [PRECIPITATION DATA] SYMBOLS USED IN COLUMN 16
AVERAGE MONTHLY: 58.4 TOTAL FOR MONTH: 2.70 1 = FOG OR MIST
DPTR FM NORMAL: 0.8 DPTR FM NORMAL: -0.94 2 = FOG REDUCING VISIBILITY
HIGHEST: 89 ON 3 GRTST 24HR 0.93 ON 29-30 TO 1/4 MILE OR LESS
LOWEST: 28 ON 31 3 = THUNDER
SNOW, ICE PELLETS, HAIL 4 = ICE PELLETS
TOTAL MONTH: M 5 = HAIL
GRTST 24HR M ON M 6 = FREEZING RAIN OR DRIZZLE
GRTST DEPTH: M ON M 7 = DUSTSTORM OR SANDSTORM:
VSBY 1/2 MILE OR LESS
8 = SMOKE OR HAZE
[NO. OF DAYS WITH] [WEATHER - DAYS WITH] 9 = BLOWING SNOW
X = TORNADO
MAX 32 OR BELOW: 0 0.01 INCH OR MORE: 10
MAX 90 OR ABOVE: 0 0.10 INCH OR MORE: 8
MIN 32 OR BELOW: 1 0.50 INCH OR MORE: 1
MIN 0 OR BELOW: 0 1.00 INCH OR MORE: 0
[HDD (BASE 65) ]
TOTAL THIS MO. 232 CLEAR (SCALE 0-3) 16
DPTR FM NORMAL -29 PTCLDY (SCALE 4-7) 7
TOTAL FM JUL 1 239 CLOUDY (SCALE 8-10) 8
DPTR FM NORMAL -63
[CDD (BASE 65) ]
TOTAL THIS MO. 34
DPTR FM NORMAL 3 [PRESSURE DATA]
TOTAL FM JAN 1 1126 HIGHEST SLP M ON M
DPTR FM NORMAL -202 LOWEST SLP 29.61 ON 21
[REMARKS]
#FINAL-10-23#