000
CXUS53 KFGF 010915
CF6FGF
PRELIMINARY LOCAL CLIMATOLOGICAL DATA (WS FORM: F-6)
STATION: GRAND FORKS UNIV. (NWS) ND
MONTH: DECEMBER
YEAR: 2023
LATITUDE: 47 55 N
LONGITUDE: 97 6 W
TEMPERATURE IN F: :PCPN: SNOW: WIND :SUNSHINE: SKY :PK WND
================================================================================
1 2 3 4 5 6A 6B 7 8 9 10 11 12 13 14 15 16 17 18
12Z AVG MX 2MIN
DY MAX MIN AVG DEP HDD CDD WTR SNW DPTH SPD SPD DIR MIN PSBL S-S WX SPD DR
================================================================================
1 37 19 28 9 37 0 0.00 0.0 0 M M M M M M M M
2 37 23 30 11 35 0 0.00 0.0 0 M M M M M M M M
3 32 21 27 9 38 0 0.00 0.0 0 M M M M M M M M
4 31 17 24 6 41 0 0.00 0.0 0 M M M M M M M M
5 26 20 23 5 42 0 0.00 0.0 0 M M M M M M M M
6 54 25 40 23 25 0 0.00 0.0 0 M M M M M M M M
7 54 26 40 23 25 0 0.00 0.0 0 M M M M M M M M
8 40 28 34 18 31 0 0.27 2.6 0 M M M M M M 9 M M
9 28 22 25 9 40 0 0.21 2.1 5 M M M M M M M M
10 23 15 19 4 46 0 T T 5 M M M M M M M M
11 26 14 20 5 45 0 T T 4 M M M M M M M M
12 20 7 14 -1 51 0 0.00 0.0 4 M M M M M M M M
13 29 9 19 5 46 0 0.00 0.0 4 M M M M M M M M
14 38 24 31 17 34 0 0.00 0.0 4 M M M M M M M M
15 34 24 29 16 36 0 0.01 0.0 4 M M M M M M M M
16 31 18 25 12 40 0 0.00 0.0 3 M M M M M M M M
17 37 13 25 12 40 0 T T 3 M M M M M M M M
18 19 1 10 -2 55 0 0.00 0.0 3 M M M M M M M M
19 29 17 23 11 42 0 0.00 0.0 3 M M M M M M M M
20 34 24 29 17 36 0 0.00 0.0 3 M M M M M M M M
21 36 28 32 21 33 0 0.00 0.0 3 M M M M M M M M
22 32 22 27 16 38 0 T 0.0 3 M M M M M M 12 M M
23 37 30 34 23 31 0 T 0.0 3 M M M M M M M M
24 38 24 31 21 34 0 0.53 0.3 1 M M M M M M M M
25 29 17 23 13 42 0 0.15 0.0 2 M M M M M M 6 M M
26 30 27 29 19 36 0 0.35 0.0 2 M M M M M M 6 M M
27 31 28 30 20 35 0 0.04 0.0 2 M M M M M M 126 M M
28 35 21 28 19 37 0 0.00 0.0 2 M M M M M M 12 M M
29 38 20 29 20 36 0 0.00 0.0 2 M M M M M M M M
30 25 17 21 12 44 0 T T 1 M M M M M M M M
31 20 15 18 9 47 0 0.00 0.0 1 M M M M M M M M
================================================================================
SM 1010 616 1198 0 1.56 5.0 M M M
================================================================================
AV 32.6 19.9 M FASTST M M M MAX(MPH)
MISC ----> M M M M
================================================================================
NOTES:
# LAST OF SEVERAL OCCURRENCES
COLUMN 17 PEAK WIND IN M.P.H.
PRELIMINARY LOCAL CLIMATOLOGICAL DATA (WS FORM: F-6) , PAGE 2
STATION: GRAND FORKS UNIV. (NWS) ND
MONTH: DECEMBER
YEAR: 2023
LATITUDE: 47 55 N
LONGITUDE: 97 6 W
[TEMPERATURE DATA] [PRECIPITATION DATA] SYMBOLS USED IN COLUMN 16
AVERAGE MONTHLY: 26.2 TOTAL FOR MONTH: 1.56 1 = FOG OR MIST
DPTR FM NORMAL: 12.8 DPTR FM NORMAL: 0.83 2 = FOG REDUCING VISIBILITY
HIGHEST: 54 ON 7, 6 GRTST 24HR 0.53 ON 24-24 TO 1/4 MILE OR LESS
LOWEST: 1 ON 18 3 = THUNDER
SNOW, ICE PELLETS, HAIL 4 = ICE PELLETS
TOTAL MONTH: 5.0 INCHES 5 = HAIL
GRTST 24HR 2.6 ON 8- 8 6 = FREEZING RAIN OR DRIZZLE
GRTST DEPTH: 5 ON 10, 9 7 = DUSTSTORM OR SANDSTORM:
VSBY 1/2 MILE OR LESS
8 = SMOKE OR HAZE
[NO. OF DAYS WITH] [WEATHER - DAYS WITH] 9 = BLOWING SNOW
X = TORNADO
MAX 32 OR BELOW: 17 0.01 INCH OR MORE: 7
MAX 90 OR ABOVE: 0 0.10 INCH OR MORE: 5
MIN 32 OR BELOW: 31 0.50 INCH OR MORE: 1
MIN 0 OR BELOW: 0 1.00 INCH OR MORE: 0
[HDD (BASE 65) ]
TOTAL THIS MO. 1198 CLEAR (SCALE 0-3) 0
DPTR FM NORMAL -402 PTCLDY (SCALE 4-7) 0
TOTAL FM JUL 1 2969 CLOUDY (SCALE 8-10) 31
DPTR FM NORMAL -706
[CDD (BASE 65) ]
TOTAL THIS MO. 0
DPTR FM NORMAL 0 [PRESSURE DATA]
TOTAL FM JAN 1 673 HIGHEST SLP M ON M
DPTR FM NORMAL 242 LOWEST SLP M ON M
[REMARKS]
#FINAL-12-23#