000
CXUS52 KMFL 281909
CF6FLL
PRELIMINARY LOCAL CLIMATOLOGICAL DATA (WS FORM: F-6)
STATION: FORT LAUDERDALE
MONTH: DECEMBER
YEAR: 2022
LATITUDE: 26 4 N
LONGITUDE: 80 9 W
TEMPERATURE IN F: :PCPN: SNOW: WIND :SUNSHINE: SKY :PK WND
================================================================================
1 2 3 4 5 6A 6B 7 8 9 10 11 12 13 14 15 16 17 18
12Z AVG MX 2MIN
DY MAX MIN AVG DEP HDD CDD WTR SNW DPTH SPD SPD DIR MIN PSBL S-S WX SPD DR
================================================================================
1 82 73 78 5 0 13 0.01 0.0 0 9.9 22 30 M M 6 18 32 30
2 81 74 78 5 0 13 0.00 0.0 0 14.8 21 90 M M 4 28 90
3 82 73 78 5 0 13 0.00 0.0 0 12.6 22 90 M M 6 28 90
4 81 69 75 2 0 10 0.00 0.0 0 7.9 15 60 M M 3 20 70
5 83 67 75 2 0 10 0.01 0.0 0 6.6 15 70 M M 4 19 70
6 82 69 76 4 0 11 0.01 0.0 0 6.9 13 70 M M 3 17 90
7 83 71 77 5 0 12 0.00 M M 8.1 14 80 M M 2 19 70
8 81 69 75 3 0 10 0.00 0.0 0 6.7 14 70 M M 3 18 40
9 82 69 76 4 0 11 0.00 0.0 0 5.5 12 70 M M 3 15 70
10 83 67 75 3 0 10 0.00 0.0 0 4.7 12 10 M M 1 14 360
11 81 65 73 1 0 8 0.00 0.0 0 5.3 12 330 M M 1 1 15 330
12 80 64 72 0 0 7 0.00 0.0 0 4.7 10 270 M M 2 1 17 270
13 80 63 72 0 0 7 0.00 0.0 0 5.7 13 80 M M 2 17 80
14 81 66 74 2 0 9 1.17 0.0 0 10.1 21 110 M M 5 12 24 120
15 83 74 79 7 0 14 0.00 0.0 0 10.4 22 170 M M 6 29 160
16 78 69 74 3 0 9 T 0.0 0 5.6 13 330 M M 8 16 320
17 78 68 73 2 0 8 0.25 0.0 0 5.8 13 70 M M 8 13 M M
18 81 66 74 3 0 9 0.05 0.0 0 7.2 12 10 M M 6 22 40
19 77 62 70 -1 0 5 0.00 0.0 0 9.3 17 70 M M 4 22 80
20 79 69 74 3 0 9 0.10 0.0 0 10.8 21 90 M M 7 28 90
21 79 71 75 4 0 10 0.04 0.0 0 9.3 17 110 M M 7 1 21 110
22 84 67 76 6 0 11 0.00 0.0 0 5.0 14 240 M M 5 24 260
23 82 57 70 0 0 5 0.03 0.0 0 9.7 21 260 M M 6 3 25 250
24 57 45 51 -19 14 0 T 0.0 0 10.0 18 320 M M 6 27 330
25 49 44 47 -23 18 0 0.01 0.0 0 10.0 16 340 M M 10 22 310
26 57 48 53 -17 12 0 0.33 0.0 0 7.7 14 340 M M 10 1 19 330
27 74 56 65 -5 0 0 0.17 0.0 0 7.4 13 340 M M 7 1 18 350
28 77 58 68 -2 0 3 0.00 0.0 0 9.9 17 70 M M 5 23 60
29 79 71 75 6 0 10 0.00 0.0 0 12.7 21 60 M M 5 25 60
30 82 74 78 9 0 13 0.00 0.0 0 8.5 14 110 M M 6 19 70
31 83 72 78 9 0 13 0.00 0.0 0 7.7 17 150 M M 3 22 120
================================================================================
SM 2421 2030 44 263 2.18 0.0 256.5 M 154
================================================================================
AV 78.1 65.5 8.3 FASTST M M 5 MAX(MPH)
MISC ----> # 22 30 32 30
================================================================================
NOTES:
# LAST OF SEVERAL OCCURRENCES
COLUMN 17 PEAK WIND IN M.P.H.
PRELIMINARY LOCAL CLIMATOLOGICAL DATA (WS FORM: F-6) , PAGE 2
STATION: FORT LAUDERDALE
MONTH: DECEMBER
YEAR: 2022
LATITUDE: 26 4 N
LONGITUDE: 80 9 W
[TEMPERATURE DATA] [PRECIPITATION DATA] SYMBOLS USED IN COLUMN 16
AVERAGE MONTHLY: 71.8 TOTAL FOR MONTH: 2.18 1 = FOG OR MIST
DPTR FM NORMAL: 0.6 DPTR FM NORMAL: -0.60 2 = FOG REDUCING VISIBILITY
HIGHEST: 84 ON 22 GRTST 24HR 1.17 ON 14-14 TO 1/4 MILE OR LESS
LOWEST: 44 ON 25 3 = THUNDER
SNOW, ICE PELLETS, HAIL 4 = ICE PELLETS
TOTAL MONTH: 0.0 INCH 5 = HAIL
GRTST 24HR 0.0 6 = FREEZING RAIN OR DRIZZLE
GRTST DEPTH: 0 7 = DUSTSTORM OR SANDSTORM:
VSBY 1/2 MILE OR LESS
8 = SMOKE OR HAZE
[NO. OF DAYS WITH] [WEATHER - DAYS WITH] 9 = BLOWING SNOW
X = TORNADO
MAX 32 OR BELOW: 0 0.01 INCH OR MORE: 12
MAX 90 OR ABOVE: 0 0.10 INCH OR MORE: 5
MIN 32 OR BELOW: 0 0.50 INCH OR MORE: 1
MIN 0 OR BELOW: 0 1.00 INCH OR MORE: 1
[HDD (BASE 65) ]
TOTAL THIS MO. 44 CLEAR (SCALE 0-3) 8
DPTR FM NORMAL 15 PTCLDY (SCALE 4-7) 20
TOTAL FM JUL 1 44 CLOUDY (SCALE 8-10) 3
DPTR FM NORMAL 10
[CDD (BASE 65) ]
TOTAL THIS MO. 263
DPTR FM NORMAL 42 [PRESSURE DATA]
TOTAL FM JAN 1 5073 HIGHEST SLP 30.28 ON 25
DPTR FM NORMAL 501 LOWEST SLP 29.90 ON 15
[REMARKS]
#FINAL-12-22#