000
CXUS52 KILM 011130
CF6FLO
PRELIMINARY LOCAL CLIMATOLOGICAL DATA (WS FORM: F-6)
STATION: FLORENCE SOUTH CAROLINA
MONTH: MAY
YEAR: 2022
LATITUDE: 34 10 N
LONGITUDE: 79 43 W
TEMPERATURE IN F: :PCPN: SNOW: WIND :SUNSHINE: SKY :PK WND
================================================================================
1 2 3 4 5 6A 6B 7 8 9 10 11 12 13 14 15 16 17 18
12Z AVG MX 2MIN
DY MAX MIN AVG DEP HDD CDD WTR SNW DPTH SPD SPD DIR MIN PSBL S-S WX SPD DR
================================================================================
1 86 57 72 4 0 7 0.00 M M 7.7 16 220 M M 1 25 220
2 89 65 77 8 0 12 0.00 M M 8.1 15 230 M M 2 20 230
3 90 65 78 9 0 13 0.96 M M 7.9 45 280 M M 3 56 280
4 89 66 78 9 0 13 0.00 M M 7.9 20 220 M M 3 1 23 220
5 89 67 78 8 0 13 0.00 M M 6.1 12 80 M M 3 18 17 60
6 92 70 81 11 0 16 0.04 M M 11.8 28 210 M M 6 18 37 210
7 80 60 70 0 0 5 0.10 M M 10.9 21 250 M M 5 1 25 260
8 64 53 59 -11 6 0 0.00 M M 12.3 20 40 M M 10 26 360
9 75 49 62 -8 3 0 0.00 M M 9.7 18 20 M M 2 24 30
10 81 50 66 -5 0 1 0.00 M M 12.0 24 10 M M 0 31 360
11 83 57 70 -1 0 5 0.00 M M 12.5 21 10 M M 1 27 360
12 75 66 71 0 0 6 0.20 M M 12.2 23 10 M M 9 18 30 20
13 79 65 72 0 0 7 0.06 M M 6.3 15 60 M M 7 18 21 360
14 85 65 75 3 0 10 0.03 M M 3.2 12 220 M M 5 1 25 270
15 86 66 76 4 0 11 0.00 M M 5.4 15 140 M M 0 17 140
16 93 69 81 9 0 16 T M M 8.9 22 320 M M 3 1 30 310
17 87 62 75 3 0 10 0.00 M M 5.8 15 40 M M 1 18 30
18 92 58 75 2 0 10 0.00 M M 4.8 16 200 M M 0 1 19 210
19 98 72 85 12 0 20 0.00 M M 10.0 20 250 M M 1 25 250
20 97 74 86 13 0 21 0.00 M M 10.1 20 230 M M 0 26 240
21 91 72 82 9 0 17 0.10 M M 6.8 20 210 M M 1 8 29 220
22 87 72 80 6 0 15 T M M 8.7 17 210 M M 1 22 220
23 91 70 81 7 0 16 0.21 M M 7.4 30 220 M M 1 1 40 220
24 89 66 78 4 0 13 0.00 M M 8.3 18 10 M M 4 1 25 360
25 81 65 73 -1 0 8 0.00 M M 8.2 14 80 M M 9 19 70
26 88 67 78 3 0 13 0.19 M M 10.9 22 170 M M 8 1 30 180
27 84 71 78 3 0 13 0.25 M M 8.7 28 220 M M 4 1 37 170
28 89 69 79 4 0 14 0.00 M M 5.0 10 300 M M 3 1 15 10
29 92 67 80 5 0 15 0.00 M M 4.4 21 160 M M 2 28 140
30 93 66 80 4 0 15 0.00 M M 5.5 17 160 M M 1 18 20 160
31 94 66 80 4 0 15 0.00 M M 3.3 12 160 M M 4 128 17 100
================================================================================
SM 2689 2007 9 350 2.14 M 250.8 M 100
================================================================================
AV 86.7 64.7 8.1 FASTST M M 3 MAX(MPH)
MISC ----> 45 280 56 280
================================================================================
NOTES:
# LAST OF SEVERAL OCCURRENCES
COLUMN 17 PEAK WIND IN M.P.H.
PRELIMINARY LOCAL CLIMATOLOGICAL DATA (WS FORM: F-6) , PAGE 2
STATION: FLORENCE SOUTH CAROLINA
MONTH: MAY
YEAR: 2022
LATITUDE: 34 10 N
LONGITUDE: 79 43 W
[TEMPERATURE DATA] [PRECIPITATION DATA] SYMBOLS USED IN COLUMN 16
AVERAGE MONTHLY: 75.7 TOTAL FOR MONTH: 2.14 1 = FOG OR MIST
DPTR FM NORMAL: 3.5 DPTR FM NORMAL: -1.57 2 = FOG REDUCING VISIBILITY
HIGHEST: 98 ON 19 GRTST 24HR 0.96 ON 3- 3 TO 1/4 MILE OR LESS
LOWEST: 49 ON 9 3 = THUNDER
SNOW, ICE PELLETS, HAIL 4 = ICE PELLETS
TOTAL MONTH: M 5 = HAIL
GRTST 24HR M ON M 6 = FREEZING RAIN OR DRIZZLE
GRTST DEPTH: M ON M 7 = DUSTSTORM OR SANDSTORM:
VSBY 1/2 MILE OR LESS
8 = SMOKE OR HAZE
[NO. OF DAYS WITH] [WEATHER - DAYS WITH] 9 = BLOWING SNOW
X = TORNADO
MAX 32 OR BELOW: 0 0.01 INCH OR MORE: 10
MAX 90 OR ABOVE: 11 0.10 INCH OR MORE: 7
MIN 32 OR BELOW: 0 0.50 INCH OR MORE: 1
MIN 0 OR BELOW: 0 1.00 INCH OR MORE: 0
[HDD (BASE 65) ]
TOTAL THIS MO. 9 CLEAR (SCALE 0-3) 18
DPTR FM NORMAL -7 PTCLDY (SCALE 4-7) 10
TOTAL FM JUL 1 1997 CLOUDY (SCALE 8-10) 3
DPTR FM NORMAL -333
[CDD (BASE 65) ]
TOTAL THIS MO. 350
DPTR FM NORMAL 110 [PRESSURE DATA]
TOTAL FM JAN 1 481 HIGHEST SLP 30.25 ON 22
DPTR FM NORMAL 122 LOWEST SLP 29.55 ON 7
[REMARKS]
#FINAL-05-22#