000
CXUS52 KILM 031929
CLMFLO
CLIMATE REPORT
NATIONAL WEATHER SERVICE WILMINGTON NC
229 PM EST SAT FEB 03 2024
...................................
...THE FLORENCE SOUTH CAROLINA CLIMATE SUMMARY FOR THE MONTH OF JANUARY 2024...
CLIMATE NORMAL PERIOD 1991 TO 2020
CLIMATE RECORD PERIOD 1948 TO 2024
WEATHER OBSERVED NORMAL DEPART LAST YEAR`S
VALUE DATE(S) VALUE FROM VALUE DATE(S)
NORMAL
................................................................
TEMPERATURE (F)
RECORD
HIGH 85 01/31/1975
LOW 0 01/21/1985
HIGHEST 82 01/26 MM MM 76 01/03
LOWEST 16 01/21 MM MM 24 01/16
AVG. MAXIMUM 59.7 57.1 2.6 62.4
AVG. MINIMUM 36.0 36.0 0.0 39.9
MEAN 47.9 46.6 1.3 51.1
DAYS MAX >= 90 0 0.0 0.0 0
DAYS MAX <= 32 0 0.4 -0.4 0
DAYS MIN <= 32 11 13.0 -2.0 7
DAYS MIN <= 0 0 0.0 0.0 0
PRECIPITATION (INCHES)
RECORD
MAXIMUM 7.78 1995
MINIMUM 0.70 2003
TOTALS 2.74 3.08 -0.34 4.98
DAILY AVG. 0.09 0.10 -0.01
DAYS >= .01 11 9.7 1.3
DAYS >= .10 4 5.8 -1.8
DAYS >= .50 2 2.2 -0.2
DAYS >= 1.00 1 0.7 0.3
GREATEST
24 HR. TOTAL 1.52 01/09 TO 01/10
DEGREE DAYS
HEATING TOTAL 536 575 -39 425
SINCE 7/1 1379 1486 -107
COOLING TOTAL 13 3 10 2
SINCE 1/1 13 3 10
FREEZE DATES
RECORD
EARLIEST 10/14/1988
LATEST 04/20/1983
EARLIEST 11/03
LATEST 03/21
................................................................
WIND (MPH)
AVERAGE WIND SPEED 7.8
RESULTANT WIND SPEED/DIRECTION 2/260
HIGHEST WIND SPEED/DIRECTION 39/230 DATE 01/09
HIGHEST GUST SPEED/DIRECTION 63/220 DATE 01/09
SKY COVER
AVERAGE SKY COVER 0.31
AVERAGE RH (PERCENT) 67
WEATHER CONDITIONS. NUMBER OF DAYS WITH
THUNDERSTORM 2 MIXED PRECIP MM
HEAVY RAIN 3 RAIN 4
LIGHT RAIN 13 FREEZING RAIN 0
LT FREEZING RAIN 0 HAIL MM
HEAVY SNOW 0 SNOW 0
LIGHT SNOW 0 SLEET MM
FOG 11 FOG W/VIS <= 1/4 MILE 0
HAZE 3
- INDICATES NEGATIVE NUMBERS.
R INDICATES RECORD WAS SET OR TIED.
MM INDICATES DATA IS MISSING.
T INDICATES TRACE AMOUNT.
$$