000
CXUS54 KLZK 011410
CF6FLP
PRELIMINARY LOCAL CLIMATOLOGICAL DATA (WS FORM: F-6)
STATION: FLIPPIN
MONTH: AUGUST
YEAR: 2022
LATITUDE: 36 17 N
LONGITUDE: 92 28 W
TEMPERATURE IN F: :PCPN: SNOW: WIND :SUNSHINE: SKY :PK WND
================================================================================
1 2 3 4 5 6A 6B 7 8 9 10 11 12 13 14 15 16 17 18
12Z AVG MX 2MIN
DY MAX MIN AVG DEP HDD CDD WTR SNW DPTH SPD SPD DIR MIN PSBL S-S WX SPD DR
================================================================================
1 95 71 83 M 0 18 0.00 M M 3.8 10 230 M M 1 1 17 230
2 97 72 85 M 0 20 0.00 M M 3.9 7 99 M M 1 M M
3 98 76 87 M 0 22 0.00 M M 4.0 9 200 M M 1 17 180
4 88 71 80 M 0 15 0.37 M M 3.9 13 20 M M 4 13 22 30
5 94 73 84 M 0 19 0.00 M M 2.5 10 240 M M 2 18 M M
6 92 75 84 M 0 19 0.00 M M 3.7 8 150 M M 2 M M
7 95 75 85 M 0 20 0.00 M M 2.7 7 99 M M 1 18 M M
8 94 74 84 M 0 19 0.00 M M 3.4 12 260 M M 3 17 260
9 91 72 82 M 0 17 T M M 2.8 12 40 M M 3 3 16 40
10 90 71 81 M 0 16 T M M 2.4 7 350 M M 5 12 M M
11 88 68 78 M 0 13 0.00 M M 4.1 8 110 M M 3 M M
12 90 64 77 M 0 12 0.00 M M 3.9 7 99 M M 3 8 M M
13 90 67 79 M 0 14 0.00 M M 1.8 5 99 M M 0 8 M M
14 98 63 81 M 0 16 0.00 M M 4.2 10 260 M M 0 M M
15 97 70 84 M 0 19 0.00 M M 3.5 10 110 M M 3 M M
16 80 69 75 M 0 10 0.16 M M 5.4 10 10 M M 6 13 16 99
17 74 65 70 M 0 5 0.54 M M 2.4 8 80 M M 8 1 M M
18 85 64 75 M 0 10 0.00 M M 1.6 6 50 M M 3 12 M M
19 87 60 74 M 0 9 0.00 M M 1.4 6 70 M M 0 18 M M
20 91 63 77 M 0 12 T M M 1.9 7 220 M M 1 8 M M
21 85 70 78 M 0 13 0.49 M M 4.7 10 220 M M 5 138 24 220
22 87 67 77 M 0 12 0.00 M M 3.4 9 70 M M 1 M M
23 86 65 76 M 0 11 0.00 M M 2.8 9 40 M M 3 M M
24 88 66 77 M 0 12 0.00 M M 3.0 10 60 M M 2 8 16 60
25 89 64 77 M 0 12 0.00 M M 1.7 7 130 M M 1 8 M M
26 91 63 77 M 0 12 0.00 M M 1.2 5 30 M M 0 M M
27 90 67 79 M 0 14 0.00 M M 1.8 7 100 M M 1 18 M M
28 91 71 81 M 0 16 0.00 M M 4.1 9 190 M M 2 8 18 190
29 93 71 82 M 0 17 0.31 M M 4.1 15 360 M M 4 13 22 360
30 91 68 80 M 0 15 0.01 M M 3.1 12 20 M M 3 1 M M
31 89 63 76 M 0 11 M M M 1.6 6 99 M M 0 M M
================================================================================
SM 2794 2118 0 450 1.88 M 94.8 M 72
================================================================================
AV 90.1 68.3 3.1 FASTST M M 2 MAX(MPH)
MISC ----> 15 360 24 220
================================================================================
NOTES:
# LAST OF SEVERAL OCCURRENCES
COLUMN 17 PEAK WIND IN M.P.H.
PRELIMINARY LOCAL CLIMATOLOGICAL DATA (WS FORM: F-6) , PAGE 2
STATION: FLIPPIN
MONTH: AUGUST
YEAR: 2022
LATITUDE: 36 17 N
LONGITUDE: 92 28 W
[TEMPERATURE DATA] [PRECIPITATION DATA] SYMBOLS USED IN COLUMN 16
AVERAGE MONTHLY: 79.2 TOTAL FOR MONTH: 1.88 1 = FOG OR MIST
DPTR FM NORMAL: 0.0 DPTR FM NORMAL: M 2 = FOG REDUCING VISIBILITY
HIGHEST: 98 ON 14, 3 GRTST 24HR 1.13 ON 16-17 TO 1/4 MILE OR LESS
LOWEST: 60 ON 19 3 = THUNDER
SNOW, ICE PELLETS, HAIL 4 = ICE PELLETS
TOTAL MONTH: M 5 = HAIL
GRTST 24HR M ON M 6 = FREEZING RAIN OR DRIZZLE
GRTST DEPTH: M ON M 7 = DUSTSTORM OR SANDSTORM:
VSBY 1/2 MILE OR LESS
8 = SMOKE OR HAZE
[NO. OF DAYS WITH] [WEATHER - DAYS WITH] 9 = BLOWING SNOW
X = TORNADO
MAX 32 OR BELOW: 0 0.01 INCH OR MORE: 6
MAX 90 OR ABOVE: 19 0.10 INCH OR MORE: 5
MIN 32 OR BELOW: 0 0.50 INCH OR MORE: 1
MIN 0 OR BELOW: 0 1.00 INCH OR MORE: 0
[HDD (BASE 65) ]
TOTAL THIS MO. 0 CLEAR (SCALE 0-3) 24
DPTR FM NORMAL M PTCLDY (SCALE 4-7) 6
TOTAL FM JUL 1 0 CLOUDY (SCALE 8-10) 1
DPTR FM NORMAL M
[CDD (BASE 65) ]
TOTAL THIS MO. 450
DPTR FM NORMAL M [PRESSURE DATA]
TOTAL FM JAN 1 1672 HIGHEST SLP 30.16 ON 12
DPTR FM NORMAL M LOWEST SLP 29.80 ON 28
[REMARKS]
#FINAL-08-22#