000
CXUS54 KLZK 011130
CF6FLP
PRELIMINARY LOCAL CLIMATOLOGICAL DATA (WS FORM: F-6)
STATION: FLIPPIN
MONTH: MAY
YEAR: 2021
LATITUDE: 36 17 N
LONGITUDE: 92 28 W
TEMPERATURE IN F: :PCPN: SNOW: WIND :SUNSHINE: SKY :PK WND
================================================================================
1 2 3 4 5 6A 6B 7 8 9 10 11 12 13 14 15 16 17 18
12Z AVG MX 2MIN
DY MAX MIN AVG DEP HDD CDD WTR SNW DPTH SPD SPD DIR MIN PSBL S-S WX SPD DR
================================================================================
1 82 49 66 M 0 1 0.10 M M 3.5 10 170 M M 0 17 170
2 68 60 64 M 1 0 0.08 M M 2.8 8 150 M M 8 1 M M
3 79 59 69 M 0 4 0.07 M M 2.6 13 290 M M 8 13 31 320
4 69 49 59 M 6 0 0.09 0.0 0 5.7 18 260 M M 8 3 27 260
5 72 42 57 M 8 0 0.00 0.0 0 2.2 10 280 M M 0 M M
6 75 44 60 M 5 0 0.09 0.0 0 7.4 22 290 M M 0 31 280
7 74 41 58 M 7 0 0.05 0.0 0 3.5 9 250 M M 3 M M
8 82 54 68 M 0 3 0.03 0.0 0 6.5 15 160 M M 5 3 22 160
9 76 51 64 M 1 0 0.05 M M 8.3 17 220 M M 8 1 28 220
10 64 49 57 M 8 0 0.05 M M 4.6 10 350 M M 8 M M
11 63 45 54 M 11 0 0.03 M M 3.8 9 90 M M 8 M M
12 71 51 61 M 4 0 0.03 M M 4.7 10 20 M M 7 M M
13 72 41 57 M 8 0 0.04 M M 2.0 7 30 M M 1 M M
14 74 41 58 M 7 0 0.03 M M 0.6 6 99 M M 0 M M
15 71 47 59 M 6 0 0.03 M M 2.6 8 170 M M 4 M M
16 80 58 69 M 0 4 0.02 M M 3.5 10 160 M M 5 16 160
17 69 63 66 M 0 1 0.03 M M 3.8 9 160 M M 9 20 99
18 77 64 71 M 0 6 0.04 0.0 0 4.8 10 110 M M 9 16 130
19 72 63 68 M 0 3 0.03 0.0 0 5.1 10 110 M M 10 16 180
20 76 65 71 M 0 6 0.14 0.0 0 4.0 9 130 M M 9 18 140
21 79 67 73 M 0 8 0.04 0.0 0 3.6 5 240 M M 6 M M
22 83 66 75 M 0 10 0.01 M M 2.1 9 170 M M 1 17 170
23 84 62 73 M 0 8 0.00 M M 2.2 9 100 M M 0 1 M M
24 85 60 73 M 0 8 0.00 M M 2.0 8 160 M M 0 M M
25 78 65 72 M 0 7 0.05 M M 2.6 7 220 M M 6 M M
26 86 64 75 M 0 10 0.06 M M 2.0 7 270 M M 3 18 M M
27 85 64 75 M 0 10 0.05 0.0 0 4.1 14 20 M M 4 13 24 99
28 73 56 65 M 0 0 0.08 0.0 0 7.4 15 290 M M 6 22 310
29 60 51 56 M 9 0 0.03 0.0 0 5.9 10 30 M M 10 M M
30 73 47 60 M 5 0 0.00 0.0 0 2.7 9 90 M M 2 M M
31 71 48 60 M 5 0 0.03 M M 1.4 5 99 M M 2 M M
================================================================================
SM 2323 1686 91 89 1.38 0.0 118.0 M 150
================================================================================
AV 74.9 54.4 3.8 FASTST M M 5 MAX(MPH)
MISC ----> 22 290 31 280
================================================================================
NOTES:
# LAST OF SEVERAL OCCURRENCES
COLUMN 17 PEAK WIND IN M.P.H.
PRELIMINARY LOCAL CLIMATOLOGICAL DATA (WS FORM: F-6) , PAGE 2
STATION: FLIPPIN
MONTH: MAY
YEAR: 2021
LATITUDE: 36 17 N
LONGITUDE: 92 28 W
[TEMPERATURE DATA] [PRECIPITATION DATA] SYMBOLS USED IN COLUMN 16
AVERAGE MONTHLY: 64.7 TOTAL FOR MONTH: 1.38 1 = FOG OR MIST
DPTR FM NORMAL: 0.0 DPTR FM NORMAL: M 2 = FOG REDUCING VISIBILITY
HIGHEST: 86 ON 26 GRTST 24HR 0.18 ON 30- 1 TO 1/4 MILE OR LESS
LOWEST: 41 ON 14,13 3 = THUNDER
SNOW, ICE PELLETS, HAIL 4 = ICE PELLETS
TOTAL MONTH: 0.0 INCH 5 = HAIL
GRTST 24HR 0.0 6 = FREEZING RAIN OR DRIZZLE
GRTST DEPTH: 0 7 = DUSTSTORM OR SANDSTORM:
VSBY 1/2 MILE OR LESS
8 = SMOKE OR HAZE
[NO. OF DAYS WITH] [WEATHER - DAYS WITH] 9 = BLOWING SNOW
X = TORNADO
MAX 32 OR BELOW: 0 0.01 INCH OR MORE: 27
MAX 90 OR ABOVE: 0 0.10 INCH OR MORE: 1
MIN 32 OR BELOW: 0 0.50 INCH OR MORE: 0
MIN 0 OR BELOW: 0 1.00 INCH OR MORE: 0
[HDD (BASE 65) ]
TOTAL THIS MO. 91 CLEAR (SCALE 0-3) 10
DPTR FM NORMAL M PTCLDY (SCALE 4-7) 15
TOTAL FM JUL 1 3839 CLOUDY (SCALE 8-10) 6
DPTR FM NORMAL M
[CDD (BASE 65) ]
TOTAL THIS MO. 89
DPTR FM NORMAL M [PRESSURE DATA]
TOTAL FM JAN 1 109 HIGHEST SLP 30.40 ON 13
DPTR FM NORMAL M LOWEST SLP 29.56 ON 9
[REMARKS]
#FINAL-05-21#