000
CXUS52 KTBW 040944
CF6FMY
PRELIMINARY LOCAL CLIMATOLOGICAL DATA (WS FORM: F-6)
STATION: FORT MYERS
MONTH: JUNE
YEAR: 2021
LATITUDE: 26 34 N
LONGITUDE: 81 52 W
TEMPERATURE IN F: :PCPN: SNOW: WIND :SUNSHINE: SKY :PK WND
================================================================================
1 2 3 4 5 6A 6B 7 8 9 10 11 12 13 14 15 16 17 18
12Z AVG MX 2MIN
DY MAX MIN AVG DEP HDD CDD WTR SNW DPTH SPD SPD DIR MIN PSBL S-S WX SPD DR
================================================================================
1 94 71 83 2 0 18 0.00 0.0 0 8.7 23 70 M M 2 30 60
2 94 71 83 2 0 18 4.77 0.0 0 5.8 21 80 M M 3 123 26 250
3 88 72 80 -2 0 15 0.18 0.0 0 6.6 22 150 M M 3 13 28 140
4 90 74 82 0 0 17 0.11 0.0 0 5.9 17 70 M M 4 13 25 70
5 91 73 82 0 0 17 0.13 0.0 0 6.5 17 160 M M 2 13 23 300
6 93 75 84 2 0 19 0.13 0.0 0 7.8 21 180 M M 1 13 28 180
7 94 76 85 3 0 20 0.00 0.0 0 7.6 16 130 M M 2 21 140
8 94 75 85 3 0 20 0.11 0.0 0 7.3 16 230 M M 3 13 28 150
9 95 73 84 2 0 19 0.00 0.0 0 7.7 16 250 M M 2 21 130
10 93 74 84 2 0 19 T 0.0 0 6.0 15 140 M M 2 25 240
11 92 76 84 2 0 19 T 0.0 0 5.9 14 240 M M 4 19 240
12 92 78 85 3 0 20 T 0.0 0 7.3 17 250 M M 2 25 240
13 91 79 85 3 0 20 0.00 0.0 0 9.0 18 270 M M 1 37 220
14 90 76 83 1 0 18 0.96 0.0 0 8.1 22 190 M M 3 138 30 200
15 90 75 83 1 0 18 T 0.0 0 7.5 16 340 M M 1 35 230
16 86 71 79 -3 0 14 1.06 0.0 0 5.1 15 140 M M 4 13 19 150
17 83 71 77 -5 0 12 0.03 0.0 0 4.0 9 160 M M 4 14 160
18 90 76 83 1 0 18 0.00 0.0 0 7.2 17 130 M M 0 27 120
19 93 77 85 2 0 20 0.00 0.0 0 7.2 14 220 M M 3 1 21 210
20 93 79 86 3 0 21 0.00 0.0 0 5.3 15 250 M M 1 19 250
21 92 77 85 2 0 20 0.01 0.0 0 6.5 16 210 M M 3 24 230
22 93 76 85 2 0 20 0.00 0.0 0 8.0 17 190 M M 1 27 250
23 93 74 84 1 0 19 0.76 0.0 0 4.8 24 270 M M 3 138 32 270
24 93 71 82 -1 0 17 1.20 0.0 0 6.1 41 100 M M 3 123 57 110
25 87 75 81 -2 0 16 0.36 0.0 0 7.1 29 100 M M 1 13 36 110
26 94 74 84 1 0 19 T 0.0 0 5.3 22 90 M M 2 3 28 90
27 94 77 86 3 0 21 0.00 0.0 0 7.1 20 40 M M 3 3 27 60
28 91 75 83 0 0 18 0.21 0.0 0 7.2 17 140 M M 2 138 24 150
29 91 74 83 0 0 18 0.85 0.0 0 6.4 18 190 M M 3 123 26 210
30 88 72 80 -3 0 15 0.71 0.0 0 5.0 22 80 M M 3 13 28 80
================================================================================
SM 2742 2237 0 545 11.58 0.0 200.0 M 71
================================================================================
AV 91.4 74.6 6.7 FASTST M M 2 MAX(MPH)
MISC ----> 41 100 57 110
================================================================================
NOTES:
# LAST OF SEVERAL OCCURRENCES
COLUMN 17 PEAK WIND IN M.P.H.
PRELIMINARY LOCAL CLIMATOLOGICAL DATA (WS FORM: F-6) , PAGE 2
STATION: FORT MYERS
MONTH: JUNE
YEAR: 2021
LATITUDE: 26 34 N
LONGITUDE: 81 52 W
[TEMPERATURE DATA] [PRECIPITATION DATA] SYMBOLS USED IN COLUMN 16
AVERAGE MONTHLY: 83.0 TOTAL FOR MONTH: 11.58 1 = FOG OR MIST
DPTR FM NORMAL: 0.7 DPTR FM NORMAL: 1.92 2 = FOG REDUCING VISIBILITY
HIGHEST: 95 ON 9 GRTST 24HR 4.90 ON 2- 3 TO 1/4 MILE OR LESS
LOWEST: 71 ON 24,17 3 = THUNDER
SNOW, ICE PELLETS, HAIL 4 = ICE PELLETS
TOTAL MONTH: 0.0 INCH 5 = HAIL
GRTST 24HR 0.0 6 = FREEZING RAIN OR DRIZZLE
GRTST DEPTH: 0 7 = DUSTSTORM OR SANDSTORM:
VSBY 1/2 MILE OR LESS
8 = SMOKE OR HAZE
[NO. OF DAYS WITH] [WEATHER - DAYS WITH] 9 = BLOWING SNOW
X = TORNADO
MAX 32 OR BELOW: 0 0.01 INCH OR MORE: 16
MAX 90 OR ABOVE: 25 0.10 INCH OR MORE: 14
MIN 32 OR BELOW: 0 0.50 INCH OR MORE: 7
MIN 0 OR BELOW: 0 1.00 INCH OR MORE: 3
[HDD (BASE 65) ]
TOTAL THIS MO. 0 CLEAR (SCALE 0-3) 24
DPTR FM NORMAL 0 PTCLDY (SCALE 4-7) 6
TOTAL FM JUL 1 193 CLOUDY (SCALE 8-10) 0
DPTR FM NORMAL -60
[CDD (BASE 65) ]
TOTAL THIS MO. 545
DPTR FM NORMAL 26 [PRESSURE DATA]
TOTAL FM JAN 1 1848 HIGHEST SLP 30.16 ON 9
DPTR FM NORMAL 200 LOWEST SLP 29.86 ON 13
[REMARKS]
#FINAL-06-21#