619
CXUS52 KTBW 071552
CF6FMY
PRELIMINARY LOCAL CLIMATOLOGICAL DATA (WS FORM: F-6)
STATION: Fort Myers
MONTH: MARCH
YEAR: 2020
LATITUDE: 26 34 N
LONGITUDE: 81 52 W
TEMPERATURE IN F: :PCPN: SNOW: WIND :SUNSHINE: SKY :PK WND
================================================================================
1 2 3 4 5 6A 6B 7 8 9 10 11 12 13 14 15 16 17 18
12Z AVG MX 2MIN
DY MAX MIN AVG DEP HDD CDD WTR SNW DPTH SPD SPD DIR MIN PSBL S-S WX SPD DR
================================================================================
1 77 46 62 -6 3 0 0.00 0.0 0 7.0 18 100 M M 1 24 100
2 81 55 68 0 0 3 0.00 0.0 0 7.0 20 150 M M 2 29 120
3 83 61 72 4 0 7 0.00 0.0 0 7.1 20 210 M M 1 28 210
4 87 64 76 8 0 11 T 0.0 0 7.1 20 210 M M 2 12 30 210
5 86 71 79 10 0 14 0.00 0.0 0 9.9 20 200 M M 4 1 34 210
6 78 61 70 1 0 5 0.01 0.0 0 12.0 20 350 M M 5 1 27 320
7 74 53 64 -5 1 0 0.00 0.0 0 13.4 22 30 M M 0 32 80
8 77 51 64 -5 1 0 0.00 0.0 0 11.5 24 110 M M 3 35 110
9 81 59 70 1 0 5 0.00 0.0 0 11.2 24 110 M M 7 33 100
10 83 63 73 4 0 8 0.00 0.0 0 9.1 17 90 M M 3 27 70
11 85 62 74 5 0 9 0.01 0.0 0 4.6 13 330 M M 4 28 330
12 86 64 75 6 0 10 0.00 0.0 0 3.7 14 270 M M 2 24 250
13 89 63 76 6 0 11 0.00 0.0 0 5.3 14 320 M M 1 28 330
14 90 64 77 7 0 12 T 0.0 0 6.3 15 260 M M 3 24 300
15 89 66 78 8 0 13 0.00 0.0 0 4.9 15 270 M M 4 1 24 90
16 89 66 78 8 0 13 0.00 0.0 0 6.9 16 100 M M 3 12 26 40
17 88 66 77 7 0 12 0.00 0.0 0 6.2 16 260 M M 4 25 190
18 91 65 78 8 0 13 0.00 0.0 0 7.6 17 90 M M 1 31 10
19 90 66 78 8 0 13 0.00 0.0 0 7.9 17 150 M M 3 M M
20 90 67 79 9 0 14 0.00 0.0 0 7.2 18 130 M M 2 25 120
21 89 66 78 8 0 13 0.00 0.0 0 5.6 16 260 M M 2 26 310
22 89 67 78 7 0 13 T 0.0 0 5.6 15 280 M M 2 29 320
23 88 67 78 7 0 13 0.00 0.0 0 5.2 17 280 M M 2 20 270
24 87 72 80 9 0 15 0.00 0.0 0 6.0 17 240 M M 3 31 220
25 86 68 77 6 0 12 0.00 0.0 0 7.3 17 250 M M 1 29 220
26 93 71 82 11 0 17 0.00 0.0 0 6.6 16 280 M M 1 1 31 310
27 94 68 81 10 0 16 0.00 0.0 0 4.1 14 250 M M 1 1 29 270
28 93 67 80 9 0 15 0.00 0.0 0 6.0 14 260 M M 0 24 110
29 91 67 79 7 0 14 0.00 0.0 0 5.2 15 280 M M 2 19 270
30 91 70 81 9 0 16 0.00 0.0 0 4.5 16 250 M M 1 20 240
31 88 74 81 9 0 16 0.00 0.0 0 10.4 21 260 M M 5 33 220
================================================================================
SM 2683 1990 5 333 0.02 0.0 222.4 M 75
================================================================================
AV 86.6 64.2 7.2 FASTST M M 2 MAX(MPH)
MISC ----> # 24 110 # 35 110
================================================================================
NOTES:
# LAST OF SEVERAL OCCURRENCES
COLUMN 17 PEAK WIND IN M.P.H.
PRELIMINARY LOCAL CLIMATOLOGICAL DATA (WS FORM: F-6) , PAGE 2
STATION: Fort Myers
MONTH: MARCH
YEAR: 2020
LATITUDE: 26 34 N
LONGITUDE: 81 52 W
[TEMPERATURE DATA] [PRECIPITATION DATA] SYMBOLS USED IN COLUMN 16
AVERAGE MONTHLY: 75.4 TOTAL FOR MONTH: 0.02 1 = FOG OR MIST
DPTR FM NORMAL: 5.5 DPTR FM NORMAL: -2.86 2 = FOG REDUCING VISIBILITY
HIGHEST: 94 ON 27 GRTST 24HR 0.01 ON 11-11 TO 1/4 MILE OR LESS
LOWEST: 46 ON 1 3 = THUNDER
SNOW, ICE PELLETS, HAIL 4 = ICE PELLETS
TOTAL MONTH: 0.0 INCH 5 = HAIL
GRTST 24HR 0.0 6 = FREEZING RAIN OR DRIZZLE
GRTST DEPTH: 0 7 = DUSTSTORM OR SANDSTORM:
VSBY 1/2 MILE OR LESS
8 = SMOKE OR HAZE
[NO. OF DAYS WITH] [WEATHER - DAYS WITH] 9 = BLOWING SNOW
X = TORNADO
MAX 32 OR BELOW: 0 0.01 INCH OR MORE: 2
MAX 90 OR ABOVE: 9 0.10 INCH OR MORE: 0
MIN 32 OR BELOW: 0 0.50 INCH OR MORE: 0
MIN 0 OR BELOW: 0 1.00 INCH OR MORE: 0
[HDD (BASE 65) ]
TOTAL THIS MO. 5 CLEAR (SCALE 0-3) 22
DPTR FM NORMAL -19 PTCLDY (SCALE 4-7) 9
TOTAL FM JUL 1 107 CLOUDY (SCALE 8-10) 0
DPTR FM NORMAL -177
[CDD (BASE 65) ]
TOTAL THIS MO. 333
DPTR FM NORMAL 157 [PRESSURE DATA]
TOTAL FM JAN 1 670 HIGHEST SLP 30.46 ON 9
DPTR FM NORMAL 309 LOWEST SLP 29.77 ON 31
[REMARKS]
#FINAL-03-20#