000
CXUS53 KOAX 010930
CF6FNB
PRELIMINARY LOCAL CLIMATOLOGICAL DATA (WS FORM: F-6)
STATION: FALLS CITY NE
MONTH: SEPTEMBER
YEAR: 2022
LATITUDE: 40 4 N
LONGITUDE: 95 35 W
TEMPERATURE IN F: :PCPN: SNOW: WIND :SUNSHINE: SKY :PK WND
================================================================================
1 2 3 4 5 6A 6B 7 8 9 10 11 12 13 14 15 16 17 18
12Z AVG MX 2MIN
DY MAX MIN AVG DEP HDD CDD WTR SNW DPTH SPD SPD DIR MIN PSBL S-S WX SPD DR
================================================================================
1 86 64 75 3 0 10 0.00 M M 4.9 14 300 M M 1 8 17 290
2 93 63 78 6 0 13 0.00 M M 7.9 15 150 M M 0 21 170
3 83 60 72 1 0 7 0.00 M M 7.5 17 350 M M 2 25 20
4 81 57 69 -2 0 4 0.00 M M 5.9 12 80 M M 4 18 50
5 82 60 71 0 0 6 0.00 M M 4.8 12 90 M M 4 12 16 80
6 88 59 74 4 0 9 0.00 M M 6.8 17 110 M M 1 12 22 110
7 86 61 74 4 0 9 0.00 M M 3.5 12 110 M M 0 18 17 110
8 89 59 74 4 0 9 0.00 M M 8.0 17 160 M M 0 23 190
9 92 58 75 5 0 10 0.00 M M 6.6 22 340 M M 0 18 31 340
10 64 55 60 -9 5 0 0.84 M M 8.5 18 350 M M 7 13 28 350
11 78 47 63 -6 2 0 0.00 M M 5.8 16 310 M M 0 29 310
12 86 46 66 -2 0 1 0.00 M M 4.2 15 310 M M 0 21 300
13 91 53 72 4 0 7 0.00 M M 4.5 12 160 M M 0 17 110
14 90 57 74 6 0 9 0.00 M M 8.1 21 160 M M 0 29 160
15 85 59 72 4 0 7 0.00 M M 11.3 23 160 M M 0 34 200
16 82 62 72 5 0 7 0.15 M M 8.7 20 170 M M 6 13 27 170
17 91 67 79 12 0 14 0.11 M M 9.8 25 150 M M 3 13 33 140
18 93 63 78 12 0 13 0.06 M M 7.5 20 200 M M 0 13 28 190
19 98 66 82 16 0 17 0.00 M M 6.4 17 180 M M 1 12 26 190
20 100 74 87 21 0 22 0.00 M M 12.2 22 210 M M 0 33 210
21 84 57 71 6 0 6 0.05 M M 8.9 20 10 M M 5 3 29 40
22 63 55 59 -6 6 0 0.02 M M 5.5 14 70 M M 2 19 70
23 60 53 57 -7 8 0 0.30 M M 4.8 14 140 M M 10 12 19 140
24 88 46 67 3 0 2 0.00 M M 6.3 18 290 M M 2 12 28 260
25 79 52 66 2 0 1 0.00 M M 9.9 25 340 M M 0 40 350
26 75 43 59 -4 6 0 0.00 M M 6.9 17 310 M M 0 26 310
27 82 42 62 -1 3 0 0.00 M M 4.8 15 60 M M 0 20 60
28 71 44 58 -4 7 0 0.00 M M 7.5 16 80 M M 0 8 21 90
29 74 41 58 -4 7 0 0.00 M M 8.3 17 120 M M 0 26 110
30 78 45 62 0 3 0 0.00 M M 8.6 21 150 M M 0 8 26 150
================================================================================
SM 2492 1668 47 183 1.53 M 214.4 M 48
================================================================================
AV 83.1 55.6 7.1 FASTST M M 2 MAX(MPH)
MISC ----> # 25 150 40 350
================================================================================
NOTES:
# LAST OF SEVERAL OCCURRENCES
COLUMN 17 PEAK WIND IN M.P.H.
PRELIMINARY LOCAL CLIMATOLOGICAL DATA (WS FORM: F-6) , PAGE 2
STATION: FALLS CITY NE
MONTH: SEPTEMBER
YEAR: 2022
LATITUDE: 40 4 N
LONGITUDE: 95 35 W
[TEMPERATURE DATA] [PRECIPITATION DATA] SYMBOLS USED IN COLUMN 16
AVERAGE MONTHLY: 69.3 TOTAL FOR MONTH: 1.53 1 = FOG OR MIST
DPTR FM NORMAL: 2.2 DPTR FM NORMAL: -1.81 2 = FOG REDUCING VISIBILITY
HIGHEST: 100 ON 20 GRTST 24HR 0.84 ON 10-10 TO 1/4 MILE OR LESS
LOWEST: 41 ON 29 3 = THUNDER
SNOW, ICE PELLETS, HAIL 4 = ICE PELLETS
TOTAL MONTH: M 5 = HAIL
GRTST 24HR M ON M 6 = FREEZING RAIN OR DRIZZLE
GRTST DEPTH: M ON M 7 = DUSTSTORM OR SANDSTORM:
VSBY 1/2 MILE OR LESS
8 = SMOKE OR HAZE
[NO. OF DAYS WITH] [WEATHER - DAYS WITH] 9 = BLOWING SNOW
X = TORNADO
MAX 32 OR BELOW: 0 0.01 INCH OR MORE: 7
MAX 90 OR ABOVE: 8 0.10 INCH OR MORE: 4
MIN 32 OR BELOW: 0 0.50 INCH OR MORE: 1
MIN 0 OR BELOW: 0 1.00 INCH OR MORE: 0
[HDD (BASE 65) ]
TOTAL THIS MO. 47 CLEAR (SCALE 0-3) 24
DPTR FM NORMAL -29 PTCLDY (SCALE 4-7) 5
TOTAL FM JUL 1 47 CLOUDY (SCALE 8-10) 1
DPTR FM NORMAL -36
[CDD (BASE 65) ]
TOTAL THIS MO. 183
DPTR FM NORMAL 44 [PRESSURE DATA]
TOTAL FM JAN 1 1419 HIGHEST SLP 30.44 ON 28
DPTR FM NORMAL 204 LOWEST SLP 29.73 ON 17
[REMARKS]
#FINAL-09-22#