000
CXUS54 KMAF 011110
CF6FST
PRELIMINARY LOCAL CLIMATOLOGICAL DATA (WS FORM: F-6)
STATION: FORT STOCKTON
MONTH: MAY
YEAR: 2022
LATITUDE: 30 55 N
LONGITUDE: 102 55 W
TEMPERATURE IN F: :PCPN: SNOW: WIND :SUNSHINE: SKY :PK WND
================================================================================
1 2 3 4 5 6A 6B 7 8 9 10 11 12 13 14 15 16 17 18
12Z AVG MX 2MIN
DY MAX MIN AVG DEP HDD CDD WTR SNW DPTH SPD SPD DIR MIN PSBL S-S WX SPD DR
================================================================================
1 87 65 76 5 0 11 T M M 18.9 41 40 M M 3 138 52 40
2 94 65 80 9 0 15 0.00 M M 11.7 30 170 M M 0 39 160
3 86 57 72 0 0 7 0.00 M M 12.1 25 150 M M 0 35 160
4 93 68 81 9 0 16 0.00 M M 12.7 25 160 M M 0 8 32 160
5 86 59 73 1 0 8 0.00 M M 10.8 21 310 M M 1 26 320
6 99 62 81 9 0 16 0.00 M M 12.6 28 290 M M 0 38 260
7 104 68 86 13 0 21 0.00 M M 12.3 25 240 M M 0 31 250
8 103 69 86 13 0 21 0.00 M M 12.4 24 230 M M 0 34 250
9 103 66 85 12 0 20 0.00 M M 9.5 21 260 M M 0 8 32 240
10 93 61 77 3 0 12 0.47 M M 12.8 54 200 M M 1 138 65 190
11 94 68 81 7 0 16 T M M 20.6 40 150 M M 0 3 54 150
12 96 70 83 9 0 18 0.01 M M 12.6 38 180 M M 0 3 48 180
13 97 65 81 6 0 16 0.00 M M 7.3 17 160 M M 0 23 150
14 98 66 82 7 0 17 0.00 M M 10.5 23 160 M M 0 30 160
15 103 64 84 9 0 19 0.00 M M 9.9 20 160 M M 0 26 160
16 104 68 86 10 0 21 0.00 M M 11.1 21 140 M M 0 28 140
17 106 77 92 16 0 27 T M M 14.3 25 130 M M 0 3 36 140
18 102 70 86 10 0 21 0.00 M M 12.7 26 320 M M 0 34 330
19 105 67 86 9 0 21 0.00 M M 10.7 23 240 M M 0 32 250
20 98 70 84 7 0 19 0.00 M M 12.0 28 300 M M 0 33 300
21 84 66 75 -2 0 10 0.00 M M 11.5 32 320 M M 5 8 40 320
22 74 57 66 -12 0 1 0.00 M M 10.1 24 80 M M 5 32 80
23 87 64 76 -2 0 11 T M M 16.1 40 210 M M 1 8 50 210
24 92 63 78 0 0 13 M M M 15.4 37 350 M M 0 8 51 350
25 92 55 74 -4 0 9 M M M 9.0 40 360 M M 0 8 58 350
26 96 59 78 -1 0 13 0.00 M M 7.5 15 160 M M 0 8 21 10
27 100 69 85 6 0 20 0.00 M M 15.7 24 150 M M 0 33 120
28 105 70 88 9 0 23 0.00 M M 13.7 29 160 M M 0 3 40 140
29 105 72 89 9 0 24 0.00 M M 15.1 30 220 M M 0 39 220
30 101 71 86 6 0 21 0.00 M M 12.5 25 130 M M 0 34 120
31 98 74 86 6 0 21 0.34 M M 18.0 33 180 M M 1 3 43 170
================================================================================
SM 2985 2045 0 508 0.82 M 392.1 M 17
================================================================================
AV 96.3 66.0 12.6 FASTST M M 1 MAX(MPH)
MISC ----> 54 200 65 190
================================================================================
NOTES:
# LAST OF SEVERAL OCCURRENCES
COLUMN 17 PEAK WIND IN M.P.H.
PRELIMINARY LOCAL CLIMATOLOGICAL DATA (WS FORM: F-6) , PAGE 2
STATION: FORT STOCKTON
MONTH: MAY
YEAR: 2022
LATITUDE: 30 55 N
LONGITUDE: 102 55 W
[TEMPERATURE DATA] [PRECIPITATION DATA] SYMBOLS USED IN COLUMN 16
AVERAGE MONTHLY: 81.1 TOTAL FOR MONTH: 0.82 1 = FOG OR MIST
DPTR FM NORMAL: 5.5 DPTR FM NORMAL: -0.83 2 = FOG REDUCING VISIBILITY
HIGHEST: 106 ON 17 GRTST 24HR 0.47 ON 10-10 TO 1/4 MILE OR LESS
LOWEST: 55 ON 25 3 = THUNDER
SNOW, ICE PELLETS, HAIL 4 = ICE PELLETS
TOTAL MONTH: M 5 = HAIL
GRTST 24HR M ON M 6 = FREEZING RAIN OR DRIZZLE
GRTST DEPTH: M ON M 7 = DUSTSTORM OR SANDSTORM:
VSBY 1/2 MILE OR LESS
8 = SMOKE OR HAZE
[NO. OF DAYS WITH] [WEATHER - DAYS WITH] 9 = BLOWING SNOW
X = TORNADO
MAX 32 OR BELOW: 0 0.01 INCH OR MORE: 3
MAX 90 OR ABOVE: 25 0.10 INCH OR MORE: 2
MIN 32 OR BELOW: 0 0.50 INCH OR MORE: 0
MIN 0 OR BELOW: 0 1.00 INCH OR MORE: 0
[HDD (BASE 65) ]
TOTAL THIS MO. 0 CLEAR (SCALE 0-3) 29
DPTR FM NORMAL -12 PTCLDY (SCALE 4-7) 2
TOTAL FM JUL 1 1669 CLOUDY (SCALE 8-10) 0
DPTR FM NORMAL -307
[CDD (BASE 65) ]
TOTAL THIS MO. 508
DPTR FM NORMAL 168 [PRESSURE DATA]
TOTAL FM JAN 1 779 HIGHEST SLP 30.23 ON 22
DPTR FM NORMAL 244 LOWEST SLP 29.35 ON 29
[REMARKS]
#FINAL-05-22#